[INFO] cloning repository https://github.com/maroider/syringe
[INFO] running `Command { std: "git" "-c" "credential.helper=" "-c" "credential.helper=/workspace/cargo-home/bin/git-credential-null" "clone" "--bare" "https://github.com/maroider/syringe" "/workspace/cache/git-repos/https%3A%2F%2Fgithub.com%2Fmaroider%2Fsyringe", kill_on_drop: false }`
[INFO] [stderr] Cloning into bare repository '/workspace/cache/git-repos/https%3A%2F%2Fgithub.com%2Fmaroider%2Fsyringe'...
[INFO] running `Command { std: "git" "rev-parse" "HEAD", kill_on_drop: false }`
[INFO] [stdout] 8b3768b7570a98c9e9b22ab1863370e0feeaebee
[INFO] testing maroider/syringe against 1.54.0 for beta-1.55-1
[INFO] running `Command { std: "git" "clone" "/workspace/cache/git-repos/https%3A%2F%2Fgithub.com%2Fmaroider%2Fsyringe" "/workspace/builds/worker-12/source", kill_on_drop: false }`
[INFO] [stderr] Cloning into '/workspace/builds/worker-12/source'...
[INFO] [stderr] done.
[INFO] validating manifest of git repo https://github.com/maroider/syringe on toolchain 1.54.0
[INFO] running `Command { std: "/workspace/cargo-home/bin/cargo" "+1.54.0" "metadata" "--manifest-path" "Cargo.toml" "--no-deps", kill_on_drop: false }`
[INFO] started tweaking git repo https://github.com/maroider/syringe
[INFO] finished tweaking git repo https://github.com/maroider/syringe
[INFO] tweaked toml for git repo https://github.com/maroider/syringe written to /workspace/builds/worker-12/source/Cargo.toml
[INFO] crate git repo https://github.com/maroider/syringe already has a lockfile, it will not be regenerated
[INFO] running `Command { std: "/workspace/cargo-home/bin/cargo" "+1.54.0" "fetch" "--manifest-path" "Cargo.toml", kill_on_drop: false }`
[INFO] [stderr]     Blocking waiting for file lock on package cache
[INFO] running `Command { std: "docker" "create" "-v" "/var/lib/crater-agent-workspace/builds/worker-12/target:/opt/rustwide/target:rw,Z" "-v" "/var/lib/crater-agent-workspace/builds/worker-12/source:/opt/rustwide/workdir:ro,Z" "-v" "/var/lib/crater-agent-workspace/cargo-home:/opt/rustwide/cargo-home:ro,Z" "-v" "/var/lib/crater-agent-workspace/rustup-home:/opt/rustwide/rustup-home:ro,Z" "-e" "SOURCE_DIR=/opt/rustwide/workdir" "-e" "CARGO_TARGET_DIR=/opt/rustwide/target" "-e" "CARGO_HOME=/opt/rustwide/cargo-home" "-e" "RUSTUP_HOME=/opt/rustwide/rustup-home" "-w" "/opt/rustwide/workdir" "-m" "1610612736" "--user" "0:0" "--network" "none" "ghcr.io/rust-lang/crates-build-env/linux@sha256:34b6a614d2c27851fe6cbf88fbd1137609cefab8b10d0615aaeb6fd47975d74e" "/opt/rustwide/cargo-home/bin/cargo" "+1.54.0" "metadata" "--no-deps" "--format-version=1", kill_on_drop: false }`
[INFO] [stdout] ef17c9ed1f3249193c9f909d46a530c33dad083e9727bf7f10869e3fc7474d49
[INFO] running `Command { std: "docker" "start" "-a" "ef17c9ed1f3249193c9f909d46a530c33dad083e9727bf7f10869e3fc7474d49", kill_on_drop: false }`
[INFO] running `Command { std: "docker" "inspect" "ef17c9ed1f3249193c9f909d46a530c33dad083e9727bf7f10869e3fc7474d49", kill_on_drop: false }`
[INFO] running `Command { std: "docker" "rm" "-f" "ef17c9ed1f3249193c9f909d46a530c33dad083e9727bf7f10869e3fc7474d49", kill_on_drop: false }`
[INFO] [stdout] ef17c9ed1f3249193c9f909d46a530c33dad083e9727bf7f10869e3fc7474d49
[INFO] running `Command { std: "docker" "create" "-v" "/var/lib/crater-agent-workspace/builds/worker-12/target:/opt/rustwide/target:rw,Z" "-v" "/var/lib/crater-agent-workspace/builds/worker-12/source:/opt/rustwide/workdir:ro,Z" "-v" "/var/lib/crater-agent-workspace/cargo-home:/opt/rustwide/cargo-home:ro,Z" "-v" "/var/lib/crater-agent-workspace/rustup-home:/opt/rustwide/rustup-home:ro,Z" "-e" "SOURCE_DIR=/opt/rustwide/workdir" "-e" "CARGO_TARGET_DIR=/opt/rustwide/target" "-e" "CARGO_INCREMENTAL=0" "-e" "RUST_BACKTRACE=full" "-e" "RUSTFLAGS=--cap-lints=warn" "-e" "CARGO_HOME=/opt/rustwide/cargo-home" "-e" "RUSTUP_HOME=/opt/rustwide/rustup-home" "-w" "/opt/rustwide/workdir" "-m" "1610612736" "--user" "0:0" "--network" "none" "ghcr.io/rust-lang/crates-build-env/linux@sha256:34b6a614d2c27851fe6cbf88fbd1137609cefab8b10d0615aaeb6fd47975d74e" "/opt/rustwide/cargo-home/bin/cargo" "+1.54.0" "build" "--frozen" "--message-format=json", kill_on_drop: false }`
[INFO] [stdout] 6d1b05a9aac28c010c67721be9477879b248bc88ea794eea6869347b3e940685
[INFO] running `Command { std: "docker" "start" "-a" "6d1b05a9aac28c010c67721be9477879b248bc88ea794eea6869347b3e940685", kill_on_drop: false }`
[INFO] [stderr]    Compiling winapi v0.3.8
[INFO] [stderr]    Compiling syringe v0.1.0 (/opt/rustwide/workdir)
[INFO] [stdout] error[E0433]: failed to resolve: could not find `windows` in `os`
[INFO] [stdout]  --> src/lib.rs:5:9
[INFO] [stdout]   |
[INFO] [stdout] 5 |     os::windows::ffi::{OsStrExt, OsStringExt},
[INFO] [stdout]   |         ^^^^^^^ could not find `windows` in `os`
[INFO] [stdout] 
[INFO] [stdout] 
[INFO] [stdout] error[E0433]: failed to resolve: could not find `shared` in `winapi`
[INFO] [stdout]   --> src/lib.rs:12:5
[INFO] [stdout]    |
[INFO] [stdout] 12 |     shared::minwindef::FALSE,
[INFO] [stdout]    |     ^^^^^^ could not find `shared` in `winapi`
[INFO] [stdout] 
[INFO] [stdout] 
[INFO] [stdout] error[E0433]: failed to resolve: could not find `um` in `winapi`
[INFO] [stdout]   --> src/lib.rs:13:5
[INFO] [stdout]    |
[INFO] [stdout] 13 |     um::{
[INFO] [stdout]    |     ^^ could not find `um` in `winapi`
[INFO] [stdout] 
[INFO] [stdout] 
[INFO] [stdout] error[E0432]: unresolved import `winapi::ctypes`
[INFO] [stdout]   --> src/lib.rs:11:5
[INFO] [stdout]    |
[INFO] [stdout] 11 |     ctypes::{c_char, c_void},
[INFO] [stdout]    |     ^^^^^^ could not find `ctypes` in `winapi`
[INFO] [stdout] 
[INFO] [stdout] 
[INFO] [stdout] error[E0425]: cannot find function, tuple struct or tuple variant `OpenProcess` in this scope
[INFO] [stdout]   --> src/lib.rs:38:22
[INFO] [stdout]    |
[INFO] [stdout] 38 |         let handle = OpenProcess(
[INFO] [stdout]    |                      ^^^^^^^^^^^ not found in this scope
[INFO] [stdout] 
[INFO] [stdout] 
[INFO] [stdout] error[E0425]: cannot find value `PROCESS_CREATE_THREAD` in this scope
[INFO] [stdout]   --> src/lib.rs:39:13
[INFO] [stdout]    |
[INFO] [stdout] 39 |             PROCESS_CREATE_THREAD
[INFO] [stdout]    |             ^^^^^^^^^^^^^^^^^^^^^ not found in this scope
[INFO] [stdout] 
[INFO] [stdout] 
[INFO] [stdout] error[E0425]: cannot find value `PROCESS_QUERY_INFORMATION` in this scope
[INFO] [stdout]   --> src/lib.rs:40:19
[INFO] [stdout]    |
[INFO] [stdout] 40 |                 | PROCESS_QUERY_INFORMATION
[INFO] [stdout]    |                   ^^^^^^^^^^^^^^^^^^^^^^^^^ not found in this scope
[INFO] [stdout] 
[INFO] [stdout] 
[INFO] [stdout] error[E0425]: cannot find value `PROCESS_VM_OPERATION` in this scope
[INFO] [stdout]   --> src/lib.rs:41:19
[INFO] [stdout]    |
[INFO] [stdout] 41 |                 | PROCESS_VM_OPERATION
[INFO] [stdout]    |                   ^^^^^^^^^^^^^^^^^^^^ not found in this scope
[INFO] [stdout] 
[INFO] [stdout] 
[INFO] [stdout] error[E0425]: cannot find value `PROCESS_VM_WRITE` in this scope
[INFO] [stdout]   --> src/lib.rs:42:19
[INFO] [stdout]    |
[INFO] [stdout] 42 |                 | PROCESS_VM_WRITE
[INFO] [stdout]    |                   ^^^^^^^^^^^^^^^^ not found in this scope
[INFO] [stdout] 
[INFO] [stdout] 
[INFO] [stdout] error[E0425]: cannot find value `PROCESS_VM_READ` in this scope
[INFO] [stdout]   --> src/lib.rs:43:19
[INFO] [stdout]    |
[INFO] [stdout] 43 |                 | PROCESS_VM_READ,
[INFO] [stdout]    |                   ^^^^^^^^^^^^^^^ not found in this scope
[INFO] [stdout] 
[INFO] [stdout] 
[INFO] [stdout] error[E0425]: cannot find value `FALSE` in this scope
[INFO] [stdout]   --> src/lib.rs:44:13
[INFO] [stdout]    |
[INFO] [stdout] 44 |             FALSE,
[INFO] [stdout]    |             ^^^^^ not found in this scope
[INFO] [stdout] 
[INFO] [stdout] 
[INFO] [stdout] error[E0425]: cannot find function, tuple struct or tuple variant `VirtualAllocEx` in this scope
[INFO] [stdout]   --> src/lib.rs:60:13
[INFO] [stdout]    |
[INFO] [stdout] 60 |             VirtualAllocEx(
[INFO] [stdout]    |             ^^^^^^^^^^^^^^ not found in this scope
[INFO] [stdout] 
[INFO] [stdout] 
[INFO] [stdout] error[E0425]: cannot find value `MEM_COMMIT` in this scope
[INFO] [stdout]   --> src/lib.rs:64:17
[INFO] [stdout]    |
[INFO] [stdout] 64 |                 MEM_COMMIT | MEM_RESERVE,
[INFO] [stdout]    |                 ^^^^^^^^^^ not found in this scope
[INFO] [stdout] 
[INFO] [stdout] 
[INFO] [stdout] error[E0425]: cannot find value `MEM_RESERVE` in this scope
[INFO] [stdout]   --> src/lib.rs:64:30
[INFO] [stdout]    |
[INFO] [stdout] 64 |                 MEM_COMMIT | MEM_RESERVE,
[INFO] [stdout]    |                              ^^^^^^^^^^^ not found in this scope
[INFO] [stdout] 
[INFO] [stdout] 
[INFO] [stdout] error[E0425]: cannot find value `PAGE_EXECUTE_READWRITE` in this scope
[INFO] [stdout]   --> src/lib.rs:65:17
[INFO] [stdout]    |
[INFO] [stdout] 65 |                 PAGE_EXECUTE_READWRITE,
[INFO] [stdout]    |                 ^^^^^^^^^^^^^^^^^^^^^^ not found in this scope
[INFO] [stdout] 
[INFO] [stdout] 
[INFO] [stdout] error[E0425]: cannot find function, tuple struct or tuple variant `WriteProcessMemory` in this scope
[INFO] [stdout]   --> src/lib.rs:77:9
[INFO] [stdout]    |
[INFO] [stdout] 77 |         WriteProcessMemory(
[INFO] [stdout]    |         ^^^^^^^^^^^^^^^^^^ not found in this scope
[INFO] [stdout] 
[INFO] [stdout] 
[INFO] [stdout] error[E0425]: cannot find function, tuple struct or tuple variant `GetProcAddress` in this scope
[INFO] [stdout]   --> src/lib.rs:94:13
[INFO] [stdout]    |
[INFO] [stdout] 94 |             GetProcAddress(
[INFO] [stdout]    |             ^^^^^^^^^^^^^^ not found in this scope
[INFO] [stdout] 
[INFO] [stdout] 
[INFO] [stdout] error[E0425]: cannot find function, tuple struct or tuple variant `GetModuleHandleA` in this scope
[INFO] [stdout]   --> src/lib.rs:95:17
[INFO] [stdout]    |
[INFO] [stdout] 95 |                 GetModuleHandleA("Kernel32\0".as_ptr() as *const c_char),
[INFO] [stdout]    |                 ^^^^^^^^^^^^^^^^ not found in this scope
[INFO] [stdout] 
[INFO] [stdout] 
[INFO] [stdout] error[E0425]: cannot find function, tuple struct or tuple variant `CreateRemoteThread` in this scope
[INFO] [stdout]    --> src/lib.rs:108:13
[INFO] [stdout]     |
[INFO] [stdout] 108 |             CreateRemoteThread(
[INFO] [stdout]     |             ^^^^^^^^^^^^^^^^^^ not found in this scope
[INFO] [stdout] 
[INFO] [stdout] 
[INFO] [stdout] error[E0412]: cannot find type `LPTHREAD_START_ROUTINE` in this scope
[INFO] [stdout]    --> src/lib.rs:112:37
[INFO] [stdout]     |
[INFO] [stdout] 36  | pub fn inject_dll(pid: u32, dll: &Path) -> WinapiResult<()> {
[INFO] [stdout]     |                  - help: you might be missing a type parameter: `<LPTHREAD_START_ROUTINE>`
[INFO] [stdout] ...
[INFO] [stdout] 112 |                 mem::transmute::<_, LPTHREAD_START_ROUTINE>(load_library_w_function_address),
[INFO] [stdout]     |                                     ^^^^^^^^^^^^^^^^^^^^^^ not found in this scope
[INFO] [stdout] 
[INFO] [stdout] 
[INFO] [stdout] error[E0425]: cannot find function, tuple struct or tuple variant `WaitForSingleObject` in this scope
[INFO] [stdout]    --> src/lib.rs:127:17
[INFO] [stdout]     |
[INFO] [stdout] 127 |     if unsafe { WaitForSingleObject(thread, INFINITE) } == WAIT_FAILED {
[INFO] [stdout]     |                 ^^^^^^^^^^^^^^^^^^^ not found in this scope
[INFO] [stdout] 
[INFO] [stdout] 
[INFO] [stdout] error[E0425]: cannot find value `INFINITE` in this scope
[INFO] [stdout]    --> src/lib.rs:127:45
[INFO] [stdout]     |
[INFO] [stdout] 127 |     if unsafe { WaitForSingleObject(thread, INFINITE) } == WAIT_FAILED {
[INFO] [stdout]     |                                             ^^^^^^^^ not found in this scope
[INFO] [stdout] 
[INFO] [stdout] 
[INFO] [stdout] error[E0425]: cannot find value `WAIT_FAILED` in this scope
[INFO] [stdout]    --> src/lib.rs:127:60
[INFO] [stdout]     |
[INFO] [stdout] 127 |     if unsafe { WaitForSingleObject(thread, INFINITE) } == WAIT_FAILED {
[INFO] [stdout]     |                                                            ^^^^^^^^^^^ not found in this scope
[INFO] [stdout] 
[INFO] [stdout] 
[INFO] [stdout] error[E0425]: cannot find function, tuple struct or tuple variant `VirtualFreeEx` in this scope
[INFO] [stdout]    --> src/lib.rs:136:9
[INFO] [stdout]     |
[INFO] [stdout] 136 |         VirtualFreeEx(
[INFO] [stdout]     |         ^^^^^^^^^^^^^ not found in this scope
[INFO] [stdout] 
[INFO] [stdout] 
[INFO] [stdout] error[E0425]: cannot find value `MEM_RELEASE` in this scope
[INFO] [stdout]    --> src/lib.rs:140:13
[INFO] [stdout]     |
[INFO] [stdout] 140 |             MEM_RELEASE,
[INFO] [stdout]     |             ^^^^^^^^^^^ not found in this scope
[INFO] [stdout] 
[INFO] [stdout] 
[INFO] [stdout] error[E0425]: cannot find function, tuple struct or tuple variant `CloseHandle` in this scope
[INFO] [stdout]    --> src/lib.rs:145:14
[INFO] [stdout]     |
[INFO] [stdout] 145 |     unsafe { CloseHandle(thread) };
[INFO] [stdout]     |              ^^^^^^^^^^^ not found in this scope
[INFO] [stdout] 
[INFO] [stdout] 
[INFO] [stdout] error[E0425]: cannot find function, tuple struct or tuple variant `CloseHandle` in this scope
[INFO] [stdout]    --> src/lib.rs:148:14
[INFO] [stdout]     |
[INFO] [stdout] 148 |     unsafe { CloseHandle(process_handle) };
[INFO] [stdout]     |              ^^^^^^^^^^^ not found in this scope
[INFO] [stdout] 
[INFO] [stdout] 
[INFO] [stdout] error[E0425]: cannot find function, tuple struct or tuple variant `GetLastError` in this scope
[INFO] [stdout]    --> src/lib.rs:163:29
[INFO] [stdout]     |
[INFO] [stdout] 163 |         let code = unsafe { GetLastError() };
[INFO] [stdout]     |                             ^^^^^^^^^^^^ not found in this scope
[INFO] [stdout] 
[INFO] [stdout] 
[INFO] [stdout] error[E0425]: cannot find function, tuple struct or tuple variant `FormatMessageW` in this scope
[INFO] [stdout]    --> src/lib.rs:174:13
[INFO] [stdout]     |
[INFO] [stdout] 174 |             FormatMessageW(
[INFO] [stdout]     |             ^^^^^^^^^^^^^^ not found in this scope
[INFO] [stdout] 
[INFO] [stdout] 
[INFO] [stdout] error[E0425]: cannot find value `FORMAT_MESSAGE_ALLOCATE_BUFFER` in this scope
[INFO] [stdout]    --> src/lib.rs:175:17
[INFO] [stdout]     |
[INFO] [stdout] 175 |                 FORMAT_MESSAGE_ALLOCATE_BUFFER
[INFO] [stdout]     |                 ^^^^^^^^^^^^^^^^^^^^^^^^^^^^^^ not found in this scope
[INFO] [stdout] 
[INFO] [stdout] 
[INFO] [stdout] error[E0425]: cannot find value `FORMAT_MESSAGE_FROM_SYSTEM` in this scope
[INFO] [stdout]    --> src/lib.rs:176:23
[INFO] [stdout]     |
[INFO] [stdout] 176 |                     | FORMAT_MESSAGE_FROM_SYSTEM
[INFO] [stdout]     |                       ^^^^^^^^^^^^^^^^^^^^^^^^^^ not found in this scope
[INFO] [stdout] 
[INFO] [stdout] 
[INFO] [stdout] error[E0425]: cannot find value `FORMAT_MESSAGE_IGNORE_INSERTS` in this scope
[INFO] [stdout]    --> src/lib.rs:177:23
[INFO] [stdout]     |
[INFO] [stdout] 177 |                     | FORMAT_MESSAGE_IGNORE_INSERTS,
[INFO] [stdout]     |                       ^^^^^^^^^^^^^^^^^^^^^^^^^^^^^ not found in this scope
[INFO] [stdout] 
[INFO] [stdout] 
[INFO] [stdout] error[E0425]: cannot find function, tuple struct or tuple variant `MAKELANGID` in this scope
[INFO] [stdout]    --> src/lib.rs:180:17
[INFO] [stdout]     |
[INFO] [stdout] 180 |                 MAKELANGID(LANG_NEUTRAL, SUBLANG_DEFAULT) as u32,
[INFO] [stdout]     |                 ^^^^^^^^^^ not found in this scope
[INFO] [stdout] 
[INFO] [stdout] 
[INFO] [stdout] error[E0425]: cannot find value `LANG_NEUTRAL` in this scope
[INFO] [stdout]    --> src/lib.rs:180:28
[INFO] [stdout]     |
[INFO] [stdout] 180 |                 MAKELANGID(LANG_NEUTRAL, SUBLANG_DEFAULT) as u32,
[INFO] [stdout]     |                            ^^^^^^^^^^^^ not found in this scope
[INFO] [stdout] 
[INFO] [stdout] 
[INFO] [stdout] error[E0425]: cannot find value `SUBLANG_DEFAULT` in this scope
[INFO] [stdout]    --> src/lib.rs:180:42
[INFO] [stdout]     |
[INFO] [stdout] 180 |                 MAKELANGID(LANG_NEUTRAL, SUBLANG_DEFAULT) as u32,
[INFO] [stdout]     |                                          ^^^^^^^^^^^^^^^ not found in this scope
[INFO] [stdout] 
[INFO] [stdout] 
[INFO] [stdout] error[E0599]: no method named `encode_wide` found for reference `&OsStr` in the current scope
[INFO] [stdout]   --> src/lib.rs:55:55
[INFO] [stdout]    |
[INFO] [stdout] 55 |     let payload_file_path: Vec<u16> = dll.as_os_str().encode_wide().chain(iter::once(0)).collect();
[INFO] [stdout]    |                                                       ^^^^^^^^^^^ method not found in `&OsStr`
[INFO] [stdout] 
[INFO] [stdout] 
[INFO] [stdout] error[E0599]: no function or associated item named `from_wide` found for struct `OsString` in the current scope
[INFO] [stdout]    --> src/lib.rs:193:33
[INFO] [stdout]     |
[INFO] [stdout] 193 |         let message = OsString::from_wide(message_slice);
[INFO] [stdout]     |                                 ^^^^^^^^^ function or associated item not found in `OsString`
[INFO] [stdout] 
[INFO] [stdout] 
[INFO] [stdout] error: aborting due to 37 previous errors
[INFO] [stdout] 
[INFO] [stdout] 
[INFO] [stdout] Some errors have detailed explanations: E0412, E0425, E0432, E0433, E0599.
[INFO] [stdout] 
[INFO] [stdout] For more information about an error, try `rustc --explain E0412`.
[INFO] [stdout] 
[INFO] [stderr] error: could not compile `syringe`
[INFO] [stderr] 
[INFO] [stderr] To learn more, run the command again with --verbose.
[INFO] running `Command { std: "docker" "inspect" "6d1b05a9aac28c010c67721be9477879b248bc88ea794eea6869347b3e940685", kill_on_drop: false }`
[INFO] running `Command { std: "docker" "rm" "-f" "6d1b05a9aac28c010c67721be9477879b248bc88ea794eea6869347b3e940685", kill_on_drop: false }`
[INFO] [stdout] 6d1b05a9aac28c010c67721be9477879b248bc88ea794eea6869347b3e940685
