[INFO] cloning repository https://github.com/marcusnewton/happ-sandbox
[INFO] running `Command { std: "git" "-c" "credential.helper=" "-c" "credential.helper=/workspace/cargo-home/bin/git-credential-null" "clone" "--bare" "https://github.com/marcusnewton/happ-sandbox" "/workspace/cache/git-repos/https%3A%2F%2Fgithub.com%2Fmarcusnewton%2Fhapp-sandbox", kill_on_drop: false }`
[INFO] [stderr] Cloning into bare repository '/workspace/cache/git-repos/https%3A%2F%2Fgithub.com%2Fmarcusnewton%2Fhapp-sandbox'...
[INFO] running `Command { std: "git" "rev-parse" "HEAD", kill_on_drop: false }`
[INFO] [stdout] 24e49b93bfa4d60a756035bc3ccb1fe0e48ed3d1
[INFO] testing marcusnewton/happ-sandbox against 1.54.0 for beta-1.55-1
[INFO] running `Command { std: "git" "clone" "/workspace/cache/git-repos/https%3A%2F%2Fgithub.com%2Fmarcusnewton%2Fhapp-sandbox" "/workspace/builds/worker-6/source", kill_on_drop: false }`
[INFO] [stderr] Cloning into '/workspace/builds/worker-6/source'...
[INFO] [stderr] done.
[INFO] validating manifest of git repo https://github.com/marcusnewton/happ-sandbox on toolchain 1.54.0
[INFO] running `Command { std: "/workspace/cargo-home/bin/cargo" "+1.54.0" "metadata" "--manifest-path" "Cargo.toml" "--no-deps", kill_on_drop: false }`
[INFO] started tweaking git repo https://github.com/marcusnewton/happ-sandbox
[INFO] finished tweaking git repo https://github.com/marcusnewton/happ-sandbox
[INFO] tweaked toml for git repo https://github.com/marcusnewton/happ-sandbox written to /workspace/builds/worker-6/source/Cargo.toml
[INFO] crate git repo https://github.com/marcusnewton/happ-sandbox already has a lockfile, it will not be regenerated
[INFO] running `Command { std: "/workspace/cargo-home/bin/cargo" "+1.54.0" "fetch" "--manifest-path" "Cargo.toml", kill_on_drop: false }`
[INFO] [stderr]     Blocking waiting for file lock on package cache
[INFO] running `Command { std: "docker" "create" "-v" "/var/lib/crater-agent-workspace/builds/worker-6/target:/opt/rustwide/target:rw,Z" "-v" "/var/lib/crater-agent-workspace/builds/worker-6/source:/opt/rustwide/workdir:ro,Z" "-v" "/var/lib/crater-agent-workspace/cargo-home:/opt/rustwide/cargo-home:ro,Z" "-v" "/var/lib/crater-agent-workspace/rustup-home:/opt/rustwide/rustup-home:ro,Z" "-e" "SOURCE_DIR=/opt/rustwide/workdir" "-e" "CARGO_TARGET_DIR=/opt/rustwide/target" "-e" "CARGO_HOME=/opt/rustwide/cargo-home" "-e" "RUSTUP_HOME=/opt/rustwide/rustup-home" "-w" "/opt/rustwide/workdir" "-m" "1610612736" "--user" "0:0" "--network" "none" "ghcr.io/rust-lang/crates-build-env/linux@sha256:34b6a614d2c27851fe6cbf88fbd1137609cefab8b10d0615aaeb6fd47975d74e" "/opt/rustwide/cargo-home/bin/cargo" "+1.54.0" "metadata" "--no-deps" "--format-version=1", kill_on_drop: false }`
[INFO] [stdout] 7ddbcc87c9e63ea87a977f86108c6f3cbf179d170cc1966f999a906a24660bbb
[INFO] [stderr] WARNING: Your kernel does not support swap limit capabilities or the cgroup is not mounted. Memory limited without swap.
[INFO] running `Command { std: "docker" "start" "-a" "7ddbcc87c9e63ea87a977f86108c6f3cbf179d170cc1966f999a906a24660bbb", kill_on_drop: false }`
[INFO] running `Command { std: "docker" "inspect" "7ddbcc87c9e63ea87a977f86108c6f3cbf179d170cc1966f999a906a24660bbb", kill_on_drop: false }`
[INFO] running `Command { std: "docker" "rm" "-f" "7ddbcc87c9e63ea87a977f86108c6f3cbf179d170cc1966f999a906a24660bbb", kill_on_drop: false }`
[INFO] [stdout] 7ddbcc87c9e63ea87a977f86108c6f3cbf179d170cc1966f999a906a24660bbb
[INFO] running `Command { std: "docker" "create" "-v" "/var/lib/crater-agent-workspace/builds/worker-6/target:/opt/rustwide/target:rw,Z" "-v" "/var/lib/crater-agent-workspace/builds/worker-6/source:/opt/rustwide/workdir:ro,Z" "-v" "/var/lib/crater-agent-workspace/cargo-home:/opt/rustwide/cargo-home:ro,Z" "-v" "/var/lib/crater-agent-workspace/rustup-home:/opt/rustwide/rustup-home:ro,Z" "-e" "SOURCE_DIR=/opt/rustwide/workdir" "-e" "CARGO_TARGET_DIR=/opt/rustwide/target" "-e" "CARGO_INCREMENTAL=0" "-e" "RUST_BACKTRACE=full" "-e" "RUSTFLAGS=--cap-lints=warn" "-e" "CARGO_HOME=/opt/rustwide/cargo-home" "-e" "RUSTUP_HOME=/opt/rustwide/rustup-home" "-w" "/opt/rustwide/workdir" "-m" "1610612736" "--user" "0:0" "--network" "none" "ghcr.io/rust-lang/crates-build-env/linux@sha256:34b6a614d2c27851fe6cbf88fbd1137609cefab8b10d0615aaeb6fd47975d74e" "/opt/rustwide/cargo-home/bin/cargo" "+1.54.0" "build" "--frozen" "--message-format=json", kill_on_drop: false }`
[INFO] [stdout] 2656d4f2ca29080d4f2546db6bb4f2eea3ad65eb909a9a27b05a24026bc85fd5
[INFO] [stderr] WARNING: Your kernel does not support swap limit capabilities or the cgroup is not mounted. Memory limited without swap.
[INFO] running `Command { std: "docker" "start" "-a" "2656d4f2ca29080d4f2546db6bb4f2eea3ad65eb909a9a27b05a24026bc85fd5", kill_on_drop: false }`
[INFO] [stderr]    Compiling proc-macro2 v0.4.27
[INFO] [stderr]    Compiling memchr v2.3.0
[INFO] [stderr]    Compiling serde v1.0.89
[INFO] [stderr]    Compiling syn v0.15.31
[INFO] [stderr]    Compiling lazy_static v1.2.0
[INFO] [stderr]    Compiling proc-macro2 v1.0.8
[INFO] [stderr]    Compiling futures-core-preview v0.3.0-alpha.17
[INFO] [stderr]    Compiling syn v1.0.14
[INFO] [stderr]    Compiling ryu v0.2.8
[INFO] [stderr]    Compiling crunchy v0.2.2
[INFO] [stderr]    Compiling arrayref v0.3.5
[INFO] [stderr]    Compiling futures-io-preview v0.3.0-alpha.17
[INFO] [stderr]    Compiling regex v1.1.2
[INFO] [stderr]    Compiling itoa v0.4.5
[INFO] [stderr]    Compiling proc-macro-nested v0.1.3
[INFO] [stderr]    Compiling byte-tools v0.2.0
[INFO] [stderr]    Compiling futures-sink v0.3.4
[INFO] [stderr]    Compiling utf8-ranges v1.0.4
[INFO] [stderr]    Compiling regex-syntax v0.6.14
[INFO] [stderr]    Compiling futures-core v0.3.4
[INFO] [stderr]    Compiling holochain_json_api v0.0.17
[INFO] [stderr]    Compiling bitflags v1.0.4
[INFO] [stderr]    Compiling reed-solomon v0.2.1
[INFO] [stderr]    Compiling proc-macro-hack-impl v0.4.2
[INFO] [stderr]    Compiling sha1 v0.5.0
[INFO] [stderr]    Compiling holochain_persistence_api v0.0.11
[INFO] [stderr]    Compiling smallvec v1.2.0
[INFO] [stderr]    Compiling memory_units v0.3.0
[INFO] [stderr]    Compiling snowflake v1.3.0
[INFO] [stderr]    Compiling difference v2.0.0
[INFO] [stderr]    Compiling num-traits v0.2.11
[INFO] [stderr]    Compiling num-iter v0.1.40
[INFO] [stderr]    Compiling proc-macro2 v0.2.3
[INFO] [stderr]    Compiling backtrace-sys v0.1.32
[INFO] [stderr]    Compiling rand_core v0.3.1
[INFO] [stderr]    Compiling thread_local v0.3.6
[INFO] [stderr]    Compiling crossbeam-utils v0.6.6
[INFO] [stderr]    Compiling colored v1.7.0
[INFO] [stderr]    Compiling block-buffer v0.3.3
[INFO] [stderr]    Compiling backtrace v0.3.27
[INFO] [stderr]    Compiling futures-sink-preview v0.3.0-alpha.17
[INFO] [stderr]    Compiling lock_api v0.3.3
[INFO] [stderr]    Compiling futures-channel v0.3.4
[INFO] [stderr]    Compiling hcid v0.0.6
[INFO] [stderr]    Compiling unicode-normalization v0.1.12
[INFO] [stderr]    Compiling pretty_assertions v0.6.1
[INFO] [stderr]    Compiling futures-channel-preview v0.3.0-alpha.17
[INFO] [stderr]    Compiling time v0.1.42
[INFO] [stderr]    Compiling getrandom v0.1.14
[INFO] [stderr]    Compiling rand v0.5.6
[INFO] [stderr]    Compiling generic-array v0.9.0
[INFO] [stderr]    Compiling quote v0.4.2
[INFO] [stderr]    Compiling parity-wasm v0.31.3
[INFO] [stderr]    Compiling tiny-keccak v1.5.0
[INFO] [stderr]    Compiling crossbeam-channel v0.3.8
[INFO] [stderr]    Compiling proc-macro-hack v0.4.2
[INFO] [stderr]    Compiling aho-corasick v0.6.10
[INFO] [stderr]    Compiling rand_core v0.5.1
[INFO] [stderr]    Compiling futures-util-preview v0.3.0-alpha.17
[INFO] [stderr]    Compiling syn v0.12.15
[INFO] [stderr]    Compiling digest v0.7.6
[INFO] [stderr]    Compiling rand_chacha v0.2.1
[INFO] [stderr]    Compiling parking_lot v0.9.0
[INFO] [stderr]    Compiling quote v0.6.11
[INFO] [stderr]    Compiling sha2 v0.7.1
[INFO] [stderr]    Compiling idna v0.2.0
[INFO] [stderr]    Compiling quote v1.0.2
[INFO] [stderr]    Compiling rand v0.7.3
[INFO] [stderr]    Compiling multihash v0.8.0
[INFO] [stderr]    Compiling uuid v0.7.1
[INFO] [stderr]    Compiling mashup-impl v0.1.9
[INFO] [stderr]    Compiling num-integer v0.1.42
[INFO] [stderr]    Compiling num-complex v0.2.4
[INFO] [stderr]    Compiling url v2.1.0
[INFO] [stderr]    Compiling chrono v0.4.6
[INFO] [stderr]    Compiling num-bigint v0.2.6
[INFO] [stderr]    Compiling wasmi v0.4.4
[INFO] [stderr]    Compiling mashup v0.1.9
[INFO] [stderr]    Compiling futures-executor-preview v0.3.0-alpha.17
[INFO] [stderr]    Compiling futures-preview v0.3.0-alpha.17
[INFO] [stderr]    Compiling holochain_core_types v0.0.42-alpha5
[INFO] [stderr]    Compiling num-rational v0.2.3
[INFO] [stderr]    Compiling num v0.2.1
[INFO] [stderr]    Compiling rust-base58 v0.0.4
[INFO] [stderr]    Compiling serde_json v1.0.39
[INFO] [stderr]    Compiling log v0.4.8
[INFO] [stderr]    Compiling toml v0.5.0
[INFO] [stderr]    Compiling shrinkwraprs v0.2.1
[INFO] [stderr]    Compiling holochain_locksmith v0.0.42-alpha5
[INFO] [stderr]    Compiling env_logger v0.6.1
[INFO] [stderr]    Compiling proc-macro-hack v0.5.11
[INFO] [stderr]    Compiling synstructure v0.10.2
[INFO] [stderr]    Compiling futures-macro v0.3.4
[INFO] [stderr]    Compiling serde_derive v1.0.89
[INFO] [stderr]    Compiling holochain_json_derive v0.0.17
[INFO] [stderr]    Compiling zeroize_derive v0.9.3
[INFO] [stderr]    Compiling holochain_json_derive v0.0.1-alpha2
[INFO] [stderr]    Compiling zeroize v0.9.2
[INFO] [stderr]    Compiling futures-util v0.3.4
[INFO] [stderr]    Compiling futures-executor v0.3.4
[INFO] [stderr]    Compiling futures v0.3.1
[INFO] [stderr]    Compiling holochain_logging v0.0.4
[INFO] [stderr]    Compiling lib3h_crypto_api v0.0.25
[INFO] [stdout] error[E0432]: unresolved import `std::option::NoneError`
[INFO] [stdout]   --> /opt/rustwide/cargo-home/registry/src/github.com-1ecc6299db9ec823/holochain_json_api-0.0.17/src/error/mod.rs:12:5
[INFO] [stdout]    |
[INFO] [stdout] 12 |     option::NoneError,
[INFO] [stdout]    |     ^^^^^^^^^^^^^^^^^ no `NoneError` in `option`
[INFO] [stdout] 
[INFO] [stdout] 
[INFO] [stdout] error[E0554]: `#![feature]` may not be used on the stable release channel
[INFO] [stdout]  --> /opt/rustwide/cargo-home/registry/src/github.com-1ecc6299db9ec823/holochain_json_api-0.0.17/src/lib.rs:4:1
[INFO] [stdout]   |
[INFO] [stdout] 4 | #![feature(try_trait)]
[INFO] [stdout]   | ^^^^^^^^^^^^^^^^^^^^^^
[INFO] [stdout] 
[INFO] [stdout] 
[INFO] [stdout] error[E0554]: `#![feature]` may not be used on the stable release channel
[INFO] [stdout]  --> /opt/rustwide/cargo-home/registry/src/github.com-1ecc6299db9ec823/holochain_json_api-0.0.17/src/lib.rs:5:1
[INFO] [stdout]   |
[INFO] [stdout] 5 | #![feature(never_type)]
[INFO] [stdout]   | ^^^^^^^^^^^^^^^^^^^^^^^
[INFO] [stdout] 
[INFO] [stdout] 
[INFO] [stdout] error[E0119]: conflicting implementations of trait `std::convert::TryFrom<&json::JsonString>` for type `error::JsonError`
[INFO] [stdout]   --> /opt/rustwide/cargo-home/registry/src/github.com-1ecc6299db9ec823/holochain_json_api-0.0.17/src/error/mod.rs:20:58
[INFO] [stdout]    |
[INFO] [stdout] 20 |     Clone, Debug, PartialEq, Eq, Serialize, Deserialize, DefaultJson, Hash, PartialOrd, Ord,
[INFO] [stdout]    |                                                          ^^^^^^^^^^^
[INFO] [stdout]    |
[INFO] [stdout]    = note: conflicting implementation in crate `core`:
[INFO] [stdout]            - impl<T, U> TryFrom<U> for T
[INFO] [stdout]              where U: Into<T>;
[INFO] [stdout]    = note: this error originates in the derive macro `DefaultJson` (in Nightly builds, run with -Z macro-backtrace for more info)
[INFO] [stdout] 
[INFO] [stdout] 
[INFO] [stdout] error[E0119]: conflicting implementations of trait `std::convert::TryFrom<json::JsonString>` for type `error::JsonError`
[INFO] [stdout]   --> /opt/rustwide/cargo-home/registry/src/github.com-1ecc6299db9ec823/holochain_json_api-0.0.17/src/error/mod.rs:20:58
[INFO] [stdout]    |
[INFO] [stdout] 20 |     Clone, Debug, PartialEq, Eq, Serialize, Deserialize, DefaultJson, Hash, PartialOrd, Ord,
[INFO] [stdout]    |                                                          ^^^^^^^^^^^
[INFO] [stdout]    |
[INFO] [stdout]    = note: conflicting implementation in crate `core`:
[INFO] [stdout]            - impl<T, U> TryFrom<U> for T
[INFO] [stdout]              where U: Into<T>;
[INFO] [stdout]    = note: this error originates in the derive macro `DefaultJson` (in Nightly builds, run with -Z macro-backtrace for more info)
[INFO] [stdout] 
[INFO] [stdout] 
[INFO] [stdout] error: aborting due to 5 previous errors
[INFO] [stdout] 
[INFO] [stdout] 
[INFO] [stdout] Some errors have detailed explanations: E0119, E0432, E0554.
[INFO] [stdout] 
[INFO] [stdout] For more information about an error, try `rustc --explain E0119`.
[INFO] [stdout] 
[INFO] [stderr] error: could not compile `holochain_json_api`
[INFO] [stderr] 
[INFO] [stderr] To learn more, run the command again with --verbose.
[INFO] [stderr] warning: build failed, waiting for other jobs to finish...
[INFO] [stderr] error: build failed
[INFO] running `Command { std: "docker" "inspect" "2656d4f2ca29080d4f2546db6bb4f2eea3ad65eb909a9a27b05a24026bc85fd5", kill_on_drop: false }`
[INFO] running `Command { std: "docker" "rm" "-f" "2656d4f2ca29080d4f2546db6bb4f2eea3ad65eb909a9a27b05a24026bc85fd5", kill_on_drop: false }`
[INFO] [stdout] 2656d4f2ca29080d4f2546db6bb4f2eea3ad65eb909a9a27b05a24026bc85fd5
