[INFO] cloning repository https://github.com/maoertel/bee
[INFO] running `Command { std: "git" "-c" "credential.helper=" "-c" "credential.helper=/workspace/cargo-home/bin/git-credential-null" "clone" "--bare" "https://github.com/maoertel/bee" "/workspace/cache/git-repos/https%3A%2F%2Fgithub.com%2Fmaoertel%2Fbee", kill_on_drop: false }`
[INFO] [stderr] Cloning into bare repository '/workspace/cache/git-repos/https%3A%2F%2Fgithub.com%2Fmaoertel%2Fbee'...
[INFO] running `Command { std: "git" "rev-parse" "HEAD", kill_on_drop: false }`
[INFO] [stdout] 6bb86c3c831b133f463c8a6eb52d3480dfb934f8
[INFO] testing maoertel/bee against 1.54.0 for beta-1.55-1
[INFO] running `Command { std: "git" "clone" "/workspace/cache/git-repos/https%3A%2F%2Fgithub.com%2Fmaoertel%2Fbee" "/workspace/builds/worker-13/source", kill_on_drop: false }`
[INFO] [stderr] Cloning into '/workspace/builds/worker-13/source'...
[INFO] [stderr] done.
[INFO] validating manifest of git repo https://github.com/maoertel/bee on toolchain 1.54.0
[INFO] running `Command { std: "/workspace/cargo-home/bin/cargo" "+1.54.0" "metadata" "--manifest-path" "Cargo.toml" "--no-deps", kill_on_drop: false }`
[INFO] started tweaking git repo https://github.com/maoertel/bee
[INFO] finished tweaking git repo https://github.com/maoertel/bee
[INFO] tweaked toml for git repo https://github.com/maoertel/bee written to /workspace/builds/worker-13/source/Cargo.toml
[INFO] crate git repo https://github.com/maoertel/bee already has a lockfile, it will not be regenerated
[INFO] running `Command { std: "/workspace/cargo-home/bin/cargo" "+1.54.0" "fetch" "--manifest-path" "Cargo.toml", kill_on_drop: false }`
[INFO] [stderr]     Blocking waiting for file lock on package cache
[INFO] running `Command { std: "docker" "create" "-v" "/var/lib/crater-agent-workspace/builds/worker-13/target:/opt/rustwide/target:rw,Z" "-v" "/var/lib/crater-agent-workspace/builds/worker-13/source:/opt/rustwide/workdir:ro,Z" "-v" "/var/lib/crater-agent-workspace/cargo-home:/opt/rustwide/cargo-home:ro,Z" "-v" "/var/lib/crater-agent-workspace/rustup-home:/opt/rustwide/rustup-home:ro,Z" "-e" "SOURCE_DIR=/opt/rustwide/workdir" "-e" "CARGO_TARGET_DIR=/opt/rustwide/target" "-e" "CARGO_HOME=/opt/rustwide/cargo-home" "-e" "RUSTUP_HOME=/opt/rustwide/rustup-home" "-w" "/opt/rustwide/workdir" "-m" "1610612736" "--user" "0:0" "--network" "none" "ghcr.io/rust-lang/crates-build-env/linux@sha256:34b6a614d2c27851fe6cbf88fbd1137609cefab8b10d0615aaeb6fd47975d74e" "/opt/rustwide/cargo-home/bin/cargo" "+1.54.0" "metadata" "--no-deps" "--format-version=1", kill_on_drop: false }`
[INFO] [stderr] WARNING: Your kernel does not support swap limit capabilities or the cgroup is not mounted. Memory limited without swap.
[INFO] [stdout] 8ff0c1e51c4ae41859fb3ba0d9b06b4bc79fa8e25ca52b2139b57abcdafcb32b
[INFO] running `Command { std: "docker" "start" "-a" "8ff0c1e51c4ae41859fb3ba0d9b06b4bc79fa8e25ca52b2139b57abcdafcb32b", kill_on_drop: false }`
[INFO] running `Command { std: "docker" "inspect" "8ff0c1e51c4ae41859fb3ba0d9b06b4bc79fa8e25ca52b2139b57abcdafcb32b", kill_on_drop: false }`
[INFO] running `Command { std: "docker" "rm" "-f" "8ff0c1e51c4ae41859fb3ba0d9b06b4bc79fa8e25ca52b2139b57abcdafcb32b", kill_on_drop: false }`
[INFO] [stdout] 8ff0c1e51c4ae41859fb3ba0d9b06b4bc79fa8e25ca52b2139b57abcdafcb32b
[INFO] running `Command { std: "docker" "create" "-v" "/var/lib/crater-agent-workspace/builds/worker-13/target:/opt/rustwide/target:rw,Z" "-v" "/var/lib/crater-agent-workspace/builds/worker-13/source:/opt/rustwide/workdir:ro,Z" "-v" "/var/lib/crater-agent-workspace/cargo-home:/opt/rustwide/cargo-home:ro,Z" "-v" "/var/lib/crater-agent-workspace/rustup-home:/opt/rustwide/rustup-home:ro,Z" "-e" "SOURCE_DIR=/opt/rustwide/workdir" "-e" "CARGO_TARGET_DIR=/opt/rustwide/target" "-e" "CARGO_INCREMENTAL=0" "-e" "RUST_BACKTRACE=full" "-e" "RUSTFLAGS=--cap-lints=warn" "-e" "CARGO_HOME=/opt/rustwide/cargo-home" "-e" "RUSTUP_HOME=/opt/rustwide/rustup-home" "-w" "/opt/rustwide/workdir" "-m" "1610612736" "--user" "0:0" "--network" "none" "ghcr.io/rust-lang/crates-build-env/linux@sha256:34b6a614d2c27851fe6cbf88fbd1137609cefab8b10d0615aaeb6fd47975d74e" "/opt/rustwide/cargo-home/bin/cargo" "+1.54.0" "build" "--frozen" "--message-format=json", kill_on_drop: false }`
[INFO] [stdout] d1851e11c1e72188726dd05b6c8329499816a4ba2cde674ff862e55846c48f07
[INFO] [stderr] WARNING: Your kernel does not support swap limit capabilities or the cgroup is not mounted. Memory limited without swap.
[INFO] running `Command { std: "docker" "start" "-a" "d1851e11c1e72188726dd05b6c8329499816a4ba2cde674ff862e55846c48f07", kill_on_drop: false }`
[INFO] [stderr]    Compiling syn v1.0.69
[INFO] [stderr]    Compiling libc v0.2.88
[INFO] [stderr]    Compiling futures-sink v0.3.13
[INFO] [stderr]    Compiling serde v1.0.124
[INFO] [stderr]    Compiling futures-task v0.3.13
[INFO] [stderr]    Compiling futures-io v0.3.13
[INFO] [stderr]    Compiling openssl v0.10.32
[INFO] [stderr]    Compiling httparse v1.3.5
[INFO] [stderr]    Compiling serde_json v1.0.64
[INFO] [stderr]    Compiling k8s-openapi v0.11.0
[INFO] [stderr]    Compiling byteorder v1.4.3
[INFO] [stderr]    Compiling array_tool v1.0.3
[INFO] [stderr]    Compiling tower-layer v0.3.1
[INFO] [stderr]    Compiling predicates-core v1.0.2
[INFO] [stderr]    Compiling either v1.6.1
[INFO] [stderr]    Compiling normalize-line-endings v0.3.0
[INFO] [stderr]    Compiling os_str_bytes v2.4.0
[INFO] [stderr]    Compiling strsim v0.10.0
[INFO] [stderr]    Compiling num-traits v0.2.14
[INFO] [stderr]    Compiling tokio v1.4.0
[INFO] [stderr]    Compiling openssl-sys v0.9.60
[INFO] [stderr]    Compiling proc-macro-error-attr v1.0.4
[INFO] [stderr]    Compiling proc-macro-error v1.0.4
[INFO] [stderr]    Compiling http v0.2.3
[INFO] [stderr]    Compiling textwrap v0.12.1
[INFO] [stderr]    Compiling futures-channel v0.3.13
[INFO] [stderr]    Compiling predicates-tree v1.0.2
[INFO] [stderr]    Compiling regex-automata v0.1.9
[INFO] [stderr]    Compiling regex v1.4.4
[INFO] [stderr]    Compiling bstr v0.2.15
[INFO] [stderr]    Compiling parking_lot_core v0.8.3
[INFO] [stderr]    Compiling num_cpus v1.13.0
[INFO] [stderr]    Compiling signal-hook-registry v1.3.0
[INFO] [stderr]    Compiling mio v0.7.9
[INFO] [stderr]    Compiling socket2 v0.3.19
[INFO] [stderr]    Compiling atty v0.2.14
[INFO] [stderr]    Compiling time v0.1.44
[INFO] [stderr]    Compiling getrandom v0.2.2
[INFO] [stderr]    Compiling dirs-sys-next v0.1.2
[INFO] [stderr]    Compiling wait-timeout v0.2.0
[INFO] [stderr]    Compiling native-tls v0.2.7
[INFO] [stderr]    Compiling dashmap v4.0.2
[INFO] [stderr]    Compiling parking_lot v0.11.1
[INFO] [stderr]    Compiling rand_core v0.6.2
[INFO] [stderr]    Compiling dirs-next v2.0.0
[INFO] [stderr]    Compiling num-integer v0.1.44
[INFO] [stderr]    Compiling ordered-float v2.1.1
[INFO] [stderr]    Compiling float-cmp v0.8.0
[INFO] [stderr]    Compiling env_logger v0.7.1
[INFO] [stderr]    Compiling pem v0.8.3
[INFO] [stderr]    Compiling Inflector v0.11.4
[INFO] [stderr]    Compiling rand_chacha v0.3.0
[INFO] [stderr]    Compiling predicates v1.0.7
[INFO] [stderr]    Compiling rand v0.8.3
[INFO] [stderr]    Compiling assert_cmd v1.0.3
[INFO] [stderr]    Compiling http-body v0.4.0
[INFO] [stderr]    Compiling tokio-macros v1.1.0
[INFO] [stderr]    Compiling futures-macro v0.3.13
[INFO] [stderr]    Compiling serde_derive v1.0.124
[INFO] [stderr]    Compiling pin-project-internal v1.0.5
[INFO] [stderr]    Compiling tracing-attributes v0.1.15
[INFO] [stderr]    Compiling pin-project-internal v0.4.27
[INFO] [stderr]    Compiling thiserror-impl v1.0.24
[INFO] [stderr]    Compiling snafu-derive v0.6.10
[INFO] [stderr]    Compiling clap_derive v3.0.0-beta.2
[INFO] [stderr]    Compiling derivative v2.2.0
[INFO] [stderr]    Compiling futures-util v0.3.13
[INFO] [stderr]    Compiling thiserror v1.0.24
[INFO] [stderr]    Compiling tracing v0.1.25
[INFO] [stderr]    Compiling pin-project v1.0.5
[INFO] [stderr]    Compiling clap v3.0.0-beta.2
[INFO] [stderr]    Compiling pin-project v0.4.27
[INFO] [stderr]    Compiling snafu v0.6.10
[INFO] [stderr]    Compiling futures-executor v0.3.13
[INFO] [stderr]    Compiling futures v0.3.13
[INFO] [stderr]    Compiling tokio-io-timeout v1.1.1
[INFO] [stderr]    Compiling tokio-util v0.6.4
[INFO] [stderr]    Compiling tokio-native-tls v0.3.0
[INFO] [stderr]    Compiling tower v0.4.6
[INFO] [stderr]    Compiling hyper v0.14.4
[INFO] [stderr]    Compiling serde-value v0.7.0
[INFO] [stderr]    Compiling chrono v0.4.19
[INFO] [stderr]    Compiling serde_yaml v0.8.17
[INFO] [stderr]    Compiling jsonpath_lib v0.2.6
[INFO] [stderr]    Compiling hyper-timeout v0.4.1
[INFO] [stderr]    Compiling hyper-tls v0.5.0
[INFO] [stderr]    Compiling kube v0.51.0
[INFO] [stderr]    Compiling kube-runtime v0.51.0
[INFO] [stderr]    Compiling bee v0.0.1 (/opt/rustwide/workdir)
[INFO] [stderr]     Finished dev [unoptimized + debuginfo] target(s) in 4m 00s
[INFO] running `Command { std: "docker" "inspect" "d1851e11c1e72188726dd05b6c8329499816a4ba2cde674ff862e55846c48f07", kill_on_drop: false }`
[INFO] running `Command { std: "docker" "rm" "-f" "d1851e11c1e72188726dd05b6c8329499816a4ba2cde674ff862e55846c48f07", kill_on_drop: false }`
[INFO] [stdout] d1851e11c1e72188726dd05b6c8329499816a4ba2cde674ff862e55846c48f07
[INFO] running `Command { std: "docker" "create" "-v" "/var/lib/crater-agent-workspace/builds/worker-13/target:/opt/rustwide/target:rw,Z" "-v" "/var/lib/crater-agent-workspace/builds/worker-13/source:/opt/rustwide/workdir:ro,Z" "-v" "/var/lib/crater-agent-workspace/cargo-home:/opt/rustwide/cargo-home:ro,Z" "-v" "/var/lib/crater-agent-workspace/rustup-home:/opt/rustwide/rustup-home:ro,Z" "-e" "SOURCE_DIR=/opt/rustwide/workdir" "-e" "CARGO_TARGET_DIR=/opt/rustwide/target" "-e" "CARGO_INCREMENTAL=0" "-e" "RUST_BACKTRACE=full" "-e" "RUSTFLAGS=--cap-lints=warn" "-e" "CARGO_HOME=/opt/rustwide/cargo-home" "-e" "RUSTUP_HOME=/opt/rustwide/rustup-home" "-w" "/opt/rustwide/workdir" "-m" "1610612736" "--user" "0:0" "--network" "none" "ghcr.io/rust-lang/crates-build-env/linux@sha256:34b6a614d2c27851fe6cbf88fbd1137609cefab8b10d0615aaeb6fd47975d74e" "/opt/rustwide/cargo-home/bin/cargo" "+1.54.0" "test" "--frozen" "--no-run" "--message-format=json", kill_on_drop: false }`
[INFO] [stdout] c9305f0c0308367a5effc8cdd607233718a1d6ee008213d3b541ef99a8b46141
[INFO] [stderr] WARNING: Your kernel does not support swap limit capabilities or the cgroup is not mounted. Memory limited without swap.
[INFO] running `Command { std: "docker" "start" "-a" "c9305f0c0308367a5effc8cdd607233718a1d6ee008213d3b541ef99a8b46141", kill_on_drop: false }`
[INFO] [stderr]     Blocking waiting for file lock on package cache
[INFO] [stderr]    Compiling bee v0.0.1 (/opt/rustwide/workdir)
[INFO] [stdout] error[E0369]: binary operation `==` cannot be applied to type `Result<std::option::Option<BTreeMap<std::string::String, std::string::String>>, CliError>`
[INFO] [stdout]   --> src/parser/tests/generic_parser_tests.rs:48:3
[INFO] [stdout]    |
[INFO] [stdout] 48 |   assert_eq!(key_values, Ok(None));
[INFO] [stdout]    |   ^^^^^^^^^^^^^^^^^^^^^^^^^^^^^^^^^
[INFO] [stdout]    |   |
[INFO] [stdout]    |   Result<std::option::Option<BTreeMap<std::string::String, std::string::String>>, CliError>
[INFO] [stdout]    |   Result<std::option::Option<_>, _>
[INFO] [stdout]    |
[INFO] [stdout]    = note: this error originates in the macro `assert_eq` (in Nightly builds, run with -Z macro-backtrace for more info)
[INFO] [stdout] 
[INFO] [stdout] 
[INFO] [stdout] error[E0369]: binary operation `==` cannot be applied to type `Result<std::option::Option<std::string::String>, CliError>`
[INFO] [stdout]   --> src/parser/tests/generic_parser_tests.rs:63:3
[INFO] [stdout]    |
[INFO] [stdout] 63 |   assert_eq!(foo, Ok(Some(String::from("bar"))))
[INFO] [stdout]    |   ^^^^^^^^^^^^^^^^^^^^^^^^^^^^^^^^^^^^^^^^^^^^^^
[INFO] [stdout]    |   |
[INFO] [stdout]    |   Result<std::option::Option<std::string::String>, CliError>
[INFO] [stdout]    |   Result<std::option::Option<std::string::String>, _>
[INFO] [stdout]    |
[INFO] [stdout]    = note: this error originates in the macro `assert_eq` (in Nightly builds, run with -Z macro-backtrace for more info)
[INFO] [stdout] 
[INFO] [stdout] 
[INFO] [stdout] error[E0369]: binary operation `==` cannot be applied to type `Result<std::option::Option<BTreeMap<std::string::String, std::string::String>>, CliError>`
[INFO] [stdout]   --> src/parser/tests/generic_parser_tests.rs:93:3
[INFO] [stdout]    |
[INFO] [stdout] 93 |   assert_eq!(key_values, Err("Formatting of provided labels ist wrong.".to_string()))
[INFO] [stdout]    |   ^^^^^^^^^^^^^^^^^^^^^^^^^^^^^^^^^^^^^^^^^^^^^^^^^^^^^^^^^^^^^^^^^^^^^^^^^^^^^^^^^^^
[INFO] [stdout]    |   |
[INFO] [stdout]    |   Result<std::option::Option<BTreeMap<std::string::String, std::string::String>>, CliError>
[INFO] [stdout]    |   Result<_, std::string::String>
[INFO] [stdout]    |
[INFO] [stdout]    = note: this error originates in the macro `assert_eq` (in Nightly builds, run with -Z macro-backtrace for more info)
[INFO] [stdout] 
[INFO] [stdout] 
[INFO] [stdout] error[E0369]: binary operation `==` cannot be applied to type `Result<Vec<Container>, CliError>`
[INFO] [stdout]    --> src/parser/tests/generic_parser_tests.rs:141:3
[INFO] [stdout]     |
[INFO] [stdout] 141 |   assert_eq!(containers, Err(String::from("JSON parsing error while parsing: \'{\"name\": \"first-container\", image: \"alpine:latest\"}\', error: key must be a string at line 1 column 29")))
[INFO] [stdout]     |   ^^^^^^^^^^^^^^^^^^^^^^^^^^^^^^^^^^^^^^^^^^^^^^^^^^^^^^^^^^^^^^^^^^^^^^^^^^^^^^^^^^^^^^^^^^^^^^^^^^^^^^^^^^^^^^^^^^^^^^^^^^^^^^^^^^^^^^^^^^^^^^^^^^^^^^^^^^^^^^^^^^^^^^^^^^^^^^^^^^^^^^^^^^^^^
[INFO] [stdout]     |   |
[INFO] [stdout]     |   Result<Vec<Container>, CliError>
[INFO] [stdout]     |   Result<_, std::string::String>
[INFO] [stdout]     |
[INFO] [stdout]     = note: this error originates in the macro `assert_eq` (in Nightly builds, run with -Z macro-backtrace for more info)
[INFO] [stdout] 
[INFO] [stdout] 
[INFO] [stdout] error: aborting due to 4 previous errors
[INFO] [stdout] 
[INFO] [stdout] 
[INFO] [stdout] For more information about this error, try `rustc --explain E0369`.
[INFO] [stdout] 
[INFO] [stderr] error: could not compile `bee`
[INFO] [stderr] 
[INFO] [stderr] To learn more, run the command again with --verbose.
[INFO] [stderr] warning: build failed, waiting for other jobs to finish...
[INFO] [stderr] error: build failed
[INFO] running `Command { std: "docker" "inspect" "c9305f0c0308367a5effc8cdd607233718a1d6ee008213d3b541ef99a8b46141", kill_on_drop: false }`
[INFO] running `Command { std: "docker" "rm" "-f" "c9305f0c0308367a5effc8cdd607233718a1d6ee008213d3b541ef99a8b46141", kill_on_drop: false }`
[INFO] [stdout] c9305f0c0308367a5effc8cdd607233718a1d6ee008213d3b541ef99a8b46141
