[INFO] cloning repository https://github.com/makuhari-city/em-fptp
[INFO] running `Command { std: "git" "-c" "credential.helper=" "-c" "credential.helper=/workspace/cargo-home/bin/git-credential-null" "clone" "--bare" "https://github.com/makuhari-city/em-fptp" "/workspace/cache/git-repos/https%3A%2F%2Fgithub.com%2Fmakuhari-city%2Fem-fptp", kill_on_drop: false }`
[INFO] [stderr] Cloning into bare repository '/workspace/cache/git-repos/https%3A%2F%2Fgithub.com%2Fmakuhari-city%2Fem-fptp'...
[INFO] running `Command { std: "git" "rev-parse" "HEAD", kill_on_drop: false }`
[INFO] [stdout] e97535c1b5f6c6dfe47f869fdaa4ca10fc67720c
[INFO] testing makuhari-city/em-fptp against 1.54.0 for beta-1.55-1
[INFO] running `Command { std: "git" "clone" "/workspace/cache/git-repos/https%3A%2F%2Fgithub.com%2Fmakuhari-city%2Fem-fptp" "/workspace/builds/worker-14/source", kill_on_drop: false }`
[INFO] [stderr] Cloning into '/workspace/builds/worker-14/source'...
[INFO] [stderr] done.
[INFO] validating manifest of git repo https://github.com/makuhari-city/em-fptp on toolchain 1.54.0
[INFO] running `Command { std: "/workspace/cargo-home/bin/cargo" "+1.54.0" "metadata" "--manifest-path" "Cargo.toml" "--no-deps", kill_on_drop: false }`
[INFO] started tweaking git repo https://github.com/makuhari-city/em-fptp
[INFO] finished tweaking git repo https://github.com/makuhari-city/em-fptp
[INFO] tweaked toml for git repo https://github.com/makuhari-city/em-fptp written to /workspace/builds/worker-14/source/Cargo.toml
[INFO] crate git repo https://github.com/makuhari-city/em-fptp already has a lockfile, it will not be regenerated
[INFO] running `Command { std: "/workspace/cargo-home/bin/cargo" "+1.54.0" "fetch" "--manifest-path" "Cargo.toml", kill_on_drop: false }`
[INFO] running `Command { std: "docker" "create" "-v" "/var/lib/crater-agent-workspace/builds/worker-14/target:/opt/rustwide/target:rw,Z" "-v" "/var/lib/crater-agent-workspace/builds/worker-14/source:/opt/rustwide/workdir:ro,Z" "-v" "/var/lib/crater-agent-workspace/cargo-home:/opt/rustwide/cargo-home:ro,Z" "-v" "/var/lib/crater-agent-workspace/rustup-home:/opt/rustwide/rustup-home:ro,Z" "-e" "SOURCE_DIR=/opt/rustwide/workdir" "-e" "CARGO_TARGET_DIR=/opt/rustwide/target" "-e" "CARGO_HOME=/opt/rustwide/cargo-home" "-e" "RUSTUP_HOME=/opt/rustwide/rustup-home" "-w" "/opt/rustwide/workdir" "-m" "1610612736" "--user" "0:0" "--network" "none" "ghcr.io/rust-lang/crates-build-env/linux@sha256:34b6a614d2c27851fe6cbf88fbd1137609cefab8b10d0615aaeb6fd47975d74e" "/opt/rustwide/cargo-home/bin/cargo" "+1.54.0" "metadata" "--no-deps" "--format-version=1", kill_on_drop: false }`
[INFO] [stdout] 4e9d9fc09f728ea16ea36a0461938c5b48b48ed0fe435d18055795127122aef8
[INFO] [stderr] WARNING: Your kernel does not support swap limit capabilities or the cgroup is not mounted. Memory limited without swap.
[INFO] running `Command { std: "docker" "start" "-a" "4e9d9fc09f728ea16ea36a0461938c5b48b48ed0fe435d18055795127122aef8", kill_on_drop: false }`
[INFO] running `Command { std: "docker" "inspect" "4e9d9fc09f728ea16ea36a0461938c5b48b48ed0fe435d18055795127122aef8", kill_on_drop: false }`
[INFO] running `Command { std: "docker" "rm" "-f" "4e9d9fc09f728ea16ea36a0461938c5b48b48ed0fe435d18055795127122aef8", kill_on_drop: false }`
[INFO] [stdout] 4e9d9fc09f728ea16ea36a0461938c5b48b48ed0fe435d18055795127122aef8
[INFO] running `Command { std: "docker" "create" "-v" "/var/lib/crater-agent-workspace/builds/worker-14/target:/opt/rustwide/target:rw,Z" "-v" "/var/lib/crater-agent-workspace/builds/worker-14/source:/opt/rustwide/workdir:ro,Z" "-v" "/var/lib/crater-agent-workspace/cargo-home:/opt/rustwide/cargo-home:ro,Z" "-v" "/var/lib/crater-agent-workspace/rustup-home:/opt/rustwide/rustup-home:ro,Z" "-e" "SOURCE_DIR=/opt/rustwide/workdir" "-e" "CARGO_TARGET_DIR=/opt/rustwide/target" "-e" "CARGO_INCREMENTAL=0" "-e" "RUST_BACKTRACE=full" "-e" "RUSTFLAGS=--cap-lints=warn" "-e" "CARGO_HOME=/opt/rustwide/cargo-home" "-e" "RUSTUP_HOME=/opt/rustwide/rustup-home" "-w" "/opt/rustwide/workdir" "-m" "1610612736" "--user" "0:0" "--network" "none" "ghcr.io/rust-lang/crates-build-env/linux@sha256:34b6a614d2c27851fe6cbf88fbd1137609cefab8b10d0615aaeb6fd47975d74e" "/opt/rustwide/cargo-home/bin/cargo" "+1.54.0" "build" "--frozen" "--message-format=json", kill_on_drop: false }`
[INFO] [stdout] cde8357787eac50bff744a1215bd221932559d9c5b544b730fd22c40d0703fac
[INFO] [stderr] WARNING: Your kernel does not support swap limit capabilities or the cgroup is not mounted. Memory limited without swap.
[INFO] running `Command { std: "docker" "start" "-a" "cde8357787eac50bff744a1215bd221932559d9c5b544b730fd22c40d0703fac", kill_on_drop: false }`
[INFO] [stderr]     Blocking waiting for file lock on package cache
[INFO] [stderr]    Compiling libc v0.2.97
[INFO] [stderr]    Compiling memchr v2.4.0
[INFO] [stderr]    Compiling futures-io v0.3.15
[INFO] [stderr]    Compiling cc v1.0.68
[INFO] [stderr]    Compiling v_escape v0.13.2
[INFO] [stderr]    Compiling v_htmlescape v0.10.4
[INFO] [stderr]    Compiling indexmap v1.6.2
[INFO] [stderr]    Compiling unicase v2.6.0
[INFO] [stderr]    Compiling tokio v1.7.1
[INFO] [stderr]    Compiling buf-min v0.1.1
[INFO] [stderr]    Compiling heck v0.3.3
[INFO] [stderr]    Compiling tracing v0.1.26
[INFO] [stderr]    Compiling tokio-macros v0.2.6
[INFO] [stderr]    Compiling derive_more v0.99.14
[INFO] [stderr]    Compiling thiserror-impl v1.0.25
[INFO] [stderr]    Compiling actix_derive v0.5.0
[INFO] [stderr]    Compiling crossbeam-channel v0.4.4
[INFO] [stderr]    Compiling actix-macros v0.2.1
[INFO] [stderr]    Compiling sha2 v0.9.5
[INFO] [stderr]    Compiling tracing-futures v0.2.5
[INFO] [stderr]    Compiling enum-as-inner v0.3.3
[INFO] [stderr]    Compiling mime_guess v2.0.3
[INFO] [stderr]    Compiling futures-util v0.3.15
[INFO] [stderr]    Compiling aho-corasick v0.7.18
[INFO] [stderr]    Compiling nom v4.2.3
[INFO] [stderr]    Compiling openssl-sys v0.9.65
[INFO] [stderr]    Compiling brotli-sys v0.3.2
[INFO] [stderr]    Compiling iovec v0.1.4
[INFO] [stderr]    Compiling net2 v0.2.37
[INFO] [stderr]    Compiling signal-hook-registry v1.4.0
[INFO] [stderr]    Compiling num_cpus v1.13.0
[INFO] [stderr]    Compiling parking_lot_core v0.8.3
[INFO] [stderr]    Compiling getrandom v0.1.16
[INFO] [stderr]    Compiling hostname v0.3.1
[INFO] [stderr]    Compiling time v0.2.27
[INFO] [stderr]    Compiling socket2 v0.3.19
[INFO] [stderr]    Compiling flate2 v1.0.20
[INFO] [stderr]    Compiling mio v0.7.13
[INFO] [stderr]    Compiling getrandom v0.2.3
[INFO] [stderr]    Compiling atty v0.2.14
[INFO] [stderr]    Compiling threadpool v1.8.1
[INFO] [stderr]    Compiling mio v0.6.23
[INFO] [stderr]    Compiling parking_lot v0.11.1
[INFO] [stderr]    Compiling resolv-conf v0.7.0
[INFO] [stderr]    Compiling rand_core v0.5.1
[INFO] [stderr]    Compiling regex v1.5.4
[INFO] [stderr]    Compiling uuid v0.8.2
[INFO] [stderr]    Compiling thiserror v1.0.25
[INFO] [stderr]    Compiling v_escape_derive v0.8.4
[INFO] [stderr]    Compiling rand_chacha v0.2.2
[INFO] [stderr]    Compiling openssl v0.10.35
[INFO] [stderr]    Compiling cookie v0.14.4
[INFO] [stderr]    Compiling rand v0.7.3
[INFO] [stderr]    Compiling mio-uds v0.6.8
[INFO] [stderr]    Compiling tokio v0.2.25
[INFO] [stderr]    Compiling actix-router v0.2.7
[INFO] [stderr]    Compiling env_logger v0.8.4
[INFO] [stderr]    Compiling actix-service v1.0.6
[INFO] [stderr]    Compiling futures-executor v0.3.15
[INFO] [stderr]    Compiling futures v0.3.15
[INFO] [stderr]    Compiling actix-rt v2.2.0
[INFO] [stderr]    Compiling actix-threadpool v0.3.3
[INFO] [stderr]    Compiling brotli2 v0.3.2
[INFO] [stderr]    Compiling tokio-util v0.3.1
[INFO] [stderr]    Compiling actix-rt v1.1.1
[INFO] [stderr]    Compiling trust-dns-proto v0.19.7
[INFO] [stderr]    Compiling tokio-openssl v0.4.0
[INFO] [stderr]    Compiling actix-codec v0.3.0
[INFO] [stderr]    Compiling h2 v0.2.7
[INFO] [stderr]    Compiling actix-utils v2.0.0
[INFO] [stderr]    Compiling actix-tls v2.0.0
[INFO] [stderr]    Compiling actix-server v1.0.4
[INFO] [stderr]    Compiling trust-dns-resolver v0.19.7
[INFO] [stderr]    Compiling actix-testing v1.0.1
[INFO] [stderr]    Compiling actix-connect v2.0.0
[INFO] [stderr]    Compiling actix v0.10.0
[INFO] [stderr]    Compiling actix-http v2.2.0
[INFO] [stderr]    Compiling awc v2.0.3
[INFO] [stderr]    Compiling actix-web v3.3.2
[INFO] [stderr]    Compiling actix-files v0.3.0
[INFO] [stderr]    Compiling actix-cors v0.5.4
[INFO] [stderr]    Compiling actix-web-actors v3.0.0
[INFO] [stderr]    Compiling vote v0.1.0 (https://github.com/makuhari-city/vote?rev=6a6c12ce81b16317b44f3c16b24fee9b1939701b#6a6c12ce)
[INFO] [stderr]    Compiling em-fptp v0.1.0 (/opt/rustwide/workdir)
[INFO] [stderr]     Finished dev [unoptimized + debuginfo] target(s) in 3m 34s
[INFO] running `Command { std: "docker" "inspect" "cde8357787eac50bff744a1215bd221932559d9c5b544b730fd22c40d0703fac", kill_on_drop: false }`
[INFO] running `Command { std: "docker" "rm" "-f" "cde8357787eac50bff744a1215bd221932559d9c5b544b730fd22c40d0703fac", kill_on_drop: false }`
[INFO] [stdout] cde8357787eac50bff744a1215bd221932559d9c5b544b730fd22c40d0703fac
[INFO] running `Command { std: "docker" "create" "-v" "/var/lib/crater-agent-workspace/builds/worker-14/target:/opt/rustwide/target:rw,Z" "-v" "/var/lib/crater-agent-workspace/builds/worker-14/source:/opt/rustwide/workdir:ro,Z" "-v" "/var/lib/crater-agent-workspace/cargo-home:/opt/rustwide/cargo-home:ro,Z" "-v" "/var/lib/crater-agent-workspace/rustup-home:/opt/rustwide/rustup-home:ro,Z" "-e" "SOURCE_DIR=/opt/rustwide/workdir" "-e" "CARGO_TARGET_DIR=/opt/rustwide/target" "-e" "CARGO_INCREMENTAL=0" "-e" "RUST_BACKTRACE=full" "-e" "RUSTFLAGS=--cap-lints=warn" "-e" "CARGO_HOME=/opt/rustwide/cargo-home" "-e" "RUSTUP_HOME=/opt/rustwide/rustup-home" "-w" "/opt/rustwide/workdir" "-m" "1610612736" "--user" "0:0" "--network" "none" "ghcr.io/rust-lang/crates-build-env/linux@sha256:34b6a614d2c27851fe6cbf88fbd1137609cefab8b10d0615aaeb6fd47975d74e" "/opt/rustwide/cargo-home/bin/cargo" "+1.54.0" "test" "--frozen" "--no-run" "--message-format=json", kill_on_drop: false }`
[INFO] [stdout] 33a26fc546877898dd98fdabe0ccb165bb04ce99595ae07ae9db6568fa97e672
[INFO] [stderr] WARNING: Your kernel does not support swap limit capabilities or the cgroup is not mounted. Memory limited without swap.
[INFO] running `Command { std: "docker" "start" "-a" "33a26fc546877898dd98fdabe0ccb165bb04ce99595ae07ae9db6568fa97e672", kill_on_drop: false }`
[INFO] [stderr]    Compiling em-fptp v0.1.0 (/opt/rustwide/workdir)
[INFO] [stdout] error[E0608]: cannot index into a value of type `(Vec<FPTPIntermediate>, Vec<(uuid::Uuid, u32)>)`
[INFO] [stdout]    --> src/lib.rs:102:20
[INFO] [stdout]     |
[INFO] [stdout] 102 |         assert_eq!(result[0].0, winner);
[INFO] [stdout]     |                    ^^^^^^^^^ help: to access tuple elements, use: `result.0`
[INFO] [stdout] 
[INFO] [stdout] 
[INFO] [stdout] error[E0608]: cannot index into a value of type `(Vec<FPTPIntermediate>, Vec<(uuid::Uuid, u32)>)`
[INFO] [stdout]    --> src/lib.rs:156:20
[INFO] [stdout]     |
[INFO] [stdout] 156 |         assert_eq!(result[0].0, winner);
[INFO] [stdout]     |                    ^^^^^^^^^ help: to access tuple elements, use: `result.0`
[INFO] [stdout] 
[INFO] [stdout] 
[INFO] [stdout] error[E0608]: cannot index into a value of type `(Vec<FPTPIntermediate>, Vec<(uuid::Uuid, u32)>)`
[INFO] [stdout]    --> src/lib.rs:204:20
[INFO] [stdout]     |
[INFO] [stdout] 204 |         assert_eq!(result[0].0, winner);
[INFO] [stdout]     |                    ^^^^^^^^^ help: to access tuple elements, use: `result.0`
[INFO] [stdout] 
[INFO] [stdout] 
[INFO] [stdout] error[E0599]: no method named `is_empty` found for tuple `(Vec<FPTPIntermediate>, Vec<(uuid::Uuid, u32)>)` in the current scope
[INFO] [stdout]    --> src/lib.rs:229:24
[INFO] [stdout]     |
[INFO] [stdout] 229 |         assert!(result.is_empty());
[INFO] [stdout]     |                        ^^^^^^^^ method not found in `(Vec<FPTPIntermediate>, Vec<(uuid::Uuid, u32)>)`
[INFO] [stdout] 
[INFO] [stdout] 
[INFO] [stdout] error[E0599]: no method named `is_empty` found for tuple `(Vec<FPTPIntermediate>, Vec<(uuid::Uuid, u32)>)` in the current scope
[INFO] [stdout]    --> src/lib.rs:258:24
[INFO] [stdout]     |
[INFO] [stdout] 258 |         assert!(result.is_empty());
[INFO] [stdout]     |                        ^^^^^^^^ method not found in `(Vec<FPTPIntermediate>, Vec<(uuid::Uuid, u32)>)`
[INFO] [stdout] 
[INFO] [stdout] 
[INFO] [stdout] error: aborting due to 5 previous errors
[INFO] [stdout] 
[INFO] [stdout] 
[INFO] [stdout] Some errors have detailed explanations: E0599, E0608.
[INFO] [stdout] 
[INFO] [stdout] For more information about an error, try `rustc --explain E0599`.
[INFO] [stdout] 
[INFO] [stderr] error: could not compile `em-fptp`
[INFO] [stderr] 
[INFO] [stderr] To learn more, run the command again with --verbose.
[INFO] [stderr] warning: build failed, waiting for other jobs to finish...
[INFO] [stderr] error: build failed
[INFO] running `Command { std: "docker" "inspect" "33a26fc546877898dd98fdabe0ccb165bb04ce99595ae07ae9db6568fa97e672", kill_on_drop: false }`
[INFO] running `Command { std: "docker" "rm" "-f" "33a26fc546877898dd98fdabe0ccb165bb04ce99595ae07ae9db6568fa97e672", kill_on_drop: false }`
[INFO] [stdout] 33a26fc546877898dd98fdabe0ccb165bb04ce99595ae07ae9db6568fa97e672
