[INFO] cloning repository https://github.com/makuhari-city/em-borda
[INFO] running `Command { std: "git" "-c" "credential.helper=" "-c" "credential.helper=/workspace/cargo-home/bin/git-credential-null" "clone" "--bare" "https://github.com/makuhari-city/em-borda" "/workspace/cache/git-repos/https%3A%2F%2Fgithub.com%2Fmakuhari-city%2Fem-borda", kill_on_drop: false }`
[INFO] [stderr] Cloning into bare repository '/workspace/cache/git-repos/https%3A%2F%2Fgithub.com%2Fmakuhari-city%2Fem-borda'...
[INFO] running `Command { std: "git" "rev-parse" "HEAD", kill_on_drop: false }`
[INFO] [stdout] 844291b039e59ed2052260339d8d0cad5e043185
[INFO] testing makuhari-city/em-borda against beta-2021-08-01 for beta-1.55-1
[INFO] running `Command { std: "git" "clone" "/workspace/cache/git-repos/https%3A%2F%2Fgithub.com%2Fmakuhari-city%2Fem-borda" "/workspace/builds/worker-1/source", kill_on_drop: false }`
[INFO] [stderr] Cloning into '/workspace/builds/worker-1/source'...
[INFO] [stderr] done.
[INFO] validating manifest of git repo https://github.com/makuhari-city/em-borda on toolchain beta-2021-08-01
[INFO] running `Command { std: "/workspace/cargo-home/bin/cargo" "+beta-2021-08-01" "metadata" "--manifest-path" "Cargo.toml" "--no-deps", kill_on_drop: false }`
[INFO] started tweaking git repo https://github.com/makuhari-city/em-borda
[INFO] finished tweaking git repo https://github.com/makuhari-city/em-borda
[INFO] tweaked toml for git repo https://github.com/makuhari-city/em-borda written to /workspace/builds/worker-1/source/Cargo.toml
[INFO] crate git repo https://github.com/makuhari-city/em-borda already has a lockfile, it will not be regenerated
[INFO] running `Command { std: "/workspace/cargo-home/bin/cargo" "+beta-2021-08-01" "fetch" "--manifest-path" "Cargo.toml", kill_on_drop: false }`
[INFO] running `Command { std: "docker" "create" "-v" "/var/lib/crater-agent-workspace/builds/worker-1/target:/opt/rustwide/target:rw,Z" "-v" "/var/lib/crater-agent-workspace/builds/worker-1/source:/opt/rustwide/workdir:ro,Z" "-v" "/var/lib/crater-agent-workspace/cargo-home:/opt/rustwide/cargo-home:ro,Z" "-v" "/var/lib/crater-agent-workspace/rustup-home:/opt/rustwide/rustup-home:ro,Z" "-e" "SOURCE_DIR=/opt/rustwide/workdir" "-e" "CARGO_TARGET_DIR=/opt/rustwide/target" "-e" "CARGO_HOME=/opt/rustwide/cargo-home" "-e" "RUSTUP_HOME=/opt/rustwide/rustup-home" "-w" "/opt/rustwide/workdir" "-m" "1610612736" "--user" "0:0" "--network" "none" "ghcr.io/rust-lang/crates-build-env/linux@sha256:34b6a614d2c27851fe6cbf88fbd1137609cefab8b10d0615aaeb6fd47975d74e" "/opt/rustwide/cargo-home/bin/cargo" "+beta-2021-08-01" "metadata" "--no-deps" "--format-version=1", kill_on_drop: false }`
[INFO] [stdout] 704a13e04089681051e96fcfbf753af8bae4e4f522e61ed85e76db42a592c819
[INFO] [stderr] WARNING: Your kernel does not support swap limit capabilities or the cgroup is not mounted. Memory limited without swap.
[INFO] running `Command { std: "docker" "start" "-a" "704a13e04089681051e96fcfbf753af8bae4e4f522e61ed85e76db42a592c819", kill_on_drop: false }`
[INFO] running `Command { std: "docker" "inspect" "704a13e04089681051e96fcfbf753af8bae4e4f522e61ed85e76db42a592c819", kill_on_drop: false }`
[INFO] running `Command { std: "docker" "rm" "-f" "704a13e04089681051e96fcfbf753af8bae4e4f522e61ed85e76db42a592c819", kill_on_drop: false }`
[INFO] [stdout] 704a13e04089681051e96fcfbf753af8bae4e4f522e61ed85e76db42a592c819
[INFO] running `Command { std: "docker" "create" "-v" "/var/lib/crater-agent-workspace/builds/worker-1/target:/opt/rustwide/target:rw,Z" "-v" "/var/lib/crater-agent-workspace/builds/worker-1/source:/opt/rustwide/workdir:ro,Z" "-v" "/var/lib/crater-agent-workspace/cargo-home:/opt/rustwide/cargo-home:ro,Z" "-v" "/var/lib/crater-agent-workspace/rustup-home:/opt/rustwide/rustup-home:ro,Z" "-e" "SOURCE_DIR=/opt/rustwide/workdir" "-e" "CARGO_TARGET_DIR=/opt/rustwide/target" "-e" "CARGO_INCREMENTAL=0" "-e" "RUST_BACKTRACE=full" "-e" "RUSTFLAGS=--cap-lints=warn" "-e" "CARGO_HOME=/opt/rustwide/cargo-home" "-e" "RUSTUP_HOME=/opt/rustwide/rustup-home" "-w" "/opt/rustwide/workdir" "-m" "1610612736" "--user" "0:0" "--network" "none" "ghcr.io/rust-lang/crates-build-env/linux@sha256:34b6a614d2c27851fe6cbf88fbd1137609cefab8b10d0615aaeb6fd47975d74e" "/opt/rustwide/cargo-home/bin/cargo" "+beta-2021-08-01" "build" "--frozen" "--message-format=json", kill_on_drop: false }`
[INFO] [stdout] 7b1834162e88888979c2be6cf14099c0b05bb150c344cce5f8aee0520fbf153e
[INFO] [stderr] WARNING: Your kernel does not support swap limit capabilities or the cgroup is not mounted. Memory limited without swap.
[INFO] running `Command { std: "docker" "start" "-a" "7b1834162e88888979c2be6cf14099c0b05bb150c344cce5f8aee0520fbf153e", kill_on_drop: false }`
[INFO] [stderr]    Compiling syn v1.0.73
[INFO] [stderr]    Compiling libc v0.2.97
[INFO] [stderr]    Compiling futures-sink v0.3.15
[INFO] [stderr]    Compiling futures-channel v0.3.15
[INFO] [stderr]    Compiling futures-io v0.3.15
[INFO] [stderr]    Compiling pin-project-lite v0.1.12
[INFO] [stderr]    Compiling cc v1.0.68
[INFO] [stderr]    Compiling pin-project-internal v0.4.28
[INFO] [stderr]    Compiling getrandom v0.1.16
[INFO] [stderr]    Compiling convert_case v0.4.0
[INFO] [stderr]    Compiling typenum v1.13.0
[INFO] [stderr]    Compiling once_cell v1.8.0
[INFO] [stderr]    Compiling async-trait v0.1.50
[INFO] [stderr]    Compiling itoa v0.4.7
[INFO] [stderr]    Compiling openssl v0.10.35
[INFO] [stderr]    Compiling linked-hash-map v0.5.4
[INFO] [stderr]    Compiling const_fn v0.4.8
[INFO] [stderr]    Compiling encoding_rs v0.8.28
[INFO] [stderr]    Compiling cpufeatures v0.1.5
[INFO] [stderr]    Compiling httparse v1.4.1
[INFO] [stderr]    Compiling base64 v0.13.0
[INFO] [stderr]    Compiling v_escape v0.13.2
[INFO] [stderr]    Compiling v_htmlescape v0.10.4
[INFO] [stderr]    Compiling humantime v2.1.0
[INFO] [stderr]    Compiling bs58 v0.4.0
[INFO] [stderr]    Compiling futures-util v0.3.15
[INFO] [stderr]    Compiling generic-array v0.14.4
[INFO] [stderr]    Compiling standback v0.2.17
[INFO] [stderr]    Compiling tracing-core v0.1.18
[INFO] [stderr]    Compiling miniz_oxide v0.4.4
[INFO] [stderr]    Compiling time v0.2.27
[INFO] [stderr]    Compiling cookie v0.14.4
[INFO] [stderr]    Compiling unicase v2.6.0
[INFO] [stderr]    Compiling crossbeam-utils v0.7.2
[INFO] [stderr]    Compiling tokio v1.7.1
[INFO] [stderr]    Compiling tinyvec v1.2.0
[INFO] [stderr]    Compiling form_urlencoded v1.0.1
[INFO] [stderr]    Compiling unicode-bidi v0.3.5
[INFO] [stderr]    Compiling heck v0.3.3
[INFO] [stderr]    Compiling bytestring v1.0.0
[INFO] [stderr]    Compiling http v0.2.4
[INFO] [stderr]    Compiling lru-cache v0.1.2
[INFO] [stderr]    Compiling fxhash v0.2.1
[INFO] [stderr]    Compiling tracing v0.1.26
[INFO] [stderr]    Compiling nom v4.2.3
[INFO] [stderr]    Compiling mime_guess v2.0.3
[INFO] [stderr]    Compiling openssl-sys v0.9.65
[INFO] [stderr]    Compiling brotli-sys v0.3.2
[INFO] [stderr]    Compiling unicode-normalization v0.1.19
[INFO] [stderr]    Compiling signal-hook-registry v1.4.0
[INFO] [stderr]    Compiling iovec v0.1.4
[INFO] [stderr]    Compiling num_cpus v1.13.0
[INFO] [stderr]    Compiling net2 v0.2.37
[INFO] [stderr]    Compiling parking_lot_core v0.8.3
[INFO] [stderr]    Compiling hostname v0.3.1
[INFO] [stderr]    Compiling socket2 v0.3.19
[INFO] [stderr]    Compiling getrandom v0.2.3
[INFO] [stderr]    Compiling mio v0.7.13
[INFO] [stderr]    Compiling atty v0.2.14
[INFO] [stderr]    Compiling flate2 v1.0.20
[INFO] [stderr]    Compiling threadpool v1.8.1
[INFO] [stderr]    Compiling crossbeam-channel v0.4.4
[INFO] [stderr]    Compiling resolv-conf v0.7.0
[INFO] [stderr]    Compiling mio v0.6.23
[INFO] [stderr]    Compiling rand_core v0.5.1
[INFO] [stderr]    Compiling parking_lot v0.11.1
[INFO] [stderr]    Compiling env_logger v0.8.4
[INFO] [stderr]    Compiling rand_chacha v0.2.2
[INFO] [stderr]    Compiling idna v0.2.3
[INFO] [stderr]    Compiling block-buffer v0.9.0
[INFO] [stderr]    Compiling digest v0.9.0
[INFO] [stderr]    Compiling rand v0.7.3
[INFO] [stderr]    Compiling sha-1 v0.9.6
[INFO] [stderr]    Compiling sha2 v0.9.5
[INFO] [stderr]    Compiling mio-uds v0.6.8
[INFO] [stderr]    Compiling url v2.2.2
[INFO] [stderr]    Compiling brotli2 v0.3.2
[INFO] [stderr]    Compiling futures-macro v0.3.15
[INFO] [stderr]    Compiling tokio-macros v0.2.6
[INFO] [stderr]    Compiling derive_more v0.99.14
[INFO] [stderr]    Compiling actix-macros v0.1.3
[INFO] [stderr]    Compiling thiserror-impl v1.0.25
[INFO] [stderr]    Compiling serde_derive v1.0.126
[INFO] [stderr]    Compiling enum-as-inner v0.3.3
[INFO] [stderr]    Compiling pin-project-internal v1.0.7
[INFO] [stderr]    Compiling time-macros-impl v0.1.2
[INFO] [stderr]    Compiling actix-web-codegen v0.4.0
[INFO] [stderr]    Compiling v_escape_derive v0.8.4
[INFO] [stderr]    Compiling actix_derive v0.5.0
[INFO] [stderr]    Compiling actix-macros v0.2.1
[INFO] [stderr]    Compiling actix-rt v2.2.0
[INFO] [stderr]    Compiling tokio v0.2.25
[INFO] [stderr]    Compiling time-macros v0.1.1
[INFO] [stderr]    Compiling thiserror v1.0.25
[INFO] [stderr]    Compiling pin-project v0.4.28
[INFO] [stderr]    Compiling pin-project v1.0.7
[INFO] [stderr]    Compiling tracing-futures v0.2.5
[INFO] [stderr]    Compiling actix-threadpool v0.3.3
[INFO] [stderr]    Compiling serde v1.0.126
[INFO] [stderr]    Compiling futures-executor v0.3.15
[INFO] [stderr]    Compiling actix-service v1.0.6
[INFO] [stderr]    Compiling futures v0.3.15
[INFO] [stderr]    Compiling tokio-util v0.3.1
[INFO] [stderr]    Compiling actix-rt v1.1.1
[INFO] [stderr]    Compiling trust-dns-proto v0.19.7
[INFO] [stderr]    Compiling tokio-openssl v0.4.0
[INFO] [stderr]    Compiling actix-codec v0.3.0
[INFO] [stderr]    Compiling h2 v0.2.7
[INFO] [stderr]    Compiling actix-utils v2.0.0
[INFO] [stderr]    Compiling actix-tls v2.0.0
[INFO] [stderr]    Compiling actix-server v1.0.4
[INFO] [stderr]    Compiling trust-dns-resolver v0.19.7
[INFO] [stderr]    Compiling actix-testing v1.0.1
[INFO] [stderr]    Compiling serde_urlencoded v0.7.0
[INFO] [stderr]    Compiling serde_json v1.0.64
[INFO] [stderr]    Compiling actix-router v0.2.7
[INFO] [stderr]    Compiling uuid v0.8.2
[INFO] [stderr]    Compiling actix-connect v2.0.0
[INFO] [stderr]    Compiling actix v0.10.0
[INFO] [stderr]    Compiling actix-http v2.2.0
[INFO] [stderr]    Compiling awc v2.0.3
[INFO] [stderr]    Compiling actix-web v3.3.2
[INFO] [stderr]    Compiling actix-files v0.3.0
[INFO] [stderr]    Compiling actix-web-actors v3.0.0
[INFO] [stderr]    Compiling actix-cors v0.5.4
[INFO] [stderr]    Compiling vote v0.1.0 (https://github.com/makuhari-city/vote?rev=6910dcbd80a132f1a9daa94c27219bdd28c6d827#6910dcbd)
[INFO] [stderr]    Compiling em-borda v0.1.0 (/opt/rustwide/workdir)
[INFO] [stderr]     Finished dev [unoptimized + debuginfo] target(s) in 4m 37s
[INFO] running `Command { std: "docker" "inspect" "7b1834162e88888979c2be6cf14099c0b05bb150c344cce5f8aee0520fbf153e", kill_on_drop: false }`
[INFO] running `Command { std: "docker" "rm" "-f" "7b1834162e88888979c2be6cf14099c0b05bb150c344cce5f8aee0520fbf153e", kill_on_drop: false }`
[INFO] [stdout] 7b1834162e88888979c2be6cf14099c0b05bb150c344cce5f8aee0520fbf153e
[INFO] running `Command { std: "docker" "create" "-v" "/var/lib/crater-agent-workspace/builds/worker-1/target:/opt/rustwide/target:rw,Z" "-v" "/var/lib/crater-agent-workspace/builds/worker-1/source:/opt/rustwide/workdir:ro,Z" "-v" "/var/lib/crater-agent-workspace/cargo-home:/opt/rustwide/cargo-home:ro,Z" "-v" "/var/lib/crater-agent-workspace/rustup-home:/opt/rustwide/rustup-home:ro,Z" "-e" "SOURCE_DIR=/opt/rustwide/workdir" "-e" "CARGO_TARGET_DIR=/opt/rustwide/target" "-e" "CARGO_INCREMENTAL=0" "-e" "RUST_BACKTRACE=full" "-e" "RUSTFLAGS=--cap-lints=warn" "-e" "CARGO_HOME=/opt/rustwide/cargo-home" "-e" "RUSTUP_HOME=/opt/rustwide/rustup-home" "-w" "/opt/rustwide/workdir" "-m" "1610612736" "--user" "0:0" "--network" "none" "ghcr.io/rust-lang/crates-build-env/linux@sha256:34b6a614d2c27851fe6cbf88fbd1137609cefab8b10d0615aaeb6fd47975d74e" "/opt/rustwide/cargo-home/bin/cargo" "+beta-2021-08-01" "test" "--frozen" "--no-run" "--message-format=json", kill_on_drop: false }`
[INFO] [stdout] f5b2d46e6f616e6df0540ace6ac9663dec947ed795df589e4e8cb980c0592c80
[INFO] [stderr] WARNING: Your kernel does not support swap limit capabilities or the cgroup is not mounted. Memory limited without swap.
[INFO] running `Command { std: "docker" "start" "-a" "f5b2d46e6f616e6df0540ace6ac9663dec947ed795df589e4e8cb980c0592c80", kill_on_drop: false }`
[INFO] [stderr]    Compiling em-borda v0.1.0 (/opt/rustwide/workdir)
[INFO] [stdout] error[E0608]: cannot index into a value of type `(Vec<BordaIntermediate>, Vec<(uuid::Uuid, u32)>)`
[INFO] [stdout]    --> src/lib.rs:123:20
[INFO] [stdout]     |
[INFO] [stdout] 123 |         assert_eq!(result[0].0, winner);
[INFO] [stdout]     |                    ^^^^^^^^^ help: to access tuple elements, use: `result.0`
[INFO] [stdout] 
[INFO] [stdout] 
[INFO] [stdout] error[E0608]: cannot index into a value of type `(Vec<BordaIntermediate>, Vec<(uuid::Uuid, u32)>)`
[INFO] [stdout]    --> src/lib.rs:157:20
[INFO] [stdout]     |
[INFO] [stdout] 157 |         assert_eq!(result[0].0, winner);
[INFO] [stdout]     |                    ^^^^^^^^^ help: to access tuple elements, use: `result.0`
[INFO] [stdout] 
[INFO] [stdout] 
[INFO] [stdout] error[E0608]: cannot index into a value of type `(Vec<BordaIntermediate>, Vec<(uuid::Uuid, u32)>)`
[INFO] [stdout]    --> src/lib.rs:190:20
[INFO] [stdout]     |
[INFO] [stdout] 190 |         assert_eq!(result[0].0, winner);
[INFO] [stdout]     |                    ^^^^^^^^^ help: to access tuple elements, use: `result.0`
[INFO] [stdout] 
[INFO] [stdout] 
[INFO] [stdout] error[E0608]: cannot index into a value of type `(Vec<BordaIntermediate>, Vec<(uuid::Uuid, u32)>)`
[INFO] [stdout]    --> src/lib.rs:215:20
[INFO] [stdout]     |
[INFO] [stdout] 215 |         assert_eq!(result[0].1, result[1].1);
[INFO] [stdout]     |                    ^^^^^^^^^ help: to access tuple elements, use: `result.0`
[INFO] [stdout] 
[INFO] [stdout] 
[INFO] [stdout] error[E0608]: cannot index into a value of type `(Vec<BordaIntermediate>, Vec<(uuid::Uuid, u32)>)`
[INFO] [stdout]    --> src/lib.rs:215:33
[INFO] [stdout]     |
[INFO] [stdout] 215 |         assert_eq!(result[0].1, result[1].1);
[INFO] [stdout]     |                                 ^^^^^^^^^ help: to access tuple elements, use: `result.1`
[INFO] [stdout] 
[INFO] [stdout] 
[INFO] [stdout] error[E0608]: cannot index into a value of type `(Vec<BordaIntermediate>, Vec<(uuid::Uuid, u32)>)`
[INFO] [stdout]    --> src/lib.rs:242:20
[INFO] [stdout]     |
[INFO] [stdout] 242 |         assert_eq!(result[0].1, result[1].1);
[INFO] [stdout]     |                    ^^^^^^^^^ help: to access tuple elements, use: `result.0`
[INFO] [stdout] 
[INFO] [stdout] 
[INFO] [stdout] error[E0608]: cannot index into a value of type `(Vec<BordaIntermediate>, Vec<(uuid::Uuid, u32)>)`
[INFO] [stdout]    --> src/lib.rs:242:33
[INFO] [stdout]     |
[INFO] [stdout] 242 |         assert_eq!(result[0].1, result[1].1);
[INFO] [stdout]     |                                 ^^^^^^^^^ help: to access tuple elements, use: `result.1`
[INFO] [stdout] 
[INFO] [stdout] 
[INFO] [stdout] error: aborting due to 7 previous errors
[INFO] [stdout] 
[INFO] [stdout] 
[INFO] [stdout] For more information about this error, try `rustc --explain E0608`.
[INFO] [stdout] 
[INFO] [stderr] error: could not compile `em-borda` due to 8 previous errors
[INFO] [stderr] warning: build failed, waiting for other jobs to finish...
[INFO] [stderr] error: build failed
[INFO] running `Command { std: "docker" "inspect" "f5b2d46e6f616e6df0540ace6ac9663dec947ed795df589e4e8cb980c0592c80", kill_on_drop: false }`
[INFO] running `Command { std: "docker" "rm" "-f" "f5b2d46e6f616e6df0540ace6ac9663dec947ed795df589e4e8cb980c0592c80", kill_on_drop: false }`
[INFO] [stdout] f5b2d46e6f616e6df0540ace6ac9663dec947ed795df589e4e8cb980c0592c80
