[INFO] cloning repository https://github.com/makslevental/pg_dump_restore_tui
[INFO] running `Command { std: "git" "-c" "credential.helper=" "-c" "credential.helper=/workspace/cargo-home/bin/git-credential-null" "clone" "--bare" "https://github.com/makslevental/pg_dump_restore_tui" "/workspace/cache/git-repos/https%3A%2F%2Fgithub.com%2Fmakslevental%2Fpg_dump_restore_tui", kill_on_drop: false }`
[INFO] [stderr] Cloning into bare repository '/workspace/cache/git-repos/https%3A%2F%2Fgithub.com%2Fmakslevental%2Fpg_dump_restore_tui'...
[INFO] running `Command { std: "git" "rev-parse" "HEAD", kill_on_drop: false }`
[INFO] [stdout] fd21f9e82e483083611a9fc4fd2475fc82060f27
[INFO] testing makslevental/pg_dump_restore_tui against beta-2021-08-01 for beta-1.55-1
[INFO] running `Command { std: "git" "clone" "/workspace/cache/git-repos/https%3A%2F%2Fgithub.com%2Fmakslevental%2Fpg_dump_restore_tui" "/workspace/builds/worker-8/source", kill_on_drop: false }`
[INFO] [stderr] Cloning into '/workspace/builds/worker-8/source'...
[INFO] [stderr] done.
[INFO] validating manifest of git repo https://github.com/makslevental/pg_dump_restore_tui on toolchain beta-2021-08-01
[INFO] running `Command { std: "/workspace/cargo-home/bin/cargo" "+beta-2021-08-01" "metadata" "--manifest-path" "Cargo.toml" "--no-deps", kill_on_drop: false }`
[INFO] started tweaking git repo https://github.com/makslevental/pg_dump_restore_tui
[INFO] finished tweaking git repo https://github.com/makslevental/pg_dump_restore_tui
[INFO] tweaked toml for git repo https://github.com/makslevental/pg_dump_restore_tui written to /workspace/builds/worker-8/source/Cargo.toml
[INFO] crate git repo https://github.com/makslevental/pg_dump_restore_tui already has a lockfile, it will not be regenerated
[INFO] running `Command { std: "/workspace/cargo-home/bin/cargo" "+beta-2021-08-01" "fetch" "--manifest-path" "Cargo.toml", kill_on_drop: false }`
[INFO] [stderr]  Downloading crates ...
[INFO] [stderr]   Downloaded reexport-proc-macro v1.0.5
[INFO] [stderr]   Downloaded enum-map v0.4.1
[INFO] [stderr]   Downloaded enum-map-derive v0.4.0
[INFO] [stderr]   Downloaded array-macro v1.0.2
[INFO] [stderr]   Downloaded enumset v0.3.11
[INFO] [stderr]   Downloaded cursive v0.9.0
[INFO] [stderr]   Downloaded ncurses v5.93.0
[INFO] [stderr]   Downloaded arc-swap v0.2.0
[INFO] [stderr]   Downloaded signal-hook v0.1.2
[INFO] running `Command { std: "docker" "create" "-v" "/var/lib/crater-agent-workspace/builds/worker-8/target:/opt/rustwide/target:rw,Z" "-v" "/var/lib/crater-agent-workspace/builds/worker-8/source:/opt/rustwide/workdir:ro,Z" "-v" "/var/lib/crater-agent-workspace/cargo-home:/opt/rustwide/cargo-home:ro,Z" "-v" "/var/lib/crater-agent-workspace/rustup-home:/opt/rustwide/rustup-home:ro,Z" "-e" "SOURCE_DIR=/opt/rustwide/workdir" "-e" "CARGO_TARGET_DIR=/opt/rustwide/target" "-e" "CARGO_HOME=/opt/rustwide/cargo-home" "-e" "RUSTUP_HOME=/opt/rustwide/rustup-home" "-w" "/opt/rustwide/workdir" "-m" "1610612736" "--user" "0:0" "--network" "none" "ghcr.io/rust-lang/crates-build-env/linux@sha256:34b6a614d2c27851fe6cbf88fbd1137609cefab8b10d0615aaeb6fd47975d74e" "/opt/rustwide/cargo-home/bin/cargo" "+beta-2021-08-01" "metadata" "--no-deps" "--format-version=1", kill_on_drop: false }`
[INFO] [stdout] 64f564086f3d41db0d3eadd2389c90339dae54e9dc2ace47effc59071f65036e
[INFO] [stderr] WARNING: Your kernel does not support swap limit capabilities or the cgroup is not mounted. Memory limited without swap.
[INFO] running `Command { std: "docker" "start" "-a" "64f564086f3d41db0d3eadd2389c90339dae54e9dc2ace47effc59071f65036e", kill_on_drop: false }`
[INFO] running `Command { std: "docker" "inspect" "64f564086f3d41db0d3eadd2389c90339dae54e9dc2ace47effc59071f65036e", kill_on_drop: false }`
[INFO] running `Command { std: "docker" "rm" "-f" "64f564086f3d41db0d3eadd2389c90339dae54e9dc2ace47effc59071f65036e", kill_on_drop: false }`
[INFO] [stdout] 64f564086f3d41db0d3eadd2389c90339dae54e9dc2ace47effc59071f65036e
[INFO] running `Command { std: "docker" "create" "-v" "/var/lib/crater-agent-workspace/builds/worker-8/target:/opt/rustwide/target:rw,Z" "-v" "/var/lib/crater-agent-workspace/builds/worker-8/source:/opt/rustwide/workdir:ro,Z" "-v" "/var/lib/crater-agent-workspace/cargo-home:/opt/rustwide/cargo-home:ro,Z" "-v" "/var/lib/crater-agent-workspace/rustup-home:/opt/rustwide/rustup-home:ro,Z" "-e" "SOURCE_DIR=/opt/rustwide/workdir" "-e" "CARGO_TARGET_DIR=/opt/rustwide/target" "-e" "CARGO_INCREMENTAL=0" "-e" "RUST_BACKTRACE=full" "-e" "RUSTFLAGS=--cap-lints=warn" "-e" "CARGO_HOME=/opt/rustwide/cargo-home" "-e" "RUSTUP_HOME=/opt/rustwide/rustup-home" "-w" "/opt/rustwide/workdir" "-m" "1610612736" "--user" "0:0" "--network" "none" "ghcr.io/rust-lang/crates-build-env/linux@sha256:34b6a614d2c27851fe6cbf88fbd1137609cefab8b10d0615aaeb6fd47975d74e" "/opt/rustwide/cargo-home/bin/cargo" "+beta-2021-08-01" "build" "--frozen" "--message-format=json", kill_on_drop: false }`
[INFO] [stdout] 358d69302fc3c1e5ec22e3e49eb187db890dc29ff6851dc3c74b289890463808
[INFO] [stderr] WARNING: Your kernel does not support swap limit capabilities or the cgroup is not mounted. Memory limited without swap.
[INFO] running `Command { std: "docker" "start" "-a" "358d69302fc3c1e5ec22e3e49eb187db890dc29ff6851dc3c74b289890463808", kill_on_drop: false }`
[INFO] [stderr]    Compiling libc v0.2.42
[INFO] [stderr]    Compiling num-traits v0.2.5
[INFO] [stderr]    Compiling stable_deref_trait v1.1.0
[INFO] [stderr]    Compiling num-complex v0.2.0
[INFO] [stderr]    Compiling gcc v0.3.54
[INFO] [stderr]    Compiling cfg-if v0.1.4
[INFO] [stderr]    Compiling num-iter v0.1.37
[INFO] [stderr]    Compiling serde v1.0.70
[INFO] [stderr]    Compiling num-rational v0.2.1
[INFO] [stderr]    Compiling pkg-config v0.3.12
[INFO] [stderr]    Compiling crossbeam-utils v0.4.1
[INFO] [stderr]    Compiling ucd-util v0.1.1
[INFO] [stderr]    Compiling reexport-proc-macro v1.0.5
[INFO] [stderr]    Compiling regex v1.0.2
[INFO] [stderr]    Compiling arc-swap v0.2.0
[INFO] [stderr]    Compiling array-macro v1.0.2
[INFO] [stderr]    Compiling utf8-ranges v1.0.0
[INFO] [stderr]    Compiling proc-macro2 v0.4.9
[INFO] [stderr]    Compiling arrayvec v0.4.7
[INFO] [stderr]    Compiling log v0.4.3
[INFO] [stderr]    Compiling owning_ref v0.3.3
[INFO] [stderr]    Compiling lazy_static v1.1.0
[INFO] [stderr]    Compiling smallvec v0.6.3
[INFO] [stderr]    Compiling regex-syntax v0.6.2
[INFO] [stderr]    Compiling quote v0.6.4
[INFO] [stderr]    Compiling crossbeam-epoch v0.5.1
[INFO] [stderr]    Compiling thread_local v0.3.5
[INFO] [stderr]    Compiling colored v1.6.1
[INFO] [stderr]    Compiling rand v0.4.2
[INFO] [stderr]    Compiling memchr v2.0.1
[INFO] [stderr]    Compiling rand v0.5.4
[INFO] [stderr]    Compiling signal-hook v0.1.2
[INFO] [stderr]    Compiling atty v0.2.11
[INFO] [stderr]    Compiling time v0.1.40
[INFO] [stderr]    Compiling term_size v0.3.1
[INFO] [stderr]    Compiling syn v0.14.5
[INFO] [stderr]    Compiling aho-corasick v0.6.6
[INFO] [stderr]    Compiling clap v2.32.0
[INFO] [stderr]    Compiling ncurses v5.93.0
[INFO] [stderr]    Compiling num-integer v0.1.39
[INFO] [stderr]    Compiling enumset v0.3.11
[INFO] [stderr]    Compiling parking_lot_core v0.2.14
[INFO] [stderr]    Compiling parking_lot v0.5.5
[INFO] [stderr]    Compiling chrono v0.4.5
[INFO] [stderr]    Compiling crossbeam-channel v0.2.3
[INFO] [stderr]    Compiling num v0.2.0
[INFO] [stderr]    Compiling enum-map-derive v0.4.0
[INFO] [stderr]    Compiling serde_derive v1.0.70
[INFO] [stderr]    Compiling enum-map v0.4.1
[INFO] [stderr]    Compiling toml v0.4.6
[INFO] [stderr]    Compiling cursive v0.9.0
[INFO] [stderr]    Compiling tui v0.1.0 (/opt/rustwide/workdir)
[INFO] [stdout] error[E0432]: unresolved import `std::option::NoneError`
[INFO] [stdout]  --> src/tui/mod.rs:8:5
[INFO] [stdout]   |
[INFO] [stdout] 8 | use std::option::NoneError;
[INFO] [stdout]   |     ^^^^^^^^^^^^^^^^^^^^^^ no `NoneError` in `option`
[INFO] [stdout] 
[INFO] [stdout] 
[INFO] [stdout] error[E0412]: cannot find type `NoneError` in module `option`
[INFO] [stdout]   --> src/config/mod.rs:94:19
[INFO] [stdout]    |
[INFO] [stdout] 94 | impl From<option::NoneError> for ConfigError {
[INFO] [stdout]    |                   ^^^^^^^^^ not found in `option`
[INFO] [stdout] 
[INFO] [stdout] 
[INFO] [stdout] error[E0412]: cannot find type `NoneError` in module `option`
[INFO] [stdout]   --> src/config/mod.rs:95:24
[INFO] [stdout]    |
[INFO] [stdout] 95 |     fn from(e: option::NoneError) -> Self {
[INFO] [stdout]    |                        ^^^^^^^^^ not found in `option`
[INFO] [stdout] 
[INFO] [stdout] 
[INFO] [stdout] error[E0554]: `#![feature]` may not be used on the beta release channel
[INFO] [stdout]  --> src/main.rs:3:1
[INFO] [stdout]   |
[INFO] [stdout] 3 | #![feature(try_trait)]
[INFO] [stdout]   | ^^^^^^^^^^^^^^^^^^^^^^
[INFO] [stdout] 
[INFO] [stdout] 
[INFO] [stdout] error[E0277]: the `?` operator can only be used on `Result`s, not `Option`s, in a function that returns `Result`
[INFO] [stdout]    --> src/config/mod.rs:109:66
[INFO] [stdout]     |
[INFO] [stdout] 106 | / pub fn load_config() -> Result<Config, ConfigError> {
[INFO] [stdout] 107 | |     let args = args::load_args();
[INFO] [stdout] 108 | |
[INFO] [stdout] 109 | |     let mut config_file = File::open(args.value_of("config_file")?)?;
[INFO] [stdout]     | |                                                                  ^ use `.ok_or(...)?` to provide an error compatible with `Result<Config, ConfigError>`
[INFO] [stdout] ...   |
[INFO] [stdout] 146 | |     }
[INFO] [stdout] 147 | | }
[INFO] [stdout]     | |_- this function returns a `Result`
[INFO] [stdout]     |
[INFO] [stdout]     = help: the trait `FromResidual<std::option::Option<Infallible>>` is not implemented for `Result<Config, ConfigError>`
[INFO] [stdout] note: required by `from_residual`
[INFO] [stdout] 
[INFO] [stdout] 
[INFO] [stdout] error: aborting due to 5 previous errors
[INFO] [stdout] 
[INFO] [stdout] 
[INFO] [stdout] Some errors have detailed explanations: E0277, E0412, E0432, E0554.
[INFO] [stdout] 
[INFO] [stdout] For more information about an error, try `rustc --explain E0277`.
[INFO] [stdout] 
[INFO] [stderr] error: could not compile `tui` due to 6 previous errors
[INFO] running `Command { std: "docker" "inspect" "358d69302fc3c1e5ec22e3e49eb187db890dc29ff6851dc3c74b289890463808", kill_on_drop: false }`
[INFO] running `Command { std: "docker" "rm" "-f" "358d69302fc3c1e5ec22e3e49eb187db890dc29ff6851dc3c74b289890463808", kill_on_drop: false }`
[INFO] [stdout] 358d69302fc3c1e5ec22e3e49eb187db890dc29ff6851dc3c74b289890463808
