[INFO] cloning repository https://github.com/lupyuen/test-rust-macros
[INFO] running `Command { std: "git" "-c" "credential.helper=" "-c" "credential.helper=/workspace/cargo-home/bin/git-credential-null" "clone" "--bare" "https://github.com/lupyuen/test-rust-macros" "/workspace/cache/git-repos/https%3A%2F%2Fgithub.com%2Flupyuen%2Ftest-rust-macros", kill_on_drop: false }`
[INFO] [stderr] Cloning into bare repository '/workspace/cache/git-repos/https%3A%2F%2Fgithub.com%2Flupyuen%2Ftest-rust-macros'...
[INFO] running `Command { std: "git" "rev-parse" "HEAD", kill_on_drop: false }`
[INFO] [stdout] cd22ac775ed634682e11adf89e094e863909c3b5
[INFO] testing lupyuen/test-rust-macros against 1.54.0 for beta-1.55-1
[INFO] running `Command { std: "git" "clone" "/workspace/cache/git-repos/https%3A%2F%2Fgithub.com%2Flupyuen%2Ftest-rust-macros" "/workspace/builds/worker-41/source", kill_on_drop: false }`
[INFO] [stderr] Cloning into '/workspace/builds/worker-41/source'...
[INFO] [stderr] done.
[INFO] validating manifest of git repo https://github.com/lupyuen/test-rust-macros on toolchain 1.54.0
[INFO] running `Command { std: "/workspace/cargo-home/bin/cargo" "+1.54.0" "metadata" "--manifest-path" "Cargo.toml" "--no-deps", kill_on_drop: false }`
[INFO] removed /workspace/builds/worker-41/source/.cargo/config
[INFO] started tweaking git repo https://github.com/lupyuen/test-rust-macros
[INFO] finished tweaking git repo https://github.com/lupyuen/test-rust-macros
[INFO] tweaked toml for git repo https://github.com/lupyuen/test-rust-macros written to /workspace/builds/worker-41/source/Cargo.toml
[INFO] crate git repo https://github.com/lupyuen/test-rust-macros already has a lockfile, it will not be regenerated
[INFO] running `Command { std: "/workspace/cargo-home/bin/cargo" "+1.54.0" "fetch" "--manifest-path" "Cargo.toml", kill_on_drop: false }`
[INFO] [stderr]     Blocking waiting for file lock on package cache
[INFO] [stderr]     Blocking waiting for file lock on package cache
[INFO] running `Command { std: "docker" "create" "-v" "/var/lib/crater-agent-workspace/builds/worker-41/target:/opt/rustwide/target:rw,Z" "-v" "/var/lib/crater-agent-workspace/builds/worker-41/source:/opt/rustwide/workdir:ro,Z" "-v" "/var/lib/crater-agent-workspace/cargo-home:/opt/rustwide/cargo-home:ro,Z" "-v" "/var/lib/crater-agent-workspace/rustup-home:/opt/rustwide/rustup-home:ro,Z" "-e" "SOURCE_DIR=/opt/rustwide/workdir" "-e" "CARGO_TARGET_DIR=/opt/rustwide/target" "-e" "CARGO_HOME=/opt/rustwide/cargo-home" "-e" "RUSTUP_HOME=/opt/rustwide/rustup-home" "-w" "/opt/rustwide/workdir" "-m" "1610612736" "--user" "0:0" "--network" "none" "ghcr.io/rust-lang/crates-build-env/linux@sha256:34b6a614d2c27851fe6cbf88fbd1137609cefab8b10d0615aaeb6fd47975d74e" "/opt/rustwide/cargo-home/bin/cargo" "+1.54.0" "metadata" "--no-deps" "--format-version=1", kill_on_drop: false }`
[INFO] [stdout] 22c8c2295d44dc088dd0493f4204d552da7b84edaf1d61e182d414121d01da4f
[INFO] running `Command { std: "docker" "start" "-a" "22c8c2295d44dc088dd0493f4204d552da7b84edaf1d61e182d414121d01da4f", kill_on_drop: false }`
[INFO] running `Command { std: "docker" "inspect" "22c8c2295d44dc088dd0493f4204d552da7b84edaf1d61e182d414121d01da4f", kill_on_drop: false }`
[INFO] running `Command { std: "docker" "rm" "-f" "22c8c2295d44dc088dd0493f4204d552da7b84edaf1d61e182d414121d01da4f", kill_on_drop: false }`
[INFO] [stdout] 22c8c2295d44dc088dd0493f4204d552da7b84edaf1d61e182d414121d01da4f
[INFO] running `Command { std: "docker" "create" "-v" "/var/lib/crater-agent-workspace/builds/worker-41/target:/opt/rustwide/target:rw,Z" "-v" "/var/lib/crater-agent-workspace/builds/worker-41/source:/opt/rustwide/workdir:ro,Z" "-v" "/var/lib/crater-agent-workspace/cargo-home:/opt/rustwide/cargo-home:ro,Z" "-v" "/var/lib/crater-agent-workspace/rustup-home:/opt/rustwide/rustup-home:ro,Z" "-e" "SOURCE_DIR=/opt/rustwide/workdir" "-e" "CARGO_TARGET_DIR=/opt/rustwide/target" "-e" "CARGO_INCREMENTAL=0" "-e" "RUST_BACKTRACE=full" "-e" "RUSTFLAGS=--cap-lints=warn" "-e" "CARGO_HOME=/opt/rustwide/cargo-home" "-e" "RUSTUP_HOME=/opt/rustwide/rustup-home" "-w" "/opt/rustwide/workdir" "-m" "1610612736" "--user" "0:0" "--network" "none" "ghcr.io/rust-lang/crates-build-env/linux@sha256:34b6a614d2c27851fe6cbf88fbd1137609cefab8b10d0615aaeb6fd47975d74e" "/opt/rustwide/cargo-home/bin/cargo" "+1.54.0" "build" "--frozen" "--message-format=json", kill_on_drop: false }`
[INFO] [stdout] 007a56955c45e9211fe1482c20051c7b7ce00e82eae0fb873b283dce9746d7f9
[INFO] running `Command { std: "docker" "start" "-a" "007a56955c45e9211fe1482c20051c7b7ce00e82eae0fb873b283dce9746d7f9", kill_on_drop: false }`
[INFO] [stderr]    Compiling test-rust-macros v0.1.0 (/opt/rustwide/workdir)
[INFO] [stdout] error[E0557]: feature has been removed
[INFO] [stdout]  --> src/main.rs:3:12
[INFO] [stdout]   |
[INFO] [stdout] 3 | #![feature(custom_attribute)]    //  Allow custom attributes like [safe_wrap]
[INFO] [stdout]   |            ^^^^^^^^^^^^^^^^ feature has been removed
[INFO] [stdout]   |
[INFO] [stdout]   = note: removed in favor of `#![register_tool]` and `#![register_attr]`
[INFO] [stdout] 
[INFO] [stdout] 
[INFO] [stdout] note: trace_macro
[INFO] [stdout]    --> src/main.rs:173:15
[INFO] [stdout]     |
[INFO] [stdout] 173 |     let res = add_88!(1);
[INFO] [stdout]     |               ^^^^^^^^^^
[INFO] [stdout]     |
[INFO] [stdout]     = note: expanding `add_88! { 1 }`
[INFO] [stdout]     = note: to `{ 1 + 88 }`
[INFO] [stdout] 
[INFO] [stdout] 
[INFO] [stdout] error[E0425]: cannot find value `salt` in this scope
[INFO] [stdout]   --> src/main.rs:93:14
[INFO] [stdout]    |
[INFO] [stdout] 93 |         88 + salt  // If you're testing other macros, comment out the `+ salt` part or the code will never compile
[INFO] [stdout]    |              ^^^^ not found in this scope
[INFO] [stdout] 
[INFO] [stdout] 
[INFO] [stdout] error[E0554]: `#![feature]` may not be used on the stable release channel
[INFO] [stdout]  --> src/main.rs:1:1
[INFO] [stdout]   |
[INFO] [stdout] 1 | #![feature(trace_macros)]        //  Enable tracing of macros
[INFO] [stdout]   | ^^^^^^^^^^^^^^^^^^^^^^^^^
[INFO] [stdout] 
[INFO] [stdout] 
[INFO] [stdout] error[E0554]: `#![feature]` may not be used on the stable release channel
[INFO] [stdout]  --> src/main.rs:2:1
[INFO] [stdout]   |
[INFO] [stdout] 2 | #![feature(proc_macro_hygiene)]  //  Allow proc macros to be unhygienic
[INFO] [stdout]   | ^^^^^^^^^^^^^^^^^^^^^^^^^^^^^^^
[INFO] [stdout] 
[INFO] [stdout] 
[INFO] [stdout] error[E0554]: `#![feature]` may not be used on the stable release channel
[INFO] [stdout]  --> src/main.rs:3:1
[INFO] [stdout]   |
[INFO] [stdout] 3 | #![feature(custom_attribute)]    //  Allow custom attributes like [safe_wrap]
[INFO] [stdout]   | ^^^^^^^^^^^^^^^^^^^^^^^^^^^^^
[INFO] [stdout] 
[INFO] [stdout] 
[INFO] [stdout] error: aborting due to 5 previous errors
[INFO] [stdout] 
[INFO] [stdout] 
[INFO] [stdout] Some errors have detailed explanations: E0425, E0554, E0557.
[INFO] [stdout] 
[INFO] [stdout] For more information about an error, try `rustc --explain E0425`.
[INFO] [stdout] 
[INFO] [stderr] error: could not compile `test-rust-macros`
[INFO] [stderr] 
[INFO] [stderr] To learn more, run the command again with --verbose.
[INFO] running `Command { std: "docker" "inspect" "007a56955c45e9211fe1482c20051c7b7ce00e82eae0fb873b283dce9746d7f9", kill_on_drop: false }`
[INFO] running `Command { std: "docker" "rm" "-f" "007a56955c45e9211fe1482c20051c7b7ce00e82eae0fb873b283dce9746d7f9", kill_on_drop: false }`
[INFO] [stdout] 007a56955c45e9211fe1482c20051c7b7ce00e82eae0fb873b283dce9746d7f9
