[INFO] cloning repository https://github.com/lukeify/torrentutil
[INFO] running `Command { std: "git" "-c" "credential.helper=" "-c" "credential.helper=/workspace/cargo-home/bin/git-credential-null" "clone" "--bare" "https://github.com/lukeify/torrentutil" "/workspace/cache/git-repos/https%3A%2F%2Fgithub.com%2Flukeify%2Ftorrentutil", kill_on_drop: false }`
[INFO] [stderr] Cloning into bare repository '/workspace/cache/git-repos/https%3A%2F%2Fgithub.com%2Flukeify%2Ftorrentutil'...
[INFO] running `Command { std: "git" "rev-parse" "HEAD", kill_on_drop: false }`
[INFO] [stdout] 10da225a75aa451b25207d83caf6a65f57236887
[INFO] testing lukeify/torrentutil against beta-2021-08-01 for beta-1.55-1
[INFO] running `Command { std: "git" "clone" "/workspace/cache/git-repos/https%3A%2F%2Fgithub.com%2Flukeify%2Ftorrentutil" "/workspace/builds/worker-46/source", kill_on_drop: false }`
[INFO] [stderr] Cloning into '/workspace/builds/worker-46/source'...
[INFO] [stderr] done.
[INFO] validating manifest of git repo https://github.com/lukeify/torrentutil on toolchain beta-2021-08-01
[INFO] running `Command { std: "/workspace/cargo-home/bin/cargo" "+beta-2021-08-01" "metadata" "--manifest-path" "Cargo.toml" "--no-deps", kill_on_drop: false }`
[INFO] started tweaking git repo https://github.com/lukeify/torrentutil
[INFO] finished tweaking git repo https://github.com/lukeify/torrentutil
[INFO] tweaked toml for git repo https://github.com/lukeify/torrentutil written to /workspace/builds/worker-46/source/Cargo.toml
[INFO] crate git repo https://github.com/lukeify/torrentutil already has a lockfile, it will not be regenerated
[INFO] running `Command { std: "/workspace/cargo-home/bin/cargo" "+beta-2021-08-01" "fetch" "--manifest-path" "Cargo.toml", kill_on_drop: false }`
[INFO] [stderr]     Blocking waiting for file lock on package cache
[INFO] running `Command { std: "docker" "create" "-v" "/var/lib/crater-agent-workspace/builds/worker-46/target:/opt/rustwide/target:rw,Z" "-v" "/var/lib/crater-agent-workspace/builds/worker-46/source:/opt/rustwide/workdir:ro,Z" "-v" "/var/lib/crater-agent-workspace/cargo-home:/opt/rustwide/cargo-home:ro,Z" "-v" "/var/lib/crater-agent-workspace/rustup-home:/opt/rustwide/rustup-home:ro,Z" "-e" "SOURCE_DIR=/opt/rustwide/workdir" "-e" "CARGO_TARGET_DIR=/opt/rustwide/target" "-e" "CARGO_HOME=/opt/rustwide/cargo-home" "-e" "RUSTUP_HOME=/opt/rustwide/rustup-home" "-w" "/opt/rustwide/workdir" "-m" "1610612736" "--user" "0:0" "--network" "none" "ghcr.io/rust-lang/crates-build-env/linux@sha256:34b6a614d2c27851fe6cbf88fbd1137609cefab8b10d0615aaeb6fd47975d74e" "/opt/rustwide/cargo-home/bin/cargo" "+beta-2021-08-01" "metadata" "--no-deps" "--format-version=1", kill_on_drop: false }`
[INFO] [stdout] 5229e70d673615f93292c4743bdab14d67b736322f613d13e7c340b34172d80f
[INFO] running `Command { std: "docker" "start" "-a" "5229e70d673615f93292c4743bdab14d67b736322f613d13e7c340b34172d80f", kill_on_drop: false }`
[INFO] running `Command { std: "docker" "inspect" "5229e70d673615f93292c4743bdab14d67b736322f613d13e7c340b34172d80f", kill_on_drop: false }`
[INFO] running `Command { std: "docker" "rm" "-f" "5229e70d673615f93292c4743bdab14d67b736322f613d13e7c340b34172d80f", kill_on_drop: false }`
[INFO] [stdout] 5229e70d673615f93292c4743bdab14d67b736322f613d13e7c340b34172d80f
[INFO] running `Command { std: "docker" "create" "-v" "/var/lib/crater-agent-workspace/builds/worker-46/target:/opt/rustwide/target:rw,Z" "-v" "/var/lib/crater-agent-workspace/builds/worker-46/source:/opt/rustwide/workdir:ro,Z" "-v" "/var/lib/crater-agent-workspace/cargo-home:/opt/rustwide/cargo-home:ro,Z" "-v" "/var/lib/crater-agent-workspace/rustup-home:/opt/rustwide/rustup-home:ro,Z" "-e" "SOURCE_DIR=/opt/rustwide/workdir" "-e" "CARGO_TARGET_DIR=/opt/rustwide/target" "-e" "CARGO_INCREMENTAL=0" "-e" "RUST_BACKTRACE=full" "-e" "RUSTFLAGS=--cap-lints=warn" "-e" "CARGO_HOME=/opt/rustwide/cargo-home" "-e" "RUSTUP_HOME=/opt/rustwide/rustup-home" "-w" "/opt/rustwide/workdir" "-m" "1610612736" "--user" "0:0" "--network" "none" "ghcr.io/rust-lang/crates-build-env/linux@sha256:34b6a614d2c27851fe6cbf88fbd1137609cefab8b10d0615aaeb6fd47975d74e" "/opt/rustwide/cargo-home/bin/cargo" "+beta-2021-08-01" "build" "--frozen" "--message-format=json", kill_on_drop: false }`
[INFO] [stdout] c3b0cd02c4d2893a85792f8fa030123ee6d17ae1cecbe4160969433483bb48cf
[INFO] running `Command { std: "docker" "start" "-a" "c3b0cd02c4d2893a85792f8fa030123ee6d17ae1cecbe4160969433483bb48cf", kill_on_drop: false }`
[INFO] [stderr]    Compiling torrentutil v0.1.0 (/opt/rustwide/workdir)
[INFO] [stdout] error[E0425]: cannot find value `file_name` in this scope
[INFO] [stdout]   --> src/main.rs:44:11
[INFO] [stdout]    |
[INFO] [stdout] 44 |     match file_name = path.file_name() {
[INFO] [stdout]    |           ^^^^^^^^^ not found in this scope
[INFO] [stdout] 
[INFO] [stdout] 
[INFO] [stdout] error[E0412]: cannot find type `MovieOrEpisodeEnum` in this scope
[INFO] [stdout]   --> src/main.rs:56:29
[INFO] [stdout]    |
[INFO] [stdout] 56 | fn is_movie_or_episode() -> MovieOrEpisodeEnum {
[INFO] [stdout]    |                             ^^^^^^^^^^^^^^^^^^ not found in this scope
[INFO] [stdout] 
[INFO] [stdout] 
[INFO] [stdout] warning: trait objects without an explicit `dyn` are deprecated
[INFO] [stdout]   --> src/main.rs:16:34
[INFO] [stdout]    |
[INFO] [stdout] 16 |         let md: Result<Metadata, Error> = metadata(path);
[INFO] [stdout]    |                                  ^^^^^ help: use `dyn`: `dyn Error`
[INFO] [stdout]    |
[INFO] [stdout]    = note: `#[warn(bare_trait_objects)]` on by default
[INFO] [stdout]    = warning: this is accepted in the current edition (Rust 2018) but is a hard error in Rust 2021!
[INFO] [stdout]    = note: for more information, see issue #80165 <https://github.com/rust-lang/rust/issues/80165>
[INFO] [stdout] 
[INFO] [stdout] 
[INFO] [stdout] error[E0277]: the size for values of type `dyn std::error::Error` cannot be known at compilation time
[INFO] [stdout]    --> src/main.rs:16:17
[INFO] [stdout]     |
[INFO] [stdout] 16  |         let md: Result<Metadata, Error> = metadata(path);
[INFO] [stdout]     |                 ^^^^^^^^^^^^^^^^^^^^^^^ doesn't have a size known at compile-time
[INFO] [stdout]     |
[INFO] [stdout]     = help: the trait `Sized` is not implemented for `dyn std::error::Error`
[INFO] [stdout] 
[INFO] [stdout] 
[INFO] [stdout] error[E0308]: mismatched types
[INFO] [stdout]   --> src/main.rs:14:30
[INFO] [stdout]    |
[INFO] [stdout] 14 |         let path = Path::new(x);
[INFO] [stdout]    |                              ^
[INFO] [stdout]    |                              |
[INFO] [stdout]    |                              expected reference, found struct `String`
[INFO] [stdout]    |                              help: consider borrowing here: `&x`
[INFO] [stdout]    |
[INFO] [stdout]    = note: expected reference `&_`
[INFO] [stdout]                  found struct `String`
[INFO] [stdout] 
[INFO] [stdout] 
[INFO] [stdout] error[E0308]: mismatched types
[INFO] [stdout]   --> src/main.rs:16:43
[INFO] [stdout]    |
[INFO] [stdout] 16 |         let md: Result<Metadata, Error> = metadata(path);
[INFO] [stdout]    |                 -----------------------   ^^^^^^^^^^^^^^ expected trait object `dyn std::error::Error`, found struct `std::io::Error`
[INFO] [stdout]    |                 |
[INFO] [stdout]    |                 expected due to this
[INFO] [stdout]    |
[INFO] [stdout]    = note: expected enum `Result<_, dyn std::error::Error>`
[INFO] [stdout]               found enum `Result<_, std::io::Error>`
[INFO] [stdout] 
[INFO] [stdout] 
[INFO] [stderr] error: could not compile `torrentutil` due to 9 previous errors; 1 warning emitted
[INFO] [stdout] error[E0277]: the size for values of type `dyn std::error::Error` cannot be known at compilation time
[INFO] [stdout]   --> src/main.rs:27:17
[INFO] [stdout]    |
[INFO] [stdout] 27 |             Err(e) => {
[INFO] [stdout]    |                 ^ doesn't have a size known at compile-time
[INFO] [stdout]    |
[INFO] [stdout]    = help: the trait `Sized` is not implemented for `dyn std::error::Error`
[INFO] [stdout]    = note: all local variables must have a statically known size
[INFO] [stdout]    = help: unsized locals are gated as an unstable feature
[INFO] [stdout] 
[INFO] [stdout] 
[INFO] [stdout] error[E0277]: the size for values of type `dyn std::error::Error` cannot be known at compilation time
[INFO] [stdout]    --> src/main.rs:20:13
[INFO] [stdout]     |
[INFO] [stdout] 20  |             Ok(x) => {
[INFO] [stdout]     |             ^^^^^ doesn't have a size known at compile-time
[INFO] [stdout]     |
[INFO] [stdout]     = help: the trait `Sized` is not implemented for `dyn std::error::Error`
[INFO] [stdout] note: required by `Ok`
[INFO] [stdout] 
[INFO] [stdout] 
[INFO] [stdout] error[E0277]: the size for values of type `dyn std::error::Error` cannot be known at compilation time
[INFO] [stdout]    --> src/main.rs:27:13
[INFO] [stdout]     |
[INFO] [stdout] 27  |             Err(e) => {
[INFO] [stdout]     |             ^^^^^^ doesn't have a size known at compile-time
[INFO] [stdout]     |
[INFO] [stdout]     = help: the trait `Sized` is not implemented for `dyn std::error::Error`
[INFO] [stdout] note: required by `Err`
[INFO] [stdout] 
[INFO] [stdout] 
[INFO] [stdout] error: aborting due to 8 previous errors; 1 warning emitted
[INFO] [stdout] 
[INFO] [stdout] 
[INFO] [stdout] Some errors have detailed explanations: E0277, E0308, E0412, E0425.
[INFO] [stdout] 
[INFO] [stdout] For more information about an error, try `rustc --explain E0277`.
[INFO] [stdout] 
[INFO] running `Command { std: "docker" "inspect" "c3b0cd02c4d2893a85792f8fa030123ee6d17ae1cecbe4160969433483bb48cf", kill_on_drop: false }`
[INFO] running `Command { std: "docker" "rm" "-f" "c3b0cd02c4d2893a85792f8fa030123ee6d17ae1cecbe4160969433483bb48cf", kill_on_drop: false }`
[INFO] [stdout] c3b0cd02c4d2893a85792f8fa030123ee6d17ae1cecbe4160969433483bb48cf
