[INFO] cloning repository https://github.com/lukas-vilim/sdd
[INFO] running `Command { std: "git" "-c" "credential.helper=" "-c" "credential.helper=/workspace/cargo-home/bin/git-credential-null" "clone" "--bare" "https://github.com/lukas-vilim/sdd" "/workspace/cache/git-repos/https%3A%2F%2Fgithub.com%2Flukas-vilim%2Fsdd", kill_on_drop: false }`
[INFO] [stderr] Cloning into bare repository '/workspace/cache/git-repos/https%3A%2F%2Fgithub.com%2Flukas-vilim%2Fsdd'...
[INFO] running `Command { std: "git" "rev-parse" "HEAD", kill_on_drop: false }`
[INFO] [stdout] a573107d1dc1b83a32160b8f4dd0a7dbb2cb8e7b
[INFO] testing lukas-vilim/sdd against 1.54.0 for beta-1.55-1
[INFO] running `Command { std: "git" "clone" "/workspace/cache/git-repos/https%3A%2F%2Fgithub.com%2Flukas-vilim%2Fsdd" "/workspace/builds/worker-59/source", kill_on_drop: false }`
[INFO] [stderr] Cloning into '/workspace/builds/worker-59/source'...
[INFO] [stderr] done.
[INFO] validating manifest of git repo https://github.com/lukas-vilim/sdd on toolchain 1.54.0
[INFO] running `Command { std: "/workspace/cargo-home/bin/cargo" "+1.54.0" "metadata" "--manifest-path" "Cargo.toml" "--no-deps", kill_on_drop: false }`
[INFO] started tweaking git repo https://github.com/lukas-vilim/sdd
[INFO] finished tweaking git repo https://github.com/lukas-vilim/sdd
[INFO] tweaked toml for git repo https://github.com/lukas-vilim/sdd written to /workspace/builds/worker-59/source/Cargo.toml
[INFO] running `Command { std: "/workspace/cargo-home/bin/cargo" "+1.54.0" "generate-lockfile" "--manifest-path" "Cargo.toml" "-Zno-index-update", kill_on_drop: false }`
[INFO] [stderr]     Blocking waiting for file lock on package cache
[INFO] running `Command { std: "/workspace/cargo-home/bin/cargo" "+1.54.0" "fetch" "--manifest-path" "Cargo.toml", kill_on_drop: false }`
[INFO] [stderr]     Blocking waiting for file lock on package cache
[INFO] [stderr]     Blocking waiting for file lock on package cache
[INFO] [stderr]  Downloading crates ...
[INFO] [stderr]   Downloaded rusqlite v0.24.2
[INFO] [stderr]   Downloaded libsqlite3-sys v0.20.1
[INFO] running `Command { std: "docker" "create" "-v" "/var/lib/crater-agent-workspace/builds/worker-59/target:/opt/rustwide/target:rw,Z" "-v" "/var/lib/crater-agent-workspace/builds/worker-59/source:/opt/rustwide/workdir:ro,Z" "-v" "/var/lib/crater-agent-workspace/cargo-home:/opt/rustwide/cargo-home:ro,Z" "-v" "/var/lib/crater-agent-workspace/rustup-home:/opt/rustwide/rustup-home:ro,Z" "-e" "SOURCE_DIR=/opt/rustwide/workdir" "-e" "CARGO_TARGET_DIR=/opt/rustwide/target" "-e" "CARGO_HOME=/opt/rustwide/cargo-home" "-e" "RUSTUP_HOME=/opt/rustwide/rustup-home" "-w" "/opt/rustwide/workdir" "-m" "1610612736" "--user" "0:0" "--network" "none" "ghcr.io/rust-lang/crates-build-env/linux@sha256:34b6a614d2c27851fe6cbf88fbd1137609cefab8b10d0615aaeb6fd47975d74e" "/opt/rustwide/cargo-home/bin/cargo" "+1.54.0" "metadata" "--no-deps" "--format-version=1", kill_on_drop: false }`
[INFO] [stdout] 4cb312fbd27523cc7dade7e10e5fb9d591161b31a73a0874dfb618e161f311ae
[INFO] running `Command { std: "docker" "start" "-a" "4cb312fbd27523cc7dade7e10e5fb9d591161b31a73a0874dfb618e161f311ae", kill_on_drop: false }`
[INFO] running `Command { std: "docker" "inspect" "4cb312fbd27523cc7dade7e10e5fb9d591161b31a73a0874dfb618e161f311ae", kill_on_drop: false }`
[INFO] running `Command { std: "docker" "rm" "-f" "4cb312fbd27523cc7dade7e10e5fb9d591161b31a73a0874dfb618e161f311ae", kill_on_drop: false }`
[INFO] [stdout] 4cb312fbd27523cc7dade7e10e5fb9d591161b31a73a0874dfb618e161f311ae
[INFO] running `Command { std: "docker" "create" "-v" "/var/lib/crater-agent-workspace/builds/worker-59/target:/opt/rustwide/target:rw,Z" "-v" "/var/lib/crater-agent-workspace/builds/worker-59/source:/opt/rustwide/workdir:ro,Z" "-v" "/var/lib/crater-agent-workspace/cargo-home:/opt/rustwide/cargo-home:ro,Z" "-v" "/var/lib/crater-agent-workspace/rustup-home:/opt/rustwide/rustup-home:ro,Z" "-e" "SOURCE_DIR=/opt/rustwide/workdir" "-e" "CARGO_TARGET_DIR=/opt/rustwide/target" "-e" "CARGO_INCREMENTAL=0" "-e" "RUST_BACKTRACE=full" "-e" "RUSTFLAGS=--cap-lints=warn" "-e" "CARGO_HOME=/opt/rustwide/cargo-home" "-e" "RUSTUP_HOME=/opt/rustwide/rustup-home" "-w" "/opt/rustwide/workdir" "-m" "1610612736" "--user" "0:0" "--network" "none" "ghcr.io/rust-lang/crates-build-env/linux@sha256:34b6a614d2c27851fe6cbf88fbd1137609cefab8b10d0615aaeb6fd47975d74e" "/opt/rustwide/cargo-home/bin/cargo" "+1.54.0" "build" "--frozen" "--message-format=json", kill_on_drop: false }`
[INFO] [stdout] d9d23cbe8466fae008894ad7ea8c5b7a9de795906629346e0ec5ae6759c69c25
[INFO] running `Command { std: "docker" "start" "-a" "d9d23cbe8466fae008894ad7ea8c5b7a9de795906629346e0ec5ae6759c69c25", kill_on_drop: false }`
[INFO] [stderr]     Blocking waiting for file lock on package cache
[INFO] [stderr]    Compiling proc-macro2 v1.0.28
[INFO] [stderr]    Compiling libc v0.2.98
[INFO] [stderr]    Compiling syn v1.0.74
[INFO] [stderr]    Compiling cc v1.0.69
[INFO] [stderr]    Compiling ahash v0.4.7
[INFO] [stderr]    Compiling unicode-segmentation v1.8.0
[INFO] [stderr]    Compiling memchr v2.4.0
[INFO] [stderr]    Compiling fallible-iterator v0.2.0
[INFO] [stderr]    Compiling fallible-streaming-iterator v0.1.9
[INFO] [stderr]    Compiling proc-macro-error-attr v1.0.4
[INFO] [stderr]    Compiling proc-macro-error v1.0.4
[INFO] [stderr]    Compiling hashbrown v0.9.1
[INFO] [stderr]    Compiling heck v0.3.3
[INFO] [stderr]    Compiling hashlink v0.6.0
[INFO] [stderr]    Compiling libsqlite3-sys v0.20.1
[INFO] [stderr]    Compiling quote v1.0.9
[INFO] [stderr]    Compiling atty v0.2.14
[INFO] [stderr]    Compiling clap v2.33.3
[INFO] [stderr]    Compiling structopt-derive v0.4.15
[INFO] [stderr]    Compiling rusqlite v0.24.2
[INFO] [stderr]    Compiling structopt v0.3.22
[INFO] [stderr]    Compiling sdd v0.0.1 (/opt/rustwide/workdir)
[INFO] [stdout] warning: unnecessary trailing semicolon
[INFO] [stdout]    --> src/lib.rs:348:5
[INFO] [stdout]     |
[INFO] [stdout] 348 |             };
[INFO] [stdout]     |              ^ help: remove this semicolon
[INFO] [stdout]     |
[INFO] [stdout]     = note: `#[warn(redundant_semicolons)]` on by default
[INFO] [stdout] 
[INFO] [stdout] 
[INFO] [stdout] warning: 1 warning emitted
[INFO] [stdout] 
[INFO] [stdout] 
[INFO] [stdout] warning: unnecessary trailing semicolon
[INFO] [stdout]    --> src/lib.rs:348:5
[INFO] [stdout]     |
[INFO] [stdout] 348 |             };
[INFO] [stdout]     |              ^ help: remove this semicolon
[INFO] [stdout]     |
[INFO] [stdout]     = note: `#[warn(redundant_semicolons)]` on by default
[INFO] [stdout] 
[INFO] [stdout] 
[INFO] [stdout] warning: 1 warning emitted
[INFO] [stdout] 
[INFO] [stdout] 
[INFO] [stderr]     Finished dev [unoptimized + debuginfo] target(s) in 40.56s
[INFO] running `Command { std: "docker" "inspect" "d9d23cbe8466fae008894ad7ea8c5b7a9de795906629346e0ec5ae6759c69c25", kill_on_drop: false }`
[INFO] running `Command { std: "docker" "rm" "-f" "d9d23cbe8466fae008894ad7ea8c5b7a9de795906629346e0ec5ae6759c69c25", kill_on_drop: false }`
[INFO] [stdout] d9d23cbe8466fae008894ad7ea8c5b7a9de795906629346e0ec5ae6759c69c25
[INFO] running `Command { std: "docker" "create" "-v" "/var/lib/crater-agent-workspace/builds/worker-59/target:/opt/rustwide/target:rw,Z" "-v" "/var/lib/crater-agent-workspace/builds/worker-59/source:/opt/rustwide/workdir:ro,Z" "-v" "/var/lib/crater-agent-workspace/cargo-home:/opt/rustwide/cargo-home:ro,Z" "-v" "/var/lib/crater-agent-workspace/rustup-home:/opt/rustwide/rustup-home:ro,Z" "-e" "SOURCE_DIR=/opt/rustwide/workdir" "-e" "CARGO_TARGET_DIR=/opt/rustwide/target" "-e" "CARGO_INCREMENTAL=0" "-e" "RUST_BACKTRACE=full" "-e" "RUSTFLAGS=--cap-lints=warn" "-e" "CARGO_HOME=/opt/rustwide/cargo-home" "-e" "RUSTUP_HOME=/opt/rustwide/rustup-home" "-w" "/opt/rustwide/workdir" "-m" "1610612736" "--user" "0:0" "--network" "none" "ghcr.io/rust-lang/crates-build-env/linux@sha256:34b6a614d2c27851fe6cbf88fbd1137609cefab8b10d0615aaeb6fd47975d74e" "/opt/rustwide/cargo-home/bin/cargo" "+1.54.0" "test" "--frozen" "--no-run" "--message-format=json", kill_on_drop: false }`
[INFO] [stdout] 89274a48974da3b8d5e64a1c245b311676672388479ac7d5a8c295533baf40ee
[INFO] running `Command { std: "docker" "start" "-a" "89274a48974da3b8d5e64a1c245b311676672388479ac7d5a8c295533baf40ee", kill_on_drop: false }`
[INFO] [stderr]     Blocking waiting for file lock on package cache
[INFO] [stdout] warning: unnecessary trailing semicolon
[INFO] [stdout]    --> src/lib.rs:348:5
[INFO] [stdout]     |
[INFO] [stdout] 348 |             };
[INFO] [stdout]     |              ^ help: remove this semicolon
[INFO] [stdout]     |
[INFO] [stdout]     = note: `#[warn(redundant_semicolons)]` on by default
[INFO] [stdout] 
[INFO] [stdout] 
[INFO] [stdout] warning: 1 warning emitted
[INFO] [stdout] 
[INFO] [stdout] 
[INFO] [stderr]    Compiling sdd v0.0.1 (/opt/rustwide/workdir)
[INFO] [stdout] warning: unnecessary trailing semicolon
[INFO] [stdout]    --> src/lib.rs:348:5
[INFO] [stdout]     |
[INFO] [stdout] 348 |             };
[INFO] [stdout]     |              ^ help: remove this semicolon
[INFO] [stdout]     |
[INFO] [stdout]     = note: `#[warn(redundant_semicolons)]` on by default
[INFO] [stdout] 
[INFO] [stdout] 
[INFO] [stdout] warning: unnecessary trailing semicolon
[INFO] [stdout]    --> src/lib.rs:348:5
[INFO] [stdout]     |
[INFO] [stdout] 348 |             };
[INFO] [stdout]     |              ^ help: remove this semicolon
[INFO] [stdout]     |
[INFO] [stdout]     = note: `#[warn(redundant_semicolons)]` on by default
[INFO] [stdout] 
[INFO] [stdout] 
[INFO] [stdout] error[E0308]: mismatched types
[INFO] [stdout]    --> src/lib.rs:524:34
[INFO] [stdout]     |
[INFO] [stdout] 524 |             match Daemon::read_descriptor(&data) {
[INFO] [stdout]     |                                           ^^^^^ types differ in mutability
[INFO] [stdout]     |
[INFO] [stdout]     = note: expected mutable reference `&mut BufReader<_>`
[INFO] [stdout]                        found reference `&[u8; 15]`
[INFO] [stdout] 
[INFO] [stdout] 
[INFO] [stdout] error[E0308]: mismatched types
[INFO] [stdout]    --> src/lib.rs:525:8
[INFO] [stdout]     |
[INFO] [stdout] 524 |             match Daemon::read_descriptor(&data) {
[INFO] [stdout]     |                   ------------------------------ this expression has type `Result<(EntryDescriptor, u32), dae::Error>`
[INFO] [stdout] 525 |                 Ok((desc, id, _read)) => {
[INFO] [stdout]     |                    ^^^^^^^^^^^^^^^^^ expected a tuple with 2 elements, found one with 3 elements
[INFO] [stdout]     |
[INFO] [stdout]     = note: expected tuple `(EntryDescriptor, u32)`
[INFO] [stdout]                found tuple `(_, _, _)`
[INFO] [stdout] 
[INFO] [stdout] 
[INFO] [stdout] error: aborting due to 2 previous errors; 1 warning emitted
[INFO] [stdout] 
[INFO] [stdout] 
[INFO] [stdout] For more information about this error, try `rustc --explain E0308`.
[INFO] [stdout] 
[INFO] [stderr] error: could not compile `sdd`
[INFO] [stdout] error[E0308]: mismatched types
[INFO] [stdout]    --> src/lib.rs:524:34
[INFO] [stdout]     |
[INFO] [stdout] 524 |             match Daemon::read_descriptor(&data) {
[INFO] [stdout]     |                                           ^^^^^ types differ in mutability
[INFO] [stdout]     |
[INFO] [stdout]     = note: expected mutable reference `&mut BufReader<_>`
[INFO] [stdout]                        found reference `&[u8; 15]`
[INFO] [stdout] 
[INFO] [stdout] 
[INFO] [stderr] 
[INFO] [stdout] error[E0308]: mismatched types
[INFO] [stdout]    --> src/lib.rs:525:8
[INFO] [stdout]     |
[INFO] [stdout] 524 |             match Daemon::read_descriptor(&data) {
[INFO] [stdout]     |                   ------------------------------ this expression has type `Result<(EntryDescriptor, u32), dae::Error>`
[INFO] [stdout] 525 |                 Ok((desc, id, _read)) => {
[INFO] [stdout]     |                    ^^^^^^^^^^^^^^^^^ expected a tuple with 2 elements, found one with 3 elements
[INFO] [stdout]     |
[INFO] [stdout]     = note: expected tuple `(EntryDescriptor, u32)`
[INFO] [stdout]                found tuple `(_, _, _)`
[INFO] [stdout] 
[INFO] [stdout] 
[INFO] [stderr] To learn more, run the command again with --verbose.
[INFO] [stderr] warning: build failed, waiting for other jobs to finish...
[INFO] [stdout] error: aborting due to 2 previous errors; 1 warning emitted
[INFO] [stdout] 
[INFO] [stdout] 
[INFO] [stdout] For more information about this error, try `rustc --explain E0308`.
[INFO] [stdout] 
[INFO] [stderr] error: build failed
[INFO] running `Command { std: "docker" "inspect" "89274a48974da3b8d5e64a1c245b311676672388479ac7d5a8c295533baf40ee", kill_on_drop: false }`
[INFO] running `Command { std: "docker" "rm" "-f" "89274a48974da3b8d5e64a1c245b311676672388479ac7d5a8c295533baf40ee", kill_on_drop: false }`
[INFO] [stdout] 89274a48974da3b8d5e64a1c245b311676672388479ac7d5a8c295533baf40ee
