[INFO] cloning repository https://github.com/linebender/piet-gpu
[INFO] running `Command { std: "git" "-c" "credential.helper=" "-c" "credential.helper=/workspace/cargo-home/bin/git-credential-null" "clone" "--bare" "https://github.com/linebender/piet-gpu" "/workspace/cache/git-repos/https%3A%2F%2Fgithub.com%2Flinebender%2Fpiet-gpu", kill_on_drop: false }`
[INFO] [stderr] Cloning into bare repository '/workspace/cache/git-repos/https%3A%2F%2Fgithub.com%2Flinebender%2Fpiet-gpu'...
[INFO] running `Command { std: "git" "rev-parse" "HEAD", kill_on_drop: false }`
[INFO] [stdout] 3af033f71f918a432522682411909fefb4eb9b82
[INFO] testing linebender/piet-gpu against 1.54.0 for beta-1.55-1
[INFO] running `Command { std: "git" "clone" "/workspace/cache/git-repos/https%3A%2F%2Fgithub.com%2Flinebender%2Fpiet-gpu" "/workspace/builds/worker-58/source", kill_on_drop: false }`
[INFO] [stderr] Cloning into '/workspace/builds/worker-58/source'...
[INFO] [stderr] done.
[INFO] validating manifest of git repo https://github.com/linebender/piet-gpu on toolchain 1.54.0
[INFO] running `Command { std: "/workspace/cargo-home/bin/cargo" "+1.54.0" "metadata" "--manifest-path" "Cargo.toml" "--no-deps", kill_on_drop: false }`
[INFO] started tweaking git repo https://github.com/linebender/piet-gpu
[INFO] finished tweaking git repo https://github.com/linebender/piet-gpu
[INFO] tweaked toml for git repo https://github.com/linebender/piet-gpu written to /workspace/builds/worker-58/source/Cargo.toml
[INFO] crate git repo https://github.com/linebender/piet-gpu already has a lockfile, it will not be regenerated
[INFO] running `Command { std: "/workspace/cargo-home/bin/cargo" "+1.54.0" "fetch" "--manifest-path" "Cargo.toml", kill_on_drop: false }`
[INFO] [stderr]     Blocking waiting for file lock on package cache
[INFO] running `Command { std: "docker" "create" "-v" "/var/lib/crater-agent-workspace/builds/worker-58/target:/opt/rustwide/target:rw,Z" "-v" "/var/lib/crater-agent-workspace/builds/worker-58/source:/opt/rustwide/workdir:ro,Z" "-v" "/var/lib/crater-agent-workspace/cargo-home:/opt/rustwide/cargo-home:ro,Z" "-v" "/var/lib/crater-agent-workspace/rustup-home:/opt/rustwide/rustup-home:ro,Z" "-e" "SOURCE_DIR=/opt/rustwide/workdir" "-e" "CARGO_TARGET_DIR=/opt/rustwide/target" "-e" "CARGO_HOME=/opt/rustwide/cargo-home" "-e" "RUSTUP_HOME=/opt/rustwide/rustup-home" "-w" "/opt/rustwide/workdir" "-m" "1610612736" "--user" "0:0" "--network" "none" "ghcr.io/rust-lang/crates-build-env/linux@sha256:34b6a614d2c27851fe6cbf88fbd1137609cefab8b10d0615aaeb6fd47975d74e" "/opt/rustwide/cargo-home/bin/cargo" "+1.54.0" "metadata" "--no-deps" "--format-version=1", kill_on_drop: false }`
[INFO] [stdout] 01ad929a376009bfbf07ac0d3db2778d814da45756e38b473a977a543b3c786f
[INFO] running `Command { std: "docker" "start" "-a" "01ad929a376009bfbf07ac0d3db2778d814da45756e38b473a977a543b3c786f", kill_on_drop: false }`
[INFO] running `Command { std: "docker" "inspect" "01ad929a376009bfbf07ac0d3db2778d814da45756e38b473a977a543b3c786f", kill_on_drop: false }`
[INFO] running `Command { std: "docker" "rm" "-f" "01ad929a376009bfbf07ac0d3db2778d814da45756e38b473a977a543b3c786f", kill_on_drop: false }`
[INFO] [stdout] 01ad929a376009bfbf07ac0d3db2778d814da45756e38b473a977a543b3c786f
[INFO] running `Command { std: "docker" "create" "-v" "/var/lib/crater-agent-workspace/builds/worker-58/target:/opt/rustwide/target:rw,Z" "-v" "/var/lib/crater-agent-workspace/builds/worker-58/source:/opt/rustwide/workdir:ro,Z" "-v" "/var/lib/crater-agent-workspace/cargo-home:/opt/rustwide/cargo-home:ro,Z" "-v" "/var/lib/crater-agent-workspace/rustup-home:/opt/rustwide/rustup-home:ro,Z" "-e" "SOURCE_DIR=/opt/rustwide/workdir" "-e" "CARGO_TARGET_DIR=/opt/rustwide/target" "-e" "CARGO_INCREMENTAL=0" "-e" "RUST_BACKTRACE=full" "-e" "RUSTFLAGS=--cap-lints=warn" "-e" "CARGO_HOME=/opt/rustwide/cargo-home" "-e" "RUSTUP_HOME=/opt/rustwide/rustup-home" "-w" "/opt/rustwide/workdir" "-m" "1610612736" "--user" "0:0" "--network" "none" "ghcr.io/rust-lang/crates-build-env/linux@sha256:34b6a614d2c27851fe6cbf88fbd1137609cefab8b10d0615aaeb6fd47975d74e" "/opt/rustwide/cargo-home/bin/cargo" "+1.54.0" "build" "--frozen" "--message-format=json", kill_on_drop: false }`
[INFO] [stdout] cef45ade5dd4bb161e152d01d0542f48d161b24aeb7b76aecdd8964d0c1937bf
[INFO] running `Command { std: "docker" "start" "-a" "cef45ade5dd4bb161e152d01d0542f48d161b24aeb7b76aecdd8964d0c1937bf", kill_on_drop: false }`
[INFO] [stderr]    Compiling libc v0.2.80
[INFO] [stderr]    Compiling cfg-if v1.0.0
[INFO] [stderr]    Compiling proc-macro2 v1.0.24
[INFO] [stderr]    Compiling unicode-xid v0.2.1
[INFO] [stderr]    Compiling pkg-config v0.3.19
[INFO] [stderr]    Compiling xml-rs v0.8.3
[INFO] [stderr]    Compiling smallvec v1.6.1
[INFO] [stderr]    Compiling nix v0.18.0
[INFO] [stderr]    Compiling log v0.4.11
[INFO] [stderr]    Compiling memchr v2.3.4
[INFO] [stderr]    Compiling version_check v0.9.2
[INFO] [stderr]    Compiling once_cell v1.5.2
[INFO] [stderr]    Compiling byteorder v1.3.4
[INFO] [stderr]    Compiling scoped-tls v1.0.0
[INFO] [stderr]    Compiling downcast-rs v1.2.0
[INFO] [stderr]    Compiling ttf-parser v0.6.2
[INFO] [stderr]    Compiling getrandom v0.1.15
[INFO] [stderr]    Compiling syn v1.0.48
[INFO] [stderr]    Compiling ab_glyph_rasterizer v0.1.4
[INFO] [stderr]    Compiling maybe-uninit v2.0.0
[INFO] [stderr]    Compiling scopeguard v1.1.0
[INFO] [stderr]    Compiling adler32 v1.2.0
[INFO] [stderr]    Compiling crc32fast v1.2.1
[INFO] [stderr]    Compiling xdg v2.2.0
[INFO] [stderr]    Compiling lazycell v1.3.0
[INFO] [stderr]    Compiling arrayvec v0.5.2
[INFO] [stderr]    Compiling half v1.6.0
[INFO] [stderr]    Compiling winit v0.23.0
[INFO] [stderr]    Compiling ppv-lite86 v0.2.10
[INFO] [stderr]    Compiling unicode-width v0.1.8
[INFO] [stderr]    Compiling ansi_term v0.11.0
[INFO] [stderr]    Compiling strsim v0.8.0
[INFO] [stderr]    Compiling vec_map v0.8.2
[INFO] [stderr]    Compiling xmlparser v0.13.3
[INFO] [stderr]    Compiling ttf-parser v0.12.0
[INFO] [stderr]    Compiling unic-ucd-bidi v0.9.0
[INFO] [stderr]    Compiling libloading v0.6.5
[INFO] [stderr]    Compiling instant v0.1.8
[INFO] [stderr]    Compiling textwrap v0.11.0
[INFO] [stderr]    Compiling lock_api v0.4.1
[INFO] [stderr]    Compiling miniz_oxide v0.3.7
[INFO] [stderr]    Compiling dlib v0.4.2
[INFO] [stderr]    Compiling ash v0.31.0
[INFO] [stderr]    Compiling kurbo v0.7.1
[INFO] [stderr]    Compiling unic-bidi v0.9.0
[INFO] [stderr]    Compiling roxmltree v0.13.0
[INFO] [stderr]    Compiling nom v5.1.2
[INFO] [stderr]    Compiling wayland-sys v0.28.2
[INFO] [stderr]    Compiling x11-dl v2.18.5
[INFO] [stderr]    Compiling quote v1.0.7
[INFO] [stderr]    Compiling owned_ttf_parser v0.6.0
[INFO] [stderr]    Compiling deflate v0.8.6
[INFO] [stderr]    Compiling piet v0.2.0
[INFO] [stderr]    Compiling rusttype v0.9.2
[INFO] [stderr]    Compiling wayland-scanner v0.28.2
[INFO] [stderr]    Compiling andrew v0.3.1
[INFO] [stderr]    Compiling png v0.16.7
[INFO] [stderr]    Compiling iovec v0.1.4
[INFO] [stderr]    Compiling net2 v0.2.35
[INFO] [stderr]    Compiling raw-window-handle v0.3.3
[INFO] [stderr]    Compiling parking_lot_core v0.8.0
[INFO] [stderr]    Compiling memmap v0.7.0
[INFO] [stderr]    Compiling atty v0.2.14
[INFO] [stderr]    Compiling clap v2.33.3
[INFO] [stderr]    Compiling rand_core v0.5.1
[INFO] [stderr]    Compiling mio v0.6.22
[INFO] [stderr]    Compiling parking_lot v0.11.0
[INFO] [stderr]    Compiling wayland-client v0.28.2
[INFO] [stderr]    Compiling wayland-protocols v0.28.2
[INFO] [stderr]    Compiling rand_chacha v0.2.2
[INFO] [stderr]    Compiling rand v0.7.3
[INFO] [stderr]    Compiling xcursor v0.3.2
[INFO] [stderr]    Compiling mio-extras v2.0.6
[INFO] [stderr]    Compiling wayland-commons v0.28.2
[INFO] [stderr]    Compiling calloop v0.6.5
[INFO] [stderr]    Compiling piet-gpu-derive v0.0.0 (/opt/rustwide/workdir/piet-gpu-derive)
[INFO] [stderr]    Compiling wayland-cursor v0.28.2
[INFO] [stderr]    Compiling ash-window v0.5.0
[INFO] [stderr]    Compiling piet-gpu-hal v0.1.0 (/opt/rustwide/workdir/piet-gpu-hal)
[INFO] [stdout] warning: unused import: `mux::ShaderCode`
[INFO] [stdout]   --> piet-gpu-hal/src/backend.rs:19:13
[INFO] [stdout]    |
[INFO] [stdout] 19 | use crate::{mux::ShaderCode, BufferUsage, Error, GpuInfo, ImageLayout, SamplerParams};
[INFO] [stdout]    |             ^^^^^^^^^^^^^^^
[INFO] [stdout]    |
[INFO] [stdout]    = note: `#[warn(unused_imports)]` on by default
[INFO] [stdout] 
[INFO] [stdout] 
[INFO] [stdout] warning: unused variable: `params`
[INFO] [stdout]    --> piet-gpu-hal/src/hub.rs:380:41
[INFO] [stdout]     |
[INFO] [stdout] 380 |     pub unsafe fn create_sampler(&self, params: SamplerParams) -> Result<Sampler, Error> {
[INFO] [stdout]     |                                         ^^^^^^ help: if this is intentional, prefix it with an underscore: `_params`
[INFO] [stdout]     |
[INFO] [stdout]     = note: `#[warn(unused_variables)]` on by default
[INFO] [stdout] 
[INFO] [stdout] 
[INFO] [stdout] warning: field is never read: `cmd_buf`
[INFO] [stdout]   --> piet-gpu-hal/src/hub.rs:64:5
[INFO] [stdout]    |
[INFO] [stdout] 64 |     cmd_buf: mux::CmdBuf,
[INFO] [stdout]    |     ^^^^^^^^^^^^^^^^^^^^
[INFO] [stdout]    |
[INFO] [stdout]    = note: `#[warn(dead_code)]` on by default
[INFO] [stdout] 
[INFO] [stdout] 
[INFO] [stdout] warning: field is never read: `staging_cmd_buf`
[INFO] [stdout]   --> piet-gpu-hal/src/hub.rs:67:5
[INFO] [stdout]    |
[INFO] [stdout] 67 |     staging_cmd_buf: Option<CmdBuf>,
[INFO] [stdout]    |     ^^^^^^^^^^^^^^^^^^^^^^^^^^^^^^^
[INFO] [stdout] 
[INFO] [stdout] 
[INFO] [stderr]    Compiling piet-gpu-types v0.0.0 (/opt/rustwide/workdir/piet-gpu-types)
[INFO] [stdout] warning: 4 warnings emitted
[INFO] [stdout] 
[INFO] [stdout] 
[INFO] [stderr]    Compiling smithay-client-toolkit v0.12.0
[INFO] [stderr]    Compiling piet-gpu v0.1.0 (/opt/rustwide/workdir/piet-gpu)
[INFO] [stdout] warning: unused import: `ops::RangeBounds`
[INFO] [stdout]  --> piet-gpu/src/render_ctx.rs:1:24
[INFO] [stdout]   |
[INFO] [stdout] 1 | use std::{borrow::Cow, ops::RangeBounds};
[INFO] [stdout]   |                        ^^^^^^^^^^^^^^^^
[INFO] [stdout]   |
[INFO] [stdout]   = note: `#[warn(unused_imports)]` on by default
[INFO] [stdout] 
[INFO] [stdout] 
[INFO] [stdout] warning: unused imports: `HitTestPosition`, `Size`, `TextAttribute`, `TextStorage`
[INFO] [stdout]  --> piet-gpu/src/render_ctx.rs:4:57
[INFO] [stdout]   |
[INFO] [stdout] 4 |     kurbo::{Affine, Insets, PathEl, Point, Rect, Shape, Size},
[INFO] [stdout]   |                                                         ^^^^
[INFO] [stdout] 5 |     HitTestPosition, TextAttribute, TextStorage,
[INFO] [stdout]   |     ^^^^^^^^^^^^^^^  ^^^^^^^^^^^^^  ^^^^^^^^^^^
[INFO] [stdout] 
[INFO] [stdout] 
[INFO] [stdout] warning: unused imports: `FontFamily`, `HitTestPoint`, `LineMetric`, `TextLayoutBuilder`, `TextLayout`, `Text`
[INFO] [stdout]  --> piet-gpu/src/render_ctx.rs:8:34
[INFO] [stdout]   |
[INFO] [stdout] 8 |     Color, Error, FixedGradient, FontFamily, HitTestPoint, ImageFormat, InterpolationMode,
[INFO] [stdout]   |                                  ^^^^^^^^^^  ^^^^^^^^^^^^
[INFO] [stdout] 9 |     IntoBrush, LineMetric, RenderContext, StrokeStyle, Text, TextLayout, TextLayoutBuilder,
[INFO] [stdout]   |                ^^^^^^^^^^                              ^^^^  ^^^^^^^^^^  ^^^^^^^^^^^^^^^^^
[INFO] [stdout] 
[INFO] [stdout] 
[INFO] [stdout] warning: unused import: `Affine`
[INFO] [stdout]   --> piet-gpu/src/lib.rs:11:19
[INFO] [stdout]    |
[INFO] [stdout] 11 | use piet::kurbo::{Affine, BezPath, Circle, Point, Shape, Vec2};
[INFO] [stdout]    |                   ^^^^^^
[INFO] [stdout] 
[INFO] [stdout] 
[INFO] [stdout] warning: 4 warnings emitted
[INFO] [stdout] 
[INFO] [stdout] 
[INFO] [stderr]     Finished dev [unoptimized + debuginfo] target(s) in 1m 04s
[INFO] running `Command { std: "docker" "inspect" "cef45ade5dd4bb161e152d01d0542f48d161b24aeb7b76aecdd8964d0c1937bf", kill_on_drop: false }`
[INFO] running `Command { std: "docker" "rm" "-f" "cef45ade5dd4bb161e152d01d0542f48d161b24aeb7b76aecdd8964d0c1937bf", kill_on_drop: false }`
[INFO] [stdout] cef45ade5dd4bb161e152d01d0542f48d161b24aeb7b76aecdd8964d0c1937bf
[INFO] running `Command { std: "docker" "create" "-v" "/var/lib/crater-agent-workspace/builds/worker-58/target:/opt/rustwide/target:rw,Z" "-v" "/var/lib/crater-agent-workspace/builds/worker-58/source:/opt/rustwide/workdir:ro,Z" "-v" "/var/lib/crater-agent-workspace/cargo-home:/opt/rustwide/cargo-home:ro,Z" "-v" "/var/lib/crater-agent-workspace/rustup-home:/opt/rustwide/rustup-home:ro,Z" "-e" "SOURCE_DIR=/opt/rustwide/workdir" "-e" "CARGO_TARGET_DIR=/opt/rustwide/target" "-e" "CARGO_INCREMENTAL=0" "-e" "RUST_BACKTRACE=full" "-e" "RUSTFLAGS=--cap-lints=warn" "-e" "CARGO_HOME=/opt/rustwide/cargo-home" "-e" "RUSTUP_HOME=/opt/rustwide/rustup-home" "-w" "/opt/rustwide/workdir" "-m" "1610612736" "--user" "0:0" "--network" "none" "ghcr.io/rust-lang/crates-build-env/linux@sha256:34b6a614d2c27851fe6cbf88fbd1137609cefab8b10d0615aaeb6fd47975d74e" "/opt/rustwide/cargo-home/bin/cargo" "+1.54.0" "test" "--frozen" "--no-run" "--message-format=json", kill_on_drop: false }`
[INFO] [stdout] 98df85301621b0a36369b5c53a6ea7d88adc1fc3357764f27838e01dc8970f58
[INFO] running `Command { std: "docker" "start" "-a" "98df85301621b0a36369b5c53a6ea7d88adc1fc3357764f27838e01dc8970f58", kill_on_drop: false }`
[INFO] [stdout] warning: unused import: `mux::ShaderCode`
[INFO] [stdout]   --> piet-gpu-hal/src/backend.rs:19:13
[INFO] [stdout]    |
[INFO] [stdout] 19 | use crate::{mux::ShaderCode, BufferUsage, Error, GpuInfo, ImageLayout, SamplerParams};
[INFO] [stdout]    |             ^^^^^^^^^^^^^^^
[INFO] [stdout]    |
[INFO] [stdout]    = note: `#[warn(unused_imports)]` on by default
[INFO] [stdout] 
[INFO] [stdout] 
[INFO] [stdout] warning: unused variable: `params`
[INFO] [stdout]    --> piet-gpu-hal/src/hub.rs:380:41
[INFO] [stdout]     |
[INFO] [stdout] 380 |     pub unsafe fn create_sampler(&self, params: SamplerParams) -> Result<Sampler, Error> {
[INFO] [stdout]     |                                         ^^^^^^ help: if this is intentional, prefix it with an underscore: `_params`
[INFO] [stdout]     |
[INFO] [stdout]     = note: `#[warn(unused_variables)]` on by default
[INFO] [stdout] 
[INFO] [stdout] 
[INFO] [stdout] warning: field is never read: `cmd_buf`
[INFO] [stdout]   --> piet-gpu-hal/src/hub.rs:64:5
[INFO] [stdout]    |
[INFO] [stdout] 64 |     cmd_buf: mux::CmdBuf,
[INFO] [stdout]    |     ^^^^^^^^^^^^^^^^^^^^
[INFO] [stdout]    |
[INFO] [stdout]    = note: `#[warn(dead_code)]` on by default
[INFO] [stdout] 
[INFO] [stdout] 
[INFO] [stderr]    Compiling piet-gpu-hal v0.1.0 (/opt/rustwide/workdir/piet-gpu-hal)
[INFO] [stdout] warning: field is never read: `staging_cmd_buf`
[INFO] [stdout]   --> piet-gpu-hal/src/hub.rs:67:5
[INFO] [stdout]    |
[INFO] [stdout] 67 |     staging_cmd_buf: Option<CmdBuf>,
[INFO] [stdout]    |     ^^^^^^^^^^^^^^^^^^^^^^^^^^^^^^^
[INFO] [stdout] 
[INFO] [stdout] 
[INFO] [stderr]    Compiling piet-gpu-derive v0.0.0 (/opt/rustwide/workdir/piet-gpu-derive)
[INFO] [stdout] warning: 4 warnings emitted
[INFO] [stdout] 
[INFO] [stdout] 
[INFO] [stderr]    Compiling piet-gpu-types v0.0.0 (/opt/rustwide/workdir/piet-gpu-types)
[INFO] [stderr]    Compiling piet-gpu v0.1.0 (/opt/rustwide/workdir/piet-gpu)
[INFO] [stdout] warning: unused import: `ops::RangeBounds`
[INFO] [stdout]  --> piet-gpu/src/render_ctx.rs:1:24
[INFO] [stdout]   |
[INFO] [stdout] 1 | use std::{borrow::Cow, ops::RangeBounds};
[INFO] [stdout]   |                        ^^^^^^^^^^^^^^^^
[INFO] [stdout]   |
[INFO] [stdout]   = note: `#[warn(unused_imports)]` on by default
[INFO] [stdout] 
[INFO] [stdout] 
[INFO] [stdout] warning: unused imports: `HitTestPosition`, `Size`, `TextAttribute`, `TextStorage`
[INFO] [stdout]  --> piet-gpu/src/render_ctx.rs:4:57
[INFO] [stdout]   |
[INFO] [stdout] 4 |     kurbo::{Affine, Insets, PathEl, Point, Rect, Shape, Size},
[INFO] [stdout]   |                                                         ^^^^
[INFO] [stdout] 5 |     HitTestPosition, TextAttribute, TextStorage,
[INFO] [stdout]   |     ^^^^^^^^^^^^^^^  ^^^^^^^^^^^^^  ^^^^^^^^^^^
[INFO] [stdout] 
[INFO] [stdout] 
[INFO] [stdout] warning: unused imports: `FontFamily`, `HitTestPoint`, `LineMetric`, `TextLayoutBuilder`, `TextLayout`, `Text`
[INFO] [stdout]  --> piet-gpu/src/render_ctx.rs:8:34
[INFO] [stdout]   |
[INFO] [stdout] 8 |     Color, Error, FixedGradient, FontFamily, HitTestPoint, ImageFormat, InterpolationMode,
[INFO] [stdout]   |                                  ^^^^^^^^^^  ^^^^^^^^^^^^
[INFO] [stdout] 9 |     IntoBrush, LineMetric, RenderContext, StrokeStyle, Text, TextLayout, TextLayoutBuilder,
[INFO] [stdout]   |                ^^^^^^^^^^                              ^^^^  ^^^^^^^^^^  ^^^^^^^^^^^^^^^^^
[INFO] [stdout] 
[INFO] [stdout] 
[INFO] [stdout] warning: unused import: `Affine`
[INFO] [stdout]   --> piet-gpu/src/lib.rs:11:19
[INFO] [stdout]    |
[INFO] [stdout] 11 | use piet::kurbo::{Affine, BezPath, Circle, Point, Shape, Vec2};
[INFO] [stdout]    |                   ^^^^^^
[INFO] [stdout] 
[INFO] [stdout] 
[INFO] [stdout] warning: 4 warnings emitted
[INFO] [stdout] 
[INFO] [stdout] 
[INFO] [stdout] error[E0433]: failed to resolve: use of undeclared crate or module `raw_window_handle`
[INFO] [stdout]  --> piet-gpu/bin/android.rs:8:5
[INFO] [stdout]   |
[INFO] [stdout] 8 | use raw_window_handle::android::AndroidHandle;
[INFO] [stdout]   |     ^^^^^^^^^^^^^^^^^ use of undeclared crate or module `raw_window_handle`
[INFO] [stdout] 
[INFO] [stdout] 
[INFO] [stdout] error[E0433]: failed to resolve: use of undeclared crate or module `ndk`
[INFO] [stdout]   --> piet-gpu/bin/android.rs:11:5
[INFO] [stdout]    |
[INFO] [stdout] 11 | use ndk::native_window::NativeWindow;
[INFO] [stdout]    |     ^^^ use of undeclared crate or module `ndk`
[INFO] [stdout] 
[INFO] [stdout] 
[INFO] [stdout] error[E0432]: unresolved import `raw_window_handle`
[INFO] [stdout]  --> piet-gpu/bin/android.rs:9:5
[INFO] [stdout]   |
[INFO] [stdout] 9 | use raw_window_handle::{HasRawWindowHandle, RawWindowHandle};
[INFO] [stdout]   |     ^^^^^^^^^^^^^^^^^ use of undeclared crate or module `raw_window_handle`
[INFO] [stdout] 
[INFO] [stdout] 
[INFO] [stdout] error[E0432]: unresolved import `ndk_glue`
[INFO] [stdout]   --> piet-gpu/bin/android.rs:12:5
[INFO] [stdout]    |
[INFO] [stdout] 12 | use ndk_glue::Event;
[INFO] [stdout]    |     ^^^^^^^^ use of undeclared crate or module `ndk_glue`
[INFO] [stdout] 
[INFO] [stdout] 
[INFO] [stdout] error[E0433]: failed to resolve: use of undeclared crate or module `ndk_glue`
[INFO] [stdout]   --> piet-gpu/bin/android.rs:49:22
[INFO] [stdout]    |
[INFO] [stdout] 49 |         for event in ndk_glue::poll_events() {
[INFO] [stdout]    |                      ^^^^^^^^ use of undeclared crate or module `ndk_glue`
[INFO] [stdout] 
[INFO] [stdout] 
[INFO] [stdout] error[E0433]: failed to resolve: use of undeclared crate or module `ndk_glue`
[INFO] [stdout]   --> piet-gpu/bin/android.rs:53:34
[INFO] [stdout]    |
[INFO] [stdout] 53 |                     let window = ndk_glue::native_window();
[INFO] [stdout]    |                                  ^^^^^^^^ use of undeclared crate or module `ndk_glue`
[INFO] [stdout] 
[INFO] [stdout] 
[INFO] [stdout] error[E0433]: failed to resolve: use of undeclared type `AndroidHandle`
[INFO] [stdout]   --> piet-gpu/bin/android.rs:82:22
[INFO] [stdout]    |
[INFO] [stdout] 82 |     let mut handle = AndroidHandle::empty();
[INFO] [stdout]    |                      ^^^^^^^^^^^^^ use of undeclared type `AndroidHandle`
[INFO] [stdout] 
[INFO] [stdout] 
[INFO] [stdout] error[E0412]: cannot find type `AndroidHandle` in this scope
[INFO] [stdout]   --> piet-gpu/bin/android.rs:27:13
[INFO] [stdout]    |
[INFO] [stdout] 27 |     handle: AndroidHandle,
[INFO] [stdout]    |             ^^^^^^^^^^^^^ not found in this scope
[INFO] [stdout] 
[INFO] [stdout] 
[INFO] [stdout] error[E0412]: cannot find type `NativeWindow` in this scope
[INFO] [stdout]   --> piet-gpu/bin/android.rs:75:24
[INFO] [stdout]    |
[INFO] [stdout] 75 | fn get_handle(window: &NativeWindow) -> MyHandle {
[INFO] [stdout]    |                        ^^^^^^^^^^^^ not found in this scope
[INFO] [stdout] 
[INFO] [stdout] 
[INFO] [stdout] error: aborting due to 9 previous errors
[INFO] [stdout] 
[INFO] [stdout] 
[INFO] [stdout] Some errors have detailed explanations: E0412, E0432, E0433.
[INFO] [stdout] 
[INFO] [stdout] For more information about an error, try `rustc --explain E0412`.
[INFO] [stdout] 
[INFO] [stdout] warning: unused import: `mux::ShaderCode`
[INFO] [stdout]   --> piet-gpu-hal/src/backend.rs:19:13
[INFO] [stdout]    |
[INFO] [stdout] 19 | use crate::{mux::ShaderCode, BufferUsage, Error, GpuInfo, ImageLayout, SamplerParams};
[INFO] [stdout]    |             ^^^^^^^^^^^^^^^
[INFO] [stdout]    |
[INFO] [stdout]    = note: `#[warn(unused_imports)]` on by default
[INFO] [stdout] 
[INFO] [stdout] 
[INFO] [stderr] error: could not compile `piet-gpu`
[INFO] [stdout] warning: unused import: `ops::RangeBounds`
[INFO] [stdout]  --> piet-gpu/src/render_ctx.rs:1:24
[INFO] [stdout]   |
[INFO] [stdout] 1 | use std::{borrow::Cow, ops::RangeBounds};
[INFO] [stdout]   |                        ^^^^^^^^^^^^^^^^
[INFO] [stdout]   |
[INFO] [stdout]   = note: `#[warn(unused_imports)]` on by default
[INFO] [stdout] 
[INFO] [stdout] 
[INFO] [stderr] 
[INFO] [stdout] warning: unused imports: `HitTestPosition`, `Size`, `TextAttribute`, `TextStorage`
[INFO] [stdout]  --> piet-gpu/src/render_ctx.rs:4:57
[INFO] [stdout]   |
[INFO] [stdout] 4 |     kurbo::{Affine, Insets, PathEl, Point, Rect, Shape, Size},
[INFO] [stdout]   |                                                         ^^^^
[INFO] [stdout] 5 |     HitTestPosition, TextAttribute, TextStorage,
[INFO] [stdout]   |     ^^^^^^^^^^^^^^^  ^^^^^^^^^^^^^  ^^^^^^^^^^^
[INFO] [stdout] 
[INFO] [stdout] 
[INFO] [stderr] To learn more, run the command again with --verbose.
[INFO] [stdout] warning: unused imports: `FontFamily`, `HitTestPoint`, `LineMetric`, `TextLayoutBuilder`, `TextLayout`, `Text`
[INFO] [stdout]  --> piet-gpu/src/render_ctx.rs:8:34
[INFO] [stdout]   |
[INFO] [stdout] 8 |     Color, Error, FixedGradient, FontFamily, HitTestPoint, ImageFormat, InterpolationMode,
[INFO] [stdout]   |                                  ^^^^^^^^^^  ^^^^^^^^^^^^
[INFO] [stdout] 9 |     IntoBrush, LineMetric, RenderContext, StrokeStyle, Text, TextLayout, TextLayoutBuilder,
[INFO] [stdout]   |                ^^^^^^^^^^                              ^^^^  ^^^^^^^^^^  ^^^^^^^^^^^^^^^^^
[INFO] [stdout] 
[INFO] [stdout] 
[INFO] [stderr] warning: build failed, waiting for other jobs to finish...
[INFO] [stdout] warning: unused import: `Affine`
[INFO] [stdout]   --> piet-gpu/src/lib.rs:11:19
[INFO] [stdout]    |
[INFO] [stdout] 11 | use piet::kurbo::{Affine, BezPath, Circle, Point, Shape, Vec2};
[INFO] [stdout]    |                   ^^^^^^
[INFO] [stdout] 
[INFO] [stdout] 
[INFO] [stdout] warning: unused variable: `params`
[INFO] [stdout]    --> piet-gpu-hal/src/hub.rs:380:41
[INFO] [stdout]     |
[INFO] [stdout] 380 |     pub unsafe fn create_sampler(&self, params: SamplerParams) -> Result<Sampler, Error> {
[INFO] [stdout]     |                                         ^^^^^^ help: if this is intentional, prefix it with an underscore: `_params`
[INFO] [stdout]     |
[INFO] [stdout]     = note: `#[warn(unused_variables)]` on by default
[INFO] [stdout] 
[INFO] [stdout] 
[INFO] [stdout] warning: field is never read: `cmd_buf`
[INFO] [stdout]   --> piet-gpu-hal/src/hub.rs:64:5
[INFO] [stdout]    |
[INFO] [stdout] 64 |     cmd_buf: mux::CmdBuf,
[INFO] [stdout]    |     ^^^^^^^^^^^^^^^^^^^^
[INFO] [stdout]    |
[INFO] [stdout]    = note: `#[warn(dead_code)]` on by default
[INFO] [stdout] 
[INFO] [stdout] 
[INFO] [stdout] warning: field is never read: `staging_cmd_buf`
[INFO] [stdout]   --> piet-gpu-hal/src/hub.rs:67:5
[INFO] [stdout]    |
[INFO] [stdout] 67 |     staging_cmd_buf: Option<CmdBuf>,
[INFO] [stdout]    |     ^^^^^^^^^^^^^^^^^^^^^^^^^^^^^^^
[INFO] [stdout] 
[INFO] [stdout] 
[INFO] [stdout] warning: 4 warnings emitted
[INFO] [stdout] 
[INFO] [stdout] 
[INFO] [stdout] warning: 4 warnings emitted
[INFO] [stdout] 
[INFO] [stdout] 
[INFO] [stderr] error: build failed
[INFO] running `Command { std: "docker" "inspect" "98df85301621b0a36369b5c53a6ea7d88adc1fc3357764f27838e01dc8970f58", kill_on_drop: false }`
[INFO] running `Command { std: "docker" "rm" "-f" "98df85301621b0a36369b5c53a6ea7d88adc1fc3357764f27838e01dc8970f58", kill_on_drop: false }`
[INFO] [stdout] 98df85301621b0a36369b5c53a6ea7d88adc1fc3357764f27838e01dc8970f58
