[INFO] cloning repository https://github.com/legrec14/superframe
[INFO] running `Command { std: "git" "-c" "credential.helper=" "-c" "credential.helper=/workspace/cargo-home/bin/git-credential-null" "clone" "--bare" "https://github.com/legrec14/superframe" "/workspace/cache/git-repos/https%3A%2F%2Fgithub.com%2Flegrec14%2Fsuperframe", kill_on_drop: false }`
[INFO] [stderr] Cloning into bare repository '/workspace/cache/git-repos/https%3A%2F%2Fgithub.com%2Flegrec14%2Fsuperframe'...
[INFO] running `Command { std: "git" "rev-parse" "HEAD", kill_on_drop: false }`
[INFO] [stdout] b21db1d86e84dab45cd2c48f1471483ff72f9a58
[INFO] testing legrec14/superframe against beta-2021-08-01 for beta-1.55-1
[INFO] running `Command { std: "git" "clone" "/workspace/cache/git-repos/https%3A%2F%2Fgithub.com%2Flegrec14%2Fsuperframe" "/workspace/builds/worker-10/source", kill_on_drop: false }`
[INFO] [stderr] Cloning into '/workspace/builds/worker-10/source'...
[INFO] [stderr] done.
[INFO] validating manifest of git repo https://github.com/legrec14/superframe on toolchain beta-2021-08-01
[INFO] running `Command { std: "/workspace/cargo-home/bin/cargo" "+beta-2021-08-01" "metadata" "--manifest-path" "Cargo.toml" "--no-deps", kill_on_drop: false }`
[INFO] removed /workspace/builds/worker-10/source/.cargo/config
[INFO] started tweaking git repo https://github.com/legrec14/superframe
[INFO] finished tweaking git repo https://github.com/legrec14/superframe
[INFO] tweaked toml for git repo https://github.com/legrec14/superframe written to /workspace/builds/worker-10/source/Cargo.toml
[INFO] crate git repo https://github.com/legrec14/superframe already has a lockfile, it will not be regenerated
[INFO] running `Command { std: "/workspace/cargo-home/bin/cargo" "+beta-2021-08-01" "fetch" "--manifest-path" "Cargo.toml", kill_on_drop: false }`
[INFO] [stderr]     Updating git repository `https://github.com/legrec14/smart-leds.git`
[INFO] [stderr]     Updating git repository `https://github.com/ejpcmac/stm32l4xx-hal.git`
[INFO] [stderr]     Blocking waiting for file lock on package cache
[INFO] running `Command { std: "docker" "create" "-v" "/var/lib/crater-agent-workspace/builds/worker-10/target:/opt/rustwide/target:rw,Z" "-v" "/var/lib/crater-agent-workspace/builds/worker-10/source:/opt/rustwide/workdir:ro,Z" "-v" "/var/lib/crater-agent-workspace/cargo-home:/opt/rustwide/cargo-home:ro,Z" "-v" "/var/lib/crater-agent-workspace/rustup-home:/opt/rustwide/rustup-home:ro,Z" "-e" "SOURCE_DIR=/opt/rustwide/workdir" "-e" "CARGO_TARGET_DIR=/opt/rustwide/target" "-e" "CARGO_HOME=/opt/rustwide/cargo-home" "-e" "RUSTUP_HOME=/opt/rustwide/rustup-home" "-w" "/opt/rustwide/workdir" "-m" "1610612736" "--user" "0:0" "--network" "none" "ghcr.io/rust-lang/crates-build-env/linux@sha256:34b6a614d2c27851fe6cbf88fbd1137609cefab8b10d0615aaeb6fd47975d74e" "/opt/rustwide/cargo-home/bin/cargo" "+beta-2021-08-01" "metadata" "--no-deps" "--format-version=1", kill_on_drop: false }`
[INFO] [stdout] ad8129e3a06e19ea9dc41bb6ff9c9a863ff7361fe0aed9ac90c4d53e763dc616
[INFO] running `Command { std: "docker" "start" "-a" "ad8129e3a06e19ea9dc41bb6ff9c9a863ff7361fe0aed9ac90c4d53e763dc616", kill_on_drop: false }`
[INFO] running `Command { std: "docker" "inspect" "ad8129e3a06e19ea9dc41bb6ff9c9a863ff7361fe0aed9ac90c4d53e763dc616", kill_on_drop: false }`
[INFO] running `Command { std: "docker" "rm" "-f" "ad8129e3a06e19ea9dc41bb6ff9c9a863ff7361fe0aed9ac90c4d53e763dc616", kill_on_drop: false }`
[INFO] [stdout] ad8129e3a06e19ea9dc41bb6ff9c9a863ff7361fe0aed9ac90c4d53e763dc616
[INFO] running `Command { std: "docker" "create" "-v" "/var/lib/crater-agent-workspace/builds/worker-10/target:/opt/rustwide/target:rw,Z" "-v" "/var/lib/crater-agent-workspace/builds/worker-10/source:/opt/rustwide/workdir:ro,Z" "-v" "/var/lib/crater-agent-workspace/cargo-home:/opt/rustwide/cargo-home:ro,Z" "-v" "/var/lib/crater-agent-workspace/rustup-home:/opt/rustwide/rustup-home:ro,Z" "-e" "SOURCE_DIR=/opt/rustwide/workdir" "-e" "CARGO_TARGET_DIR=/opt/rustwide/target" "-e" "CARGO_INCREMENTAL=0" "-e" "RUST_BACKTRACE=full" "-e" "RUSTFLAGS=--cap-lints=warn" "-e" "CARGO_HOME=/opt/rustwide/cargo-home" "-e" "RUSTUP_HOME=/opt/rustwide/rustup-home" "-w" "/opt/rustwide/workdir" "-m" "1610612736" "--user" "0:0" "--network" "none" "ghcr.io/rust-lang/crates-build-env/linux@sha256:34b6a614d2c27851fe6cbf88fbd1137609cefab8b10d0615aaeb6fd47975d74e" "/opt/rustwide/cargo-home/bin/cargo" "+beta-2021-08-01" "build" "--frozen" "--message-format=json", kill_on_drop: false }`
[INFO] [stdout] f57ea0e794a6983a39203ae45f550e93ff3ba1b2c3ce7d4e4166419434b26747
[INFO] running `Command { std: "docker" "start" "-a" "f57ea0e794a6983a39203ae45f550e93ff3ba1b2c3ce7d4e4166419434b26747", kill_on_drop: false }`
[INFO] [stderr]    Compiling proc-macro2 v1.0.24
[INFO] [stderr]    Compiling cortex-m v0.7.2
[INFO] [stderr]    Compiling nb v1.0.0
[INFO] [stderr]    Compiling stable_deref_trait v1.2.0
[INFO] [stderr]    Compiling syn v1.0.62
[INFO] [stderr]    Compiling vcell v0.1.3
[INFO] [stderr]    Compiling cortex-m v0.6.7
[INFO] [stderr]    Compiling bitfield v0.13.2
[INFO] [stderr]    Compiling bytemuck v1.5.1
[INFO] [stderr]    Compiling cortex-m-rt v0.6.13
[INFO] [stderr]    Compiling hashbrown v0.9.1
[INFO] [stderr]    Compiling ufmt-write v0.1.0
[INFO] [stderr]    Compiling stm32l4 v0.12.1
[INFO] [stderr]    Compiling byteorder v1.4.2
[INFO] [stderr]    Compiling heapless v0.6.1
[INFO] [stderr]    Compiling rand_core v0.6.3
[INFO] [stderr]    Compiling rtic-core v0.3.1
[INFO] [stderr]    Compiling superframe v1.0.0 (/opt/rustwide/workdir)
[INFO] [stderr]    Compiling num-traits v0.2.14
[INFO] [stderr]    Compiling num-integer v0.1.44
[INFO] [stderr]    Compiling num-iter v0.1.42
[INFO] [stderr]    Compiling indexmap v1.6.2
[INFO] [stderr]    Compiling num-rational v0.3.2
[INFO] [stderr]    Compiling generic-array v0.14.4
[INFO] [stderr]    Compiling cortex-m-rtic v0.5.6
[INFO] [stderr]    Compiling generic-array v0.12.4
[INFO] [stderr]    Compiling generic-array v0.13.3
[INFO] [stderr]    Compiling rtt-target v0.2.2
[INFO] [stderr]    Compiling nb v0.1.3
[INFO] [stderr]    Compiling volatile-register v0.2.0
[INFO] [stderr]    Compiling rand v0.8.4
[INFO] [stderr]    Compiling rgb v0.8.25
[INFO] [stderr]    Compiling embedded-hal v0.2.4
[INFO] [stderr]    Compiling hash32 v0.1.1
[INFO] [stderr]    Compiling smart-leds-trait v0.2.1
[INFO] [stderr]    Compiling as-slice v0.1.5
[INFO] [stderr]    Compiling smart-leds v0.3.0 (https://github.com/legrec14/smart-leds.git?branch=hsv-conversions#c5954894)
[INFO] [stderr]    Compiling ws2812-spi v0.4.0
[INFO] [stderr]    Compiling quote v1.0.9
[INFO] [stderr]    Compiling aligned v0.3.4
[INFO] [stderr]    Compiling num-complex v0.3.1
[INFO] [stderr]    Compiling rtt-target v0.3.0
[INFO] [stderr]    Compiling panic-rtt-target v0.1.1
[INFO] [stderr]    Compiling num v0.3.1
[INFO] [stderr]    Compiling embedded-time v0.12.0
[INFO] [stderr]    Compiling led_effects v0.1.0 (/opt/rustwide/workdir/led_effects)
[INFO] [stderr]    Compiling rtic-syntax v0.4.0
[INFO] [stderr]    Compiling cortex-m-rt-macros v0.1.8
[INFO] [stderr]    Compiling cortex-m-rtic-macros v0.5.2
[INFO] [stderr]    Compiling stm32l4xx-hal v0.6.0 (https://github.com/ejpcmac/stm32l4xx-hal.git?branch=stm32l47x-adc#970b0660)
[INFO] [stdout] error[E0432]: unresolved import `rtic::cyccnt`
[INFO] [stdout]   --> src/main.rs:24:11
[INFO] [stdout]    |
[INFO] [stdout] 24 | use rtic::cyccnt::{Instant, U32Ext as _};
[INFO] [stdout]    |           ^^^^^^ could not find `cyccnt` in `rtic`
[INFO] [stdout] 
[INFO] [stdout] 
[INFO] [stdout] error[E0433]: failed to resolve: could not find `cyccnt` in `rtic`
[INFO] [stdout]    --> src/main.rs:119:74
[INFO] [stdout]     |
[INFO] [stdout] 119 | #[app(device = stm32l4xx_hal::pac, peripherals = true, monotonic = rtic::cyccnt::CYCCNT)]
[INFO] [stdout]     |                                                                          ^^^^^^ could not find `cyccnt` in `rtic`
[INFO] [stdout] 
[INFO] [stdout] 
[INFO] [stdout] error: language item required, but not found: `eh_personality`
[INFO] [stdout] 
[INFO] [stdout] 
[INFO] [stdout] error[E0599]: no method named `cycles` found for type `u32` in the current scope
[INFO] [stdout]    --> src/main.rs:272:60
[INFO] [stdout]     |
[INFO] [stdout] 272 |                 .next_sequence(Instant::now() + num_cycles.cycles())
[INFO] [stdout]     |                                                            ^^^^^^ method not found in `u32`
[INFO] [stdout] 
[INFO] [stdout] 
[INFO] [stdout] error[E0282]: type annotations needed
[INFO] [stdout]    --> src/main.rs:119:1
[INFO] [stdout]     |
[INFO] [stdout] 119 | #[app(device = stm32l4xx_hal::pac, peripherals = true, monotonic = rtic::cyccnt::CYCCNT)]
[INFO] [stdout]     | ^^^^^^^^^^^^^^^^^^^^^^^^^^^^^^^^^^^^^^^^^^^^^^^^^^^^^^^^^^^^^^^^^^^^^^^^^^^^^^^^^^^^^^^^^
[INFO] [stdout]     |
[INFO] [stdout]     = note: type must be known at this point
[INFO] [stdout]     = note: this error originates in the attribute macro `app` (in Nightly builds, run with -Z macro-backtrace for more info)
[INFO] [stdout] 
[INFO] [stdout] 
[INFO] [stdout] error: aborting due to 5 previous errors
[INFO] [stdout] 
[INFO] [stdout] 
[INFO] [stdout] Some errors have detailed explanations: E0282, E0432, E0433, E0599.
[INFO] [stdout] 
[INFO] [stdout] For more information about an error, try `rustc --explain E0282`.
[INFO] [stdout] 
[INFO] [stderr] error: could not compile `superframe` due to 6 previous errors
[INFO] running `Command { std: "docker" "inspect" "f57ea0e794a6983a39203ae45f550e93ff3ba1b2c3ce7d4e4166419434b26747", kill_on_drop: false }`
[INFO] running `Command { std: "docker" "rm" "-f" "f57ea0e794a6983a39203ae45f550e93ff3ba1b2c3ce7d4e4166419434b26747", kill_on_drop: false }`
[INFO] [stdout] f57ea0e794a6983a39203ae45f550e93ff3ba1b2c3ce7d4e4166419434b26747
