[INFO] cloning repository https://github.com/lapinferoce/bug_multipart
[INFO] running `Command { std: "git" "-c" "credential.helper=" "-c" "credential.helper=/workspace/cargo-home/bin/git-credential-null" "clone" "--bare" "https://github.com/lapinferoce/bug_multipart" "/workspace/cache/git-repos/https%3A%2F%2Fgithub.com%2Flapinferoce%2Fbug_multipart", kill_on_drop: false }`
[INFO] [stderr] Cloning into bare repository '/workspace/cache/git-repos/https%3A%2F%2Fgithub.com%2Flapinferoce%2Fbug_multipart'...
[INFO] running `Command { std: "git" "rev-parse" "HEAD", kill_on_drop: false }`
[INFO] [stdout] 788ad210b9e1b37233b37162ac5fc6914c025245
[INFO] testing lapinferoce/bug_multipart against beta-2021-08-01 for beta-1.55-1
[INFO] running `Command { std: "git" "clone" "/workspace/cache/git-repos/https%3A%2F%2Fgithub.com%2Flapinferoce%2Fbug_multipart" "/workspace/builds/worker-7/source", kill_on_drop: false }`
[INFO] [stderr] Cloning into '/workspace/builds/worker-7/source'...
[INFO] [stderr] done.
[INFO] validating manifest of git repo https://github.com/lapinferoce/bug_multipart on toolchain beta-2021-08-01
[INFO] running `Command { std: "/workspace/cargo-home/bin/cargo" "+beta-2021-08-01" "metadata" "--manifest-path" "Cargo.toml" "--no-deps", kill_on_drop: false }`
[INFO] started tweaking git repo https://github.com/lapinferoce/bug_multipart
[INFO] finished tweaking git repo https://github.com/lapinferoce/bug_multipart
[INFO] tweaked toml for git repo https://github.com/lapinferoce/bug_multipart written to /workspace/builds/worker-7/source/Cargo.toml
[INFO] crate git repo https://github.com/lapinferoce/bug_multipart already has a lockfile, it will not be regenerated
[INFO] running `Command { std: "/workspace/cargo-home/bin/cargo" "+beta-2021-08-01" "fetch" "--manifest-path" "Cargo.toml", kill_on_drop: false }`
[INFO] [stderr]     Blocking waiting for file lock on package cache
[INFO] [stderr]     Updating git repository `https://github.com/DaGenix/rust-crypto.git`
[INFO] [stderr]     Updating git repository `https://github.com/Ogeon/rustful.git`
[INFO] [stderr]  Downloading crates ...
[INFO] [stderr]   Downloaded libc v0.1.10
[INFO] [stderr]   Downloaded num_cpus v0.2.7
[INFO] [stderr]   Downloaded pkg-config v0.3.6
[INFO] [stderr]   Downloaded advapi32-sys v0.1.2
[INFO] [stderr]   Downloaded bitflags v0.3.2
[INFO] [stderr]   Downloaded openssl-sys v0.6.7
[INFO] [stderr]   Downloaded env_logger v0.3.1
[INFO] [stderr]   Downloaded httparse v1.0.0
[INFO] [stderr]   Downloaded lazy_static v0.1.15
[INFO] [stderr]   Downloaded aho-corasick v0.3.4
[INFO] [stderr]   Downloaded byteorder v0.3.13
[INFO] [stderr]   Downloaded num v0.1.27
[INFO] [stderr]   Downloaded bincode v0.4.0
[INFO] [stderr]   Downloaded matches v0.1.2
[INFO] [stderr]   Downloaded winapi v0.2.4
[INFO] [stderr]   Downloaded hpack v0.2.0
[INFO] [stderr]   Downloaded time v0.1.33
[INFO] [stderr]   Downloaded log v0.3.2
[INFO] [stderr]   Downloaded libressl-pnacl-sys v2.1.6
[INFO] [stderr]   Downloaded phf_shared v0.7.6
[INFO] [stderr]   Downloaded mime v0.1.0
[INFO] [stderr]   Downloaded url v0.2.37
[INFO] [stderr]   Downloaded unicase v1.0.1
[INFO] [stderr]   Downloaded regex-syntax v0.2.2
[INFO] [stderr]   Downloaded serde v0.6.1
[INFO] [stderr]   Downloaded memchr v0.1.6
[INFO] [stderr]   Downloaded regex v0.1.41
[INFO] [stderr]   Downloaded anymap v0.11.1
[INFO] [stderr]   Downloaded language-tags v0.0.7
[INFO] [stderr]   Downloaded pnacl-build-helper v1.4.10
[INFO] [stderr]   Downloaded phf v0.7.6
[INFO] [stderr]   Downloaded solicit v0.4.4
[INFO] [stderr]   Downloaded phf_generator v0.7.6
[INFO] [stderr]   Downloaded cookie v0.1.21
[INFO] [stderr]   Downloaded rand v0.3.11
[INFO] [stderr]   Downloaded mime_guess v1.1.1
[INFO] [stderr]   Downloaded gcc v0.3.19
[INFO] [stderr]   Downloaded tempdir v0.3.4
[INFO] [stderr]   Downloaded hyper v0.6.15
[INFO] [stderr]   Downloaded traitobject v0.0.1
[INFO] [stderr]   Downloaded phf_codegen v0.7.6
[INFO] [stderr]   Downloaded openssl v0.6.7
[INFO] [stderr]   Downloaded multipart v0.3.1
[INFO] [stderr]   Downloaded rustc-serialize v0.3.16
[INFO] [stderr]   Downloaded kernel32-sys v0.1.4
[INFO] running `Command { std: "docker" "create" "-v" "/var/lib/crater-agent-workspace/builds/worker-7/target:/opt/rustwide/target:rw,Z" "-v" "/var/lib/crater-agent-workspace/builds/worker-7/source:/opt/rustwide/workdir:ro,Z" "-v" "/var/lib/crater-agent-workspace/cargo-home:/opt/rustwide/cargo-home:ro,Z" "-v" "/var/lib/crater-agent-workspace/rustup-home:/opt/rustwide/rustup-home:ro,Z" "-e" "SOURCE_DIR=/opt/rustwide/workdir" "-e" "CARGO_TARGET_DIR=/opt/rustwide/target" "-e" "CARGO_HOME=/opt/rustwide/cargo-home" "-e" "RUSTUP_HOME=/opt/rustwide/rustup-home" "-w" "/opt/rustwide/workdir" "-m" "1610612736" "--user" "0:0" "--network" "none" "ghcr.io/rust-lang/crates-build-env/linux@sha256:34b6a614d2c27851fe6cbf88fbd1137609cefab8b10d0615aaeb6fd47975d74e" "/opt/rustwide/cargo-home/bin/cargo" "+beta-2021-08-01" "metadata" "--no-deps" "--format-version=1", kill_on_drop: false }`
[INFO] [stdout] a3ba9b546c71be44a78acd6d4f91a4f8bf5b80c81cc422ccfabb33677e612802
[INFO] [stderr] WARNING: Your kernel does not support swap limit capabilities or the cgroup is not mounted. Memory limited without swap.
[INFO] running `Command { std: "docker" "start" "-a" "a3ba9b546c71be44a78acd6d4f91a4f8bf5b80c81cc422ccfabb33677e612802", kill_on_drop: false }`
[INFO] running `Command { std: "docker" "inspect" "a3ba9b546c71be44a78acd6d4f91a4f8bf5b80c81cc422ccfabb33677e612802", kill_on_drop: false }`
[INFO] running `Command { std: "docker" "rm" "-f" "a3ba9b546c71be44a78acd6d4f91a4f8bf5b80c81cc422ccfabb33677e612802", kill_on_drop: false }`
[INFO] [stdout] a3ba9b546c71be44a78acd6d4f91a4f8bf5b80c81cc422ccfabb33677e612802
[INFO] running `Command { std: "docker" "create" "-v" "/var/lib/crater-agent-workspace/builds/worker-7/target:/opt/rustwide/target:rw,Z" "-v" "/var/lib/crater-agent-workspace/builds/worker-7/source:/opt/rustwide/workdir:ro,Z" "-v" "/var/lib/crater-agent-workspace/cargo-home:/opt/rustwide/cargo-home:ro,Z" "-v" "/var/lib/crater-agent-workspace/rustup-home:/opt/rustwide/rustup-home:ro,Z" "-e" "SOURCE_DIR=/opt/rustwide/workdir" "-e" "CARGO_TARGET_DIR=/opt/rustwide/target" "-e" "CARGO_INCREMENTAL=0" "-e" "RUST_BACKTRACE=full" "-e" "RUSTFLAGS=--cap-lints=warn" "-e" "CARGO_HOME=/opt/rustwide/cargo-home" "-e" "RUSTUP_HOME=/opt/rustwide/rustup-home" "-w" "/opt/rustwide/workdir" "-m" "1610612736" "--user" "0:0" "--network" "none" "ghcr.io/rust-lang/crates-build-env/linux@sha256:34b6a614d2c27851fe6cbf88fbd1137609cefab8b10d0615aaeb6fd47975d74e" "/opt/rustwide/cargo-home/bin/cargo" "+beta-2021-08-01" "build" "--frozen" "--message-format=json", kill_on_drop: false }`
[INFO] [stderr] WARNING: Your kernel does not support swap limit capabilities or the cgroup is not mounted. Memory limited without swap.
[INFO] [stdout] 6929b6c766a4160c84e826a045d93e6bf3e6972f5d61b3e35fbacb3c9ce07730
[INFO] running `Command { std: "docker" "start" "-a" "6929b6c766a4160c84e826a045d93e6bf3e6972f5d61b3e35fbacb3c9ce07730", kill_on_drop: false }`
[INFO] [stderr]    Compiling rustc-serialize v0.3.16
[INFO] [stderr]    Compiling phf_shared v0.7.6
[INFO] [stderr]    Compiling bitflags v0.3.2
[INFO] [stderr]    Compiling lazy_static v0.1.15
[INFO] [stderr]    Compiling unicase v1.0.1
[INFO] [stderr]    Compiling httparse v1.0.0
[INFO] [stderr]    Compiling language-tags v0.0.7
[INFO] [stderr]    Compiling anymap v0.11.1
[INFO] [stderr]    Compiling num_cpus v0.2.7
[INFO] [stderr]    Compiling rust-crypto v0.2.34 (https://github.com/DaGenix/rust-crypto.git#db7fe6ca)
[INFO] [stderr]    Compiling openssl-sys v0.6.7
[INFO] [stderr]    Compiling mime v0.1.0
[INFO] [stderr]    Compiling hpack v0.2.0
[INFO] [stderr]    Compiling aho-corasick v0.3.4
[INFO] [stderr]    Compiling rand v0.3.11
[INFO] [stderr]    Compiling time v0.1.33
[INFO] [stdout] error[E0642]: patterns aren't allowed in functions without bodies
[INFO] [stdout]    --> /opt/rustwide/cargo-home/registry/src/github.com-1ecc6299db9ec823/rustc-serialize-0.3.16/src/serialize.rs:145:45
[INFO] [stdout]     |
[INFO] [stdout] 145 | ...                   &f_name: &str,
[INFO] [stdout]     |                       ^^^^^^^ pattern not allowed in function without body
[INFO] [stdout] 
[INFO] [stdout] 
[INFO] [stderr] error: failed to run custom build command for `openssl-sys v0.6.7`
[INFO] [stderr] 
[INFO] [stderr] Caused by:
[INFO] [stderr]   process didn't exit successfully: `/opt/rustwide/target/debug/build/openssl-sys-6e1d4e9db657267b/build-script-build` (exit status: 101)
[INFO] [stderr]   --- stdout
[INFO] [stderr]   cargo:rustc-link-search=native=/usr/lib/x86_64-linux-gnu
[INFO] [stderr]   cargo:rustc-link-lib=ssl
[INFO] [stderr]   cargo:rustc-link-lib=crypto
[INFO] [stderr] 
[INFO] [stderr]   TARGET = Some("x86_64-unknown-linux-gnu")
[INFO] [stderr]   OPT_LEVEL = Some("0")
[INFO] [stderr]   PROFILE = Some("debug")
[INFO] [stderr]   TARGET = Some("x86_64-unknown-linux-gnu")
[INFO] [stderr]   debug=true opt-level=0
[INFO] [stderr]   HOST = Some("x86_64-unknown-linux-gnu")
[INFO] [stderr]   TARGET = Some("x86_64-unknown-linux-gnu")
[INFO] [stderr]   TARGET = Some("x86_64-unknown-linux-gnu")
[INFO] [stderr]   HOST = Some("x86_64-unknown-linux-gnu")
[INFO] [stderr]   CC_x86_64-unknown-linux-gnu = None
[INFO] [stderr]   CC_x86_64_unknown_linux_gnu = None
[INFO] [stderr]   HOST_CC = None
[INFO] [stderr]   CC = None
[INFO] [stderr]   HOST = Some("x86_64-unknown-linux-gnu")
[INFO] [stderr]   TARGET = Some("x86_64-unknown-linux-gnu")
[INFO] [stderr]   HOST = Some("x86_64-unknown-linux-gnu")
[INFO] [stderr]   CFLAGS_x86_64-unknown-linux-gnu = None
[INFO] [stderr]   CFLAGS_x86_64_unknown_linux_gnu = None
[INFO] [stderr]   HOST_CFLAGS = None
[INFO] [stderr]   CFLAGS = None
[INFO] [stderr]   running: "cc" "-O0" "-ffunction-sections" "-fdata-sections" "-g" "-m64" "-fPIC" "-o" "/opt/rustwide/target/debug/build/openssl-sys-d82b690918e799c7/out/src/openssl_shim.o" "-c" "src/openssl_shim.c"
[INFO] [stderr]   ExitStatus(ExitStatus(256))
[INFO] [stderr] 
[INFO] [stderr] 
[INFO] [stderr]   command did not execute successfully, got: exit status: 1
[INFO] [stderr] 
[INFO] [stderr] 
[INFO] [stderr] 
[INFO] [stderr]   --- stderr
[INFO] [stderr]   src/openssl_shim.c: In function 'DH_new_from_params':
[INFO] [stderr]   src/openssl_shim.c:126:7: error: dereferencing pointer to incomplete type 'DH' {aka 'struct dh_st'}
[INFO] [stderr]     126 |     dh->p = p;
[INFO] [stderr]         |       ^~
[INFO] [stderr]   src/openssl_shim.c: In function 'X509_get_extensions_shim':
[INFO] [stderr]   src/openssl_shim.c:137:13: error: dereferencing pointer to incomplete type 'X509' {aka 'struct x509_st'}
[INFO] [stderr]     137 |     return x->cert_info ? x->cert_info->extensions : NULL;
[INFO] [stderr]         |             ^~
[INFO] [stderr]   thread 'main' panicked at 'explicit panic', /opt/rustwide/cargo-home/registry/src/github.com-1ecc6299db9ec823/gcc-0.3.19/src/lib.rs:771:5
[INFO] [stderr]   stack backtrace:
[INFO] [stderr]      0:     0x55c1e11347e0 - std::backtrace_rs::backtrace::libunwind::trace::hff4d1766e93f64f1
[INFO] [stderr]                                  at /rustc/53fd98ca776cb875bc9e5514f56b52eb74f9e7a9/library/std/src/../../backtrace/src/backtrace/libunwind.rs:90:5
[INFO] [stderr]      1:     0x55c1e11347e0 - std::backtrace_rs::backtrace::trace_unsynchronized::h56bbc8eb78770bcb
[INFO] [stderr]                                  at /rustc/53fd98ca776cb875bc9e5514f56b52eb74f9e7a9/library/std/src/../../backtrace/src/backtrace/mod.rs:66:5
[INFO] [stderr]      2:     0x55c1e11347e0 - std::sys_common::backtrace::_print_fmt::h5c8e75464faca780
[INFO] [stderr]                                  at /rustc/53fd98ca776cb875bc9e5514f56b52eb74f9e7a9/library/std/src/sys_common/backtrace.rs:67:5
[INFO] [stderr]      3:     0x55c1e11347e0 - <std::sys_common::backtrace::_print::DisplayBacktrace as core::fmt::Display>::fmt::h48b88277def8b362
[INFO] [stderr]                                  at /rustc/53fd98ca776cb875bc9e5514f56b52eb74f9e7a9/library/std/src/sys_common/backtrace.rs:46:22
[INFO] [stderr]      4:     0x55c1e115339c - core::fmt::write::h3381b3176fe2b3d3
[INFO] [stderr]                                  at /rustc/53fd98ca776cb875bc9e5514f56b52eb74f9e7a9/library/core/src/fmt/mod.rs:1115:17
[INFO] [stderr]      5:     0x55c1e11315d5 - std::io::Write::write_fmt::hd42607e5d8e44db0
[INFO] [stderr]                                  at /rustc/53fd98ca776cb875bc9e5514f56b52eb74f9e7a9/library/std/src/io/mod.rs:1665:15
[INFO] [stderr]      6:     0x55c1e113668b - std::sys_common::backtrace::_print::ha537687d6c17dd0d
[INFO] [stderr]                                  at /rustc/53fd98ca776cb875bc9e5514f56b52eb74f9e7a9/library/std/src/sys_common/backtrace.rs:49:5
[INFO] [stderr]      7:     0x55c1e113668b - std::sys_common::backtrace::print::h61376ae57d131d72
[INFO] [stderr]                                  at /rustc/53fd98ca776cb875bc9e5514f56b52eb74f9e7a9/library/std/src/sys_common/backtrace.rs:36:9
[INFO] [stderr]      8:     0x55c1e113668b - std::panicking::default_hook::{{closure}}::h0f7208c0b9644a54
[INFO] [stderr]                                  at /rustc/53fd98ca776cb875bc9e5514f56b52eb74f9e7a9/library/std/src/panicking.rs:208:50
[INFO] [stderr]      9:     0x55c1e1136161 - std::panicking::default_hook::hdac7fc06578c14ce
[INFO] [stderr]                                  at /rustc/53fd98ca776cb875bc9e5514f56b52eb74f9e7a9/library/std/src/panicking.rs:225:9
[INFO] [stderr]     10:     0x55c1e1136d54 - std::panicking::rust_panic_with_hook::h72b21c283da3d1ef
[INFO] [stderr]                                  at /rustc/53fd98ca776cb875bc9e5514f56b52eb74f9e7a9/library/std/src/panicking.rs:622:17
[INFO] [stderr]     11:     0x55c1e10f4423 - std::panicking::begin_panic::{{closure}}::hb6fa878433633a69
[INFO] [stderr]                                  at /rustc/53fd98ca776cb875bc9e5514f56b52eb74f9e7a9/library/std/src/panicking.rs:542:9
[INFO] [stderr]     12:     0x55c1e10f4e49 - std::sys_common::backtrace::__rust_end_short_backtrace::h45c48a68ba5b0a11
[INFO] [stderr]                                  at /rustc/53fd98ca776cb875bc9e5514f56b52eb74f9e7a9/library/std/src/sys_common/backtrace.rs:141:18
[INFO] [stderr]     13:     0x55c1e10f4359 - std::panicking::begin_panic::he9a586cbdbbcee43
[INFO] [stderr]                                  at /rustc/53fd98ca776cb875bc9e5514f56b52eb74f9e7a9/library/std/src/panicking.rs:541:12
[INFO] [stderr]     14:     0x55c1e10efac5 - gcc::fail::h8200fe5919f26b05
[INFO] [stderr]                                  at /opt/rustwide/cargo-home/registry/src/github.com-1ecc6299db9ec823/gcc-0.3.19/src/lib.rs:771:5
[INFO] [stderr]     15:     0x55c1e10ef9f4 - gcc::run::hd66c357dbf142a8f
[INFO] [stderr]                                  at /opt/rustwide/cargo-home/registry/src/github.com-1ecc6299db9ec823/gcc-0.3.19/src/lib.rs:765:9
[INFO] [stderr]     16:     0x55c1e10e920b - gcc::Config::compile_object::h810533327bbcd151
[INFO] [stderr]                                  at /opt/rustwide/cargo-home/registry/src/github.com-1ecc6299db9ec823/gcc-0.3.19/src/lib.rs:364:9
[INFO] [stderr]     17:     0x55c1e10e8182 - gcc::Config::compile::h067504c308fa2948
[INFO] [stderr]                                  at /opt/rustwide/cargo-home/registry/src/github.com-1ecc6299db9ec823/gcc-0.3.19/src/lib.rs:319:13
[INFO] [stderr]     18:     0x55c1e10dd036 - build_script_build::build_openssl_shim::h7fda2772ab645d4a
[INFO] [stderr]                                  at /opt/rustwide/cargo-home/registry/src/github.com-1ecc6299db9ec823/openssl-sys-0.6.7/build.rs:135:5
[INFO] [stderr]     19:     0x55c1e10daeb1 - build_script_build::main::hb6b1167c2d91c74e
[INFO] [stderr]                                  at /opt/rustwide/cargo-home/registry/src/github.com-1ecc6299db9ec823/openssl-sys-0.6.7/build.rs:23:17
[INFO] [stderr]     20:     0x55c1e10e1b2b - core::ops::function::FnOnce::call_once::h4441192c140826b0
[INFO] [stderr]                                  at /rustc/53fd98ca776cb875bc9e5514f56b52eb74f9e7a9/library/core/src/ops/function.rs:227:5
[INFO] [stderr]     21:     0x55c1e10dfb6e - std::sys_common::backtrace::__rust_begin_short_backtrace::h07402b6733cb3512
[INFO] [stderr]                                  at /rustc/53fd98ca776cb875bc9e5514f56b52eb74f9e7a9/library/std/src/sys_common/backtrace.rs:125:18
[INFO] [stderr]     22:     0x55c1e10df051 - std::rt::lang_start::{{closure}}::heb2380acead7f7f4
[INFO] [stderr]                                  at /rustc/53fd98ca776cb875bc9e5514f56b52eb74f9e7a9/library/std/src/rt.rs:63:18
[INFO] [stderr]     23:     0x55c1e113725a - core::ops::function::impls::<impl core::ops::function::FnOnce<A> for &F>::call_once::ha88a7d1a4d24e549
[INFO] [stderr]                                  at /rustc/53fd98ca776cb875bc9e5514f56b52eb74f9e7a9/library/core/src/ops/function.rs:259:13
[INFO] [stderr]     24:     0x55c1e113725a - std::panicking::try::do_call::hd3b1d7740607ccc7
[INFO] [stderr]                                  at /rustc/53fd98ca776cb875bc9e5514f56b52eb74f9e7a9/library/std/src/panicking.rs:401:40
[INFO] [stderr]     25:     0x55c1e113725a - std::panicking::try::h0ee8c65ac7461507
[INFO] [stderr]                                  at /rustc/53fd98ca776cb875bc9e5514f56b52eb74f9e7a9/library/std/src/panicking.rs:365:19
[INFO] [stderr]     26:     0x55c1e113725a - std::panic::catch_unwind::head47f0de4ccd838
[INFO] [stderr]                                  at /rustc/53fd98ca776cb875bc9e5514f56b52eb74f9e7a9/library/std/src/panic.rs:434:14
[INFO] [stderr]     27:     0x55c1e113725a - std::rt::lang_start_internal::{{closure}}::hbc7de8ec820ac085
[INFO] [stderr]                                  at /rustc/53fd98ca776cb875bc9e5514f56b52eb74f9e7a9/library/std/src/rt.rs:45:48
[INFO] [stderr]     28:     0x55c1e113725a - std::panicking::try::do_call::h2609e52e8bad4a7b
[INFO] [stderr]                                  at /rustc/53fd98ca776cb875bc9e5514f56b52eb74f9e7a9/library/std/src/panicking.rs:401:40
[INFO] [stderr]     29:     0x55c1e113725a - std::panicking::try::hd0929f0b603e0389
[INFO] [stderr]                                  at /rustc/53fd98ca776cb875bc9e5514f56b52eb74f9e7a9/library/std/src/panicking.rs:365:19
[INFO] [stderr]     30:     0x55c1e113725a - std::panic::catch_unwind::h27902b81c3e47571
[INFO] [stderr]                                  at /rustc/53fd98ca776cb875bc9e5514f56b52eb74f9e7a9/library/std/src/panic.rs:434:14
[INFO] [stderr]     31:     0x55c1e113725a - std::rt::lang_start_internal::h3fb2d794dd391e3e
[INFO] [stderr]                                  at /rustc/53fd98ca776cb875bc9e5514f56b52eb74f9e7a9/library/std/src/rt.rs:45:20
[INFO] [stderr]     32:     0x55c1e10df020 - std::rt::lang_start::h070e602bbe48f06a
[INFO] [stderr]                                  at /rustc/53fd98ca776cb875bc9e5514f56b52eb74f9e7a9/library/std/src/rt.rs:62:5
[INFO] [stderr]     33:     0x55c1e10dd45c - main
[INFO] [stderr]     34:     0x7f4ba8c720b3 - __libc_start_main
[INFO] [stderr]     35:     0x55c1e10daa1e - _start
[INFO] [stderr]     36:                0x0 - <unknown>
[INFO] [stderr] warning: build failed, waiting for other jobs to finish...
[INFO] [stdout] error: aborting due to previous error
[INFO] [stdout] 
[INFO] [stdout] 
[INFO] [stdout] For more information about this error, try `rustc --explain E0642`.
[INFO] [stdout] 
[INFO] [stderr] error: build failed
[INFO] running `Command { std: "docker" "inspect" "6929b6c766a4160c84e826a045d93e6bf3e6972f5d61b3e35fbacb3c9ce07730", kill_on_drop: false }`
[INFO] running `Command { std: "docker" "rm" "-f" "6929b6c766a4160c84e826a045d93e6bf3e6972f5d61b3e35fbacb3c9ce07730", kill_on_drop: false }`
[INFO] [stdout] 6929b6c766a4160c84e826a045d93e6bf3e6972f5d61b3e35fbacb3c9ce07730
