[INFO] cloning repository https://github.com/lachlansneff/sdf
[INFO] running `Command { std: "git" "-c" "credential.helper=" "-c" "credential.helper=/workspace/cargo-home/bin/git-credential-null" "clone" "--bare" "https://github.com/lachlansneff/sdf" "/workspace/cache/git-repos/https%3A%2F%2Fgithub.com%2Flachlansneff%2Fsdf", kill_on_drop: false }`
[INFO] [stderr] Cloning into bare repository '/workspace/cache/git-repos/https%3A%2F%2Fgithub.com%2Flachlansneff%2Fsdf'...
[INFO] running `Command { std: "git" "rev-parse" "HEAD", kill_on_drop: false }`
[INFO] [stdout] 2bce1c16ca373e5875b98244a85a9ee858570e21
[INFO] testing lachlansneff/sdf against beta-2021-08-01 for beta-1.55-1
[INFO] running `Command { std: "git" "clone" "/workspace/cache/git-repos/https%3A%2F%2Fgithub.com%2Flachlansneff%2Fsdf" "/workspace/builds/worker-6/source", kill_on_drop: false }`
[INFO] [stderr] Cloning into '/workspace/builds/worker-6/source'...
[INFO] [stderr] done.
[INFO] validating manifest of git repo https://github.com/lachlansneff/sdf on toolchain beta-2021-08-01
[INFO] running `Command { std: "/workspace/cargo-home/bin/cargo" "+beta-2021-08-01" "metadata" "--manifest-path" "Cargo.toml" "--no-deps", kill_on_drop: false }`
[INFO] removed /workspace/builds/worker-6/source/rust-toolchain
[INFO] started tweaking git repo https://github.com/lachlansneff/sdf
[INFO] finished tweaking git repo https://github.com/lachlansneff/sdf
[INFO] tweaked toml for git repo https://github.com/lachlansneff/sdf written to /workspace/builds/worker-6/source/Cargo.toml
[INFO] crate git repo https://github.com/lachlansneff/sdf already has a lockfile, it will not be regenerated
[INFO] running `Command { std: "/workspace/cargo-home/bin/cargo" "+beta-2021-08-01" "fetch" "--manifest-path" "Cargo.toml", kill_on_drop: false }`
[INFO] [stderr]     Updating git repository `https://github.com/EmbarkStudios/rust-gpu.git`
[INFO] [stderr]     Updating git repository `https://github.com/gfx-rs/wgpu`
[INFO] [stderr]     Updating git repository `https://github.com/gfx-rs/naga`
[INFO] [stderr]     Updating git repository `https://github.com/gfx-rs/gfx`
[INFO] [stderr]     Updating git repository `https://github.com/zakarumych/gpu-alloc.git`
[INFO] [stderr]     Updating git repository `https://github.com/gfx-rs/rspirv.git`
[INFO] [stderr]     Updating git submodule `https://github.com/KhronosGroup/SPIRV-Headers.git`
[INFO] [stderr]     Updating git repository `https://github.com/gfx-rs/metal-rs`
[INFO] [stderr]     Updating git repository `https://github.com/gfx-rs/d3d12-rs`
[INFO] [stderr]  Downloading crates ...
[INFO] [stderr]   Downloaded tar v0.4.33
[INFO] [stderr]   Downloaded lock_api v0.4.3
[INFO] [stderr]   Downloaded wasm-bindgen-futures v0.4.23
[INFO] [stderr]   Downloaded spirv-std-macros v0.4.0-alpha.5
[INFO] [stderr]   Downloaded sanitize-filename v0.3.0
[INFO] [stderr]   Downloaded cargo-emit v0.1.1
[INFO] [stderr]   Downloaded ultraviolet v0.8.0
[INFO] [stderr]   Downloaded ash v0.32.1
[INFO] [stderr]   Downloaded spirv-std v0.4.0-alpha.5
[INFO] [stderr]   Downloaded glam v0.14.0
[INFO] [stderr]   Downloaded mint v0.5.6
[INFO] [stderr]   Downloaded profiling v0.1.10
[INFO] [stderr]   Downloaded safe_arch v0.5.2
[INFO] [stderr]   Downloaded codespan-reporting v0.11.1
[INFO] [stderr]   Downloaded pollster v0.2.3
[INFO] [stderr]   Downloaded wide v0.6.4
[INFO] [stderr]   Downloaded wgpu-subscriber v0.1.0
[INFO] [stderr]   Downloaded khronos-egl v4.1.0
[INFO] [stderr]   Downloaded tracing-subscriber v0.2.17
[INFO] [stderr]   Downloaded raw-string v0.3.5
[INFO] [stderr]   Downloaded spirv-tools v0.5.0
[INFO] [stderr]   Downloaded spirv-tools-sys v0.4.0
[INFO] running `Command { std: "docker" "create" "-v" "/var/lib/crater-agent-workspace/builds/worker-6/target:/opt/rustwide/target:rw,Z" "-v" "/var/lib/crater-agent-workspace/builds/worker-6/source:/opt/rustwide/workdir:ro,Z" "-v" "/var/lib/crater-agent-workspace/cargo-home:/opt/rustwide/cargo-home:ro,Z" "-v" "/var/lib/crater-agent-workspace/rustup-home:/opt/rustwide/rustup-home:ro,Z" "-e" "SOURCE_DIR=/opt/rustwide/workdir" "-e" "CARGO_TARGET_DIR=/opt/rustwide/target" "-e" "CARGO_HOME=/opt/rustwide/cargo-home" "-e" "RUSTUP_HOME=/opt/rustwide/rustup-home" "-w" "/opt/rustwide/workdir" "-m" "1610612736" "--user" "0:0" "--network" "none" "ghcr.io/rust-lang/crates-build-env/linux@sha256:34b6a614d2c27851fe6cbf88fbd1137609cefab8b10d0615aaeb6fd47975d74e" "/opt/rustwide/cargo-home/bin/cargo" "+beta-2021-08-01" "metadata" "--no-deps" "--format-version=1", kill_on_drop: false }`
[INFO] [stdout] 10e89b2293d8b8fd3c46261d8bc6054a1b87e328c8a20053f866613404d30c43
[INFO] [stderr] WARNING: Your kernel does not support swap limit capabilities or the cgroup is not mounted. Memory limited without swap.
[INFO] running `Command { std: "docker" "start" "-a" "10e89b2293d8b8fd3c46261d8bc6054a1b87e328c8a20053f866613404d30c43", kill_on_drop: false }`
[INFO] running `Command { std: "docker" "inspect" "10e89b2293d8b8fd3c46261d8bc6054a1b87e328c8a20053f866613404d30c43", kill_on_drop: false }`
[INFO] running `Command { std: "docker" "rm" "-f" "10e89b2293d8b8fd3c46261d8bc6054a1b87e328c8a20053f866613404d30c43", kill_on_drop: false }`
[INFO] [stdout] 10e89b2293d8b8fd3c46261d8bc6054a1b87e328c8a20053f866613404d30c43
[INFO] running `Command { std: "docker" "create" "-v" "/var/lib/crater-agent-workspace/builds/worker-6/target:/opt/rustwide/target:rw,Z" "-v" "/var/lib/crater-agent-workspace/builds/worker-6/source:/opt/rustwide/workdir:ro,Z" "-v" "/var/lib/crater-agent-workspace/cargo-home:/opt/rustwide/cargo-home:ro,Z" "-v" "/var/lib/crater-agent-workspace/rustup-home:/opt/rustwide/rustup-home:ro,Z" "-e" "SOURCE_DIR=/opt/rustwide/workdir" "-e" "CARGO_TARGET_DIR=/opt/rustwide/target" "-e" "CARGO_INCREMENTAL=0" "-e" "RUST_BACKTRACE=full" "-e" "RUSTFLAGS=--cap-lints=warn" "-e" "CARGO_HOME=/opt/rustwide/cargo-home" "-e" "RUSTUP_HOME=/opt/rustwide/rustup-home" "-w" "/opt/rustwide/workdir" "-m" "1610612736" "--user" "0:0" "--network" "none" "ghcr.io/rust-lang/crates-build-env/linux@sha256:34b6a614d2c27851fe6cbf88fbd1137609cefab8b10d0615aaeb6fd47975d74e" "/opt/rustwide/cargo-home/bin/cargo" "+beta-2021-08-01" "build" "--frozen" "--message-format=json", kill_on_drop: false }`
[INFO] [stderr] WARNING: Your kernel does not support swap limit capabilities or the cgroup is not mounted. Memory limited without swap.
[INFO] [stdout] 8ea7144fd141e9372872503a29e526d48b3210a3b324c20f448bce300d59284f
[INFO] running `Command { std: "docker" "start" "-a" "8ea7144fd141e9372872503a29e526d48b3210a3b324c20f448bce300d59284f", kill_on_drop: false }`
[INFO] [stderr]    Compiling libc v0.2.93
[INFO] [stderr]    Compiling syn v1.0.69
[INFO] [stderr]    Compiling rustc_codegen_spirv v0.4.0-alpha.5 (https://github.com/EmbarkStudios/rust-gpu.git?branch=main#b6311789)
[INFO] [stderr]    Compiling topological-sort v0.1.0
[INFO] [stderr]    Compiling bimap v0.6.1
[INFO] [stderr]    Compiling raw-string v0.3.5
[INFO] [stderr]    Compiling profiling v0.1.10
[INFO] [stderr]    Compiling cargo-emit v0.1.1
[INFO] [stderr]    Compiling pollster v0.2.3
[INFO] [stderr]    Compiling regex v1.4.5
[INFO] [stderr]    Compiling regex-automata v0.1.9
[INFO] [stderr]    Compiling wgpu-core v0.7.0 (https://github.com/gfx-rs/wgpu?rev=e430cf4bcc10aea447f637067fe81c75c80f0e46#e430cf4b)
[INFO] [stderr]    Compiling safe_arch v0.5.2
[INFO] [stderr]    Compiling tracing v0.1.25
[INFO] [stderr]    Compiling gpu-alloc-types v0.2.1 (https://github.com/zakarumych/gpu-alloc.git?rev=560ad651aa8f7aefcee8f5bcf41e67a84561bcda#560ad651)
[INFO] [stderr]    Compiling wgpu-types v0.7.0 (https://github.com/gfx-rs/wgpu?rev=e430cf4bcc10aea447f637067fe81c75c80f0e46#e430cf4b)
[INFO] [stderr]    Compiling tracing-log v0.1.2
[INFO] [stderr]    Compiling spirv_headers v1.5.0
[INFO] [stderr]    Compiling spirv_headers v1.5.0 (https://github.com/gfx-rs/rspirv.git?rev=ee1e913#ee1e9135)
[INFO] [stderr]    Compiling num-integer v0.1.44
[INFO] [stderr]    Compiling shared v0.1.0 (/opt/rustwide/workdir/shared)
[INFO] [stderr]    Compiling gpu-alloc v0.4.0 (https://github.com/zakarumych/gpu-alloc.git?rev=560ad651aa8f7aefcee8f5bcf41e67a84561bcda#560ad651)
[INFO] [stderr]    Compiling wide v0.6.4
[INFO] [stderr]    Compiling matchers v0.0.1
[INFO] [stderr]    Compiling sanitize-filename v0.3.0
[INFO] [stderr]    Compiling ultraviolet v0.8.0
[INFO] [stderr]    Compiling jobserver v0.1.21
[INFO] [stderr]    Compiling raw-window-handle v0.3.3
[INFO] [stderr]    Compiling parking_lot_core v0.8.3
[INFO] [stderr]    Compiling nix v0.20.0
[INFO] [stderr]    Compiling xattr v0.2.2
[INFO] [stderr]    Compiling filetime v0.2.14
[INFO] [stderr]    Compiling iovec v0.1.4
[INFO] [stderr]    Compiling khronos-egl v4.1.0
[INFO] [stderr]    Compiling nix v0.18.0
[INFO] [stderr]    Compiling net2 v0.2.37
[INFO] [stderr]    Compiling memmap2 v0.1.0
[INFO] [stderr]    Compiling chrono v0.4.19
[INFO] [stderr]    Compiling thread-id v3.3.0
[INFO] [stderr]    Compiling x11-dl v2.18.5
[INFO] [stderr]    Compiling parking_lot v0.11.1
[INFO] [stderr]    Compiling tar v0.4.33
[INFO] [stderr]    Compiling cc v1.0.67
[INFO] [stderr]    Compiling mio v0.6.23
[INFO] [stderr]    Compiling cmake v0.1.45
[INFO] [stderr]    Compiling mio-extras v2.0.6
[INFO] [stderr]    Compiling spirv-tools-sys v0.4.0
[INFO] [stderr]    Compiling spirv_cross v0.23.1
[INFO] [stderr]    Compiling shaderc-sys v0.7.2
[INFO] [stderr] error: could not compile `syn`
[INFO] [stderr] 
[INFO] [stderr] Caused by:
[INFO] [stderr]   process didn't exit successfully: `rustc --crate-name syn --edition=2018 /opt/rustwide/cargo-home/registry/src/github.com-1ecc6299db9ec823/syn-1.0.69/src/lib.rs --error-format=json --json=diagnostic-rendered-ansi --crate-type lib --emit=dep-info,metadata,link -C embed-bitcode=no -C debuginfo=2 --cfg 'feature="clone-impls"' --cfg 'feature="default"' --cfg 'feature="derive"' --cfg 'feature="extra-traits"' --cfg 'feature="full"' --cfg 'feature="parsing"' --cfg 'feature="printing"' --cfg 'feature="proc-macro"' --cfg 'feature="quote"' --cfg 'feature="visit"' --cfg 'feature="visit-mut"' -C metadata=76982b0fdabf9c03 -C extra-filename=-76982b0fdabf9c03 --out-dir /opt/rustwide/target/debug/deps -L dependency=/opt/rustwide/target/debug/deps --extern proc_macro2=/opt/rustwide/target/debug/deps/libproc_macro2-14cd586ab686c21a.rmeta --extern quote=/opt/rustwide/target/debug/deps/libquote-87ff32172245591e.rmeta --extern unicode_xid=/opt/rustwide/target/debug/deps/libunicode_xid-62645fc4c65f65ba.rmeta --cap-lints allow --cap-lints=warn --cfg syn_disable_nightly_tests` (signal: 9, SIGKILL: kill)
[INFO] [stderr] warning: build failed, waiting for other jobs to finish...
[INFO] [stderr] The following warnings were emitted during compilation:
[INFO] [stderr] 
[INFO] [stderr] warning: src/wrapper.cpp:2: warning: ignoring #pragma warning  [-Wunknown-pragmas]
[INFO] [stderr] warning:     2 | #pragma warning(disable : 4996 4101)
[INFO] [stderr] warning:       | 
[INFO] [stderr] warning: c++: fatal error: Killed signal terminated program cc1plus
[INFO] [stderr] warning: compilation terminated.
[INFO] [stderr] warning: c++: fatal error: Killed signal terminated program cc1plus
[INFO] [stderr] warning: compilation terminated.
[INFO] [stderr] warning: c++: fatal error: Killed signal terminated program cc1plus
[INFO] [stderr] warning: compilation terminated.
[INFO] [stderr] warning: c++: fatal error: Killed signal terminated program cc1plus
[INFO] [stderr] warning: compilation terminated.
[INFO] [stderr] warning: c++: fatal error: Killed signal terminated program cc1plus
[INFO] [stderr] warning: compilation terminated.
[INFO] [stderr] warning: c++: fatal error: Killed signal terminated program cc1plus
[INFO] [stderr] warning: compilation terminated.
[INFO] [stderr] warning: c++: fatal error: Killed signal terminated program cc1plus
[INFO] [stderr] warning: compilation terminated.
[INFO] [stderr] warning: c++: fatal error: Killed signal terminated program cc1plus
[INFO] [stderr] warning: compilation terminated.
[INFO] [stderr] 
[INFO] [stderr] The following warnings were emitted during compilation:
[INFO] [stderr] 
[INFO] [stderr] warning: shaderc: searching for native shaderc libraries on system;  use '--features build-from-source' to force building from source code
[INFO] [stderr] warning: shaderc: cannot find native shaderc library on system; falling back to build from source
[INFO] [stderr] 
[INFO] [stderr] The following warnings were emitted during compilation:
[INFO] [stderr] 
[INFO] [stderr] warning: c++: fatal error: Killed signal terminated program cc1plus
[INFO] [stderr] warning: compilation terminated.
[INFO] [stderr] warning: c++: fatal error: Killed signal terminated program cc1plus
[INFO] [stderr] warning: compilation terminated.
[INFO] [stderr] warning: c++: fatal error: Killed signal terminated program cc1plus
[INFO] [stderr] warning: compilation terminated.
[INFO] [stderr] warning: c++: fatal error: Killed signal terminated program cc1plus
[INFO] [stderr] warning: compilation terminated.
[INFO] [stderr] warning: c++: fatal error: Killed signal terminated program cc1plus
[INFO] [stderr] warning: compilation terminated.
[INFO] [stderr] warning: c++: fatal error: Killed signal terminated program cc1plus
[INFO] [stderr] warning: compilation terminated.
[INFO] [stderr] warning: c++: fatal error: Killed signal terminated program cc1plus
[INFO] [stderr] warning: compilation terminated.
[INFO] [stderr] warning: c++: fatal error: Killed signal terminated program cc1plus
[INFO] [stderr] warning: compilation terminated.
[INFO] [stderr] 
[INFO] [stderr] error: build failed
[INFO] running `Command { std: "docker" "inspect" "8ea7144fd141e9372872503a29e526d48b3210a3b324c20f448bce300d59284f", kill_on_drop: false }`
[INFO] running `Command { std: "docker" "rm" "-f" "8ea7144fd141e9372872503a29e526d48b3210a3b324c20f448bce300d59284f", kill_on_drop: false }`
[INFO] [stdout] 8ea7144fd141e9372872503a29e526d48b3210a3b324c20f448bce300d59284f
