[INFO] cloning repository https://github.com/l2ust/githuber
[INFO] running `Command { std: "git" "-c" "credential.helper=" "-c" "credential.helper=/workspace/cargo-home/bin/git-credential-null" "clone" "--bare" "https://github.com/l2ust/githuber" "/workspace/cache/git-repos/https%3A%2F%2Fgithub.com%2Fl2ust%2Fgithuber", kill_on_drop: false }`
[INFO] [stderr] Cloning into bare repository '/workspace/cache/git-repos/https%3A%2F%2Fgithub.com%2Fl2ust%2Fgithuber'...
[INFO] running `Command { std: "git" "rev-parse" "HEAD", kill_on_drop: false }`
[INFO] [stdout] fc09cd79517302b9980c34558dcf5fe53390854b
[INFO] testing l2ust/githuber against 1.54.0 for beta-1.55-1
[INFO] running `Command { std: "git" "clone" "/workspace/cache/git-repos/https%3A%2F%2Fgithub.com%2Fl2ust%2Fgithuber" "/workspace/builds/worker-0/source", kill_on_drop: false }`
[INFO] [stderr] Cloning into '/workspace/builds/worker-0/source'...
[INFO] [stderr] done.
[INFO] validating manifest of git repo https://github.com/l2ust/githuber on toolchain 1.54.0
[INFO] running `Command { std: "/workspace/cargo-home/bin/cargo" "+1.54.0" "metadata" "--manifest-path" "Cargo.toml" "--no-deps", kill_on_drop: false }`
[INFO] started tweaking git repo https://github.com/l2ust/githuber
[INFO] finished tweaking git repo https://github.com/l2ust/githuber
[INFO] tweaked toml for git repo https://github.com/l2ust/githuber written to /workspace/builds/worker-0/source/Cargo.toml
[INFO] crate git repo https://github.com/l2ust/githuber already has a lockfile, it will not be regenerated
[INFO] running `Command { std: "/workspace/cargo-home/bin/cargo" "+1.54.0" "fetch" "--manifest-path" "Cargo.toml", kill_on_drop: false }`
[INFO] running `Command { std: "docker" "create" "-v" "/var/lib/crater-agent-workspace/builds/worker-0/target:/opt/rustwide/target:rw,Z" "-v" "/var/lib/crater-agent-workspace/builds/worker-0/source:/opt/rustwide/workdir:ro,Z" "-v" "/var/lib/crater-agent-workspace/cargo-home:/opt/rustwide/cargo-home:ro,Z" "-v" "/var/lib/crater-agent-workspace/rustup-home:/opt/rustwide/rustup-home:ro,Z" "-e" "SOURCE_DIR=/opt/rustwide/workdir" "-e" "CARGO_TARGET_DIR=/opt/rustwide/target" "-e" "CARGO_HOME=/opt/rustwide/cargo-home" "-e" "RUSTUP_HOME=/opt/rustwide/rustup-home" "-w" "/opt/rustwide/workdir" "-m" "1610612736" "--user" "0:0" "--network" "none" "ghcr.io/rust-lang/crates-build-env/linux@sha256:34b6a614d2c27851fe6cbf88fbd1137609cefab8b10d0615aaeb6fd47975d74e" "/opt/rustwide/cargo-home/bin/cargo" "+1.54.0" "metadata" "--no-deps" "--format-version=1", kill_on_drop: false }`
[INFO] [stdout] 5ffdfd1dde8260337f13ac5e698d0cde9ab13b7935c6fbfc0846a3f9debd213b
[INFO] [stderr] WARNING: Your kernel does not support swap limit capabilities or the cgroup is not mounted. Memory limited without swap.
[INFO] running `Command { std: "docker" "start" "-a" "5ffdfd1dde8260337f13ac5e698d0cde9ab13b7935c6fbfc0846a3f9debd213b", kill_on_drop: false }`
[INFO] running `Command { std: "docker" "inspect" "5ffdfd1dde8260337f13ac5e698d0cde9ab13b7935c6fbfc0846a3f9debd213b", kill_on_drop: false }`
[INFO] running `Command { std: "docker" "rm" "-f" "5ffdfd1dde8260337f13ac5e698d0cde9ab13b7935c6fbfc0846a3f9debd213b", kill_on_drop: false }`
[INFO] [stdout] 5ffdfd1dde8260337f13ac5e698d0cde9ab13b7935c6fbfc0846a3f9debd213b
[INFO] running `Command { std: "docker" "create" "-v" "/var/lib/crater-agent-workspace/builds/worker-0/target:/opt/rustwide/target:rw,Z" "-v" "/var/lib/crater-agent-workspace/builds/worker-0/source:/opt/rustwide/workdir:ro,Z" "-v" "/var/lib/crater-agent-workspace/cargo-home:/opt/rustwide/cargo-home:ro,Z" "-v" "/var/lib/crater-agent-workspace/rustup-home:/opt/rustwide/rustup-home:ro,Z" "-e" "SOURCE_DIR=/opt/rustwide/workdir" "-e" "CARGO_TARGET_DIR=/opt/rustwide/target" "-e" "CARGO_INCREMENTAL=0" "-e" "RUST_BACKTRACE=full" "-e" "RUSTFLAGS=--cap-lints=warn" "-e" "CARGO_HOME=/opt/rustwide/cargo-home" "-e" "RUSTUP_HOME=/opt/rustwide/rustup-home" "-w" "/opt/rustwide/workdir" "-m" "1610612736" "--user" "0:0" "--network" "none" "ghcr.io/rust-lang/crates-build-env/linux@sha256:34b6a614d2c27851fe6cbf88fbd1137609cefab8b10d0615aaeb6fd47975d74e" "/opt/rustwide/cargo-home/bin/cargo" "+1.54.0" "build" "--frozen" "--message-format=json", kill_on_drop: false }`
[INFO] [stdout] a986a03aacc7e78dafd15a27ee6848284153ee07fb0c73849315f3e862c61463
[INFO] [stderr] WARNING: Your kernel does not support swap limit capabilities or the cgroup is not mounted. Memory limited without swap.
[INFO] running `Command { std: "docker" "start" "-a" "a986a03aacc7e78dafd15a27ee6848284153ee07fb0c73849315f3e862c61463", kill_on_drop: false }`
[INFO] [stderr]     Blocking waiting for file lock on package cache
[INFO] [stderr]     Blocking waiting for file lock on package cache
[INFO] [stderr]    Compiling syn v1.0.70
[INFO] [stderr]    Compiling futures-core v0.3.14
[INFO] [stderr]    Compiling memchr v2.3.4
[INFO] [stderr]    Compiling curl v0.4.35
[INFO] [stderr]    Compiling futures-io v0.3.14
[INFO] [stderr]    Compiling isahc v1.3.1
[INFO] [stderr]    Compiling curl-sys v0.4.42+curl-7.76.0
[INFO] [stderr]    Compiling libnghttp2-sys v0.1.6+1.43.0
[INFO] [stderr]    Compiling openssl-sys v0.9.61
[INFO] [stderr]    Compiling libz-sys v1.1.2
[INFO] [stderr]    Compiling polling v2.0.3
[INFO] [stderr]    Compiling url v2.2.1
[INFO] [stderr]    Compiling futures-channel v0.3.14
[INFO] [stderr]    Compiling async-channel v1.6.1
[INFO] [stderr]    Compiling sluice v0.5.4
[INFO] [stderr]    Compiling futures-lite v1.11.3
[INFO] [stderr]    Compiling darling_core v0.12.4
[INFO] [stderr]    Compiling pin-project-internal v1.0.7
[INFO] [stderr]    Compiling tracing-attributes v0.1.15
[INFO] [stderr]    Compiling serde_derive v1.0.125
[INFO] [stderr]    Compiling darling_macro v0.12.4
[INFO] [stderr]    Compiling pin-project v1.0.7
[INFO] [stderr]    Compiling tracing v0.1.25
[INFO] [stderr]    Compiling darling v0.12.4
[INFO] [stderr]    Compiling tracing-futures v0.2.5
[INFO] [stderr]    Compiling derive_builder_core v0.10.2
[INFO] [stderr]    Compiling derive_builder_macro v0.10.2
[INFO] [stderr]    Compiling serde v1.0.125
[INFO] [stderr]    Compiling derive_builder v0.10.2
[INFO] [stderr]    Compiling serde_json v1.0.64
[INFO] [stderr]    Compiling githuber v0.2.6 (/opt/rustwide/workdir)
[INFO] [stderr]     Finished dev [unoptimized + debuginfo] target(s) in 40.53s
[INFO] running `Command { std: "docker" "inspect" "a986a03aacc7e78dafd15a27ee6848284153ee07fb0c73849315f3e862c61463", kill_on_drop: false }`
[INFO] running `Command { std: "docker" "rm" "-f" "a986a03aacc7e78dafd15a27ee6848284153ee07fb0c73849315f3e862c61463", kill_on_drop: false }`
[INFO] [stdout] a986a03aacc7e78dafd15a27ee6848284153ee07fb0c73849315f3e862c61463
[INFO] running `Command { std: "docker" "create" "-v" "/var/lib/crater-agent-workspace/builds/worker-0/target:/opt/rustwide/target:rw,Z" "-v" "/var/lib/crater-agent-workspace/builds/worker-0/source:/opt/rustwide/workdir:ro,Z" "-v" "/var/lib/crater-agent-workspace/cargo-home:/opt/rustwide/cargo-home:ro,Z" "-v" "/var/lib/crater-agent-workspace/rustup-home:/opt/rustwide/rustup-home:ro,Z" "-e" "SOURCE_DIR=/opt/rustwide/workdir" "-e" "CARGO_TARGET_DIR=/opt/rustwide/target" "-e" "CARGO_INCREMENTAL=0" "-e" "RUST_BACKTRACE=full" "-e" "RUSTFLAGS=--cap-lints=warn" "-e" "CARGO_HOME=/opt/rustwide/cargo-home" "-e" "RUSTUP_HOME=/opt/rustwide/rustup-home" "-w" "/opt/rustwide/workdir" "-m" "1610612736" "--user" "0:0" "--network" "none" "ghcr.io/rust-lang/crates-build-env/linux@sha256:34b6a614d2c27851fe6cbf88fbd1137609cefab8b10d0615aaeb6fd47975d74e" "/opt/rustwide/cargo-home/bin/cargo" "+1.54.0" "test" "--frozen" "--no-run" "--message-format=json", kill_on_drop: false }`
[INFO] [stdout] f10f3a67e8a31e4d5798d36ef2c0aad9d1f5069f363373506000a52cb56e252b
[INFO] [stderr] WARNING: Your kernel does not support swap limit capabilities or the cgroup is not mounted. Memory limited without swap.
[INFO] running `Command { std: "docker" "start" "-a" "f10f3a67e8a31e4d5798d36ef2c0aad9d1f5069f363373506000a52cb56e252b", kill_on_drop: false }`
[INFO] [stderr]    Compiling githuber v0.2.6 (/opt/rustwide/workdir)
[INFO] [stdout] error[E0432]: unresolved import `crate::responses::issue`
[INFO] [stdout]   --> src/requests/issues/create_an_issue.rs:81:25
[INFO] [stdout]    |
[INFO] [stdout] 81 |     use crate::{responses::issue::Issue, Githuber};
[INFO] [stdout]    |                            ^^^^^ could not find `issue` in `responses`
[INFO] [stdout] 
[INFO] [stdout] 
[INFO] [stdout] warning: unused import: `isahc::ReadResponseExt`
[INFO] [stdout]   --> src/requests/issues/create_an_issue.rs:79:6
[INFO] [stdout]    |
[INFO] [stdout] 79 |     use isahc::ReadResponseExt;
[INFO] [stdout]    |         ^^^^^^^^^^^^^^^^^^^^^^
[INFO] [stdout]    |
[INFO] [stdout]    = note: `#[warn(unused_imports)]` on by default
[INFO] [stdout] 
[INFO] [stdout] 
[INFO] [stdout] warning: unused import: `isahc::ReadResponseExt`
[INFO] [stdout]   --> src/requests/issues/create_an_issue_comment.rs:47:6
[INFO] [stdout]    |
[INFO] [stdout] 47 |     use isahc::ReadResponseExt;
[INFO] [stdout]    |         ^^^^^^^^^^^^^^^^^^^^^^
[INFO] [stdout] 
[INFO] [stdout] 
[INFO] [stdout] error[E0599]: no function or associated item named `from_env` found for struct `Githuber` in the current scope
[INFO] [stdout]   --> src/requests/issues/create_an_issue.rs:83:27
[INFO] [stdout]    |
[INFO] [stdout] 83 |     let githuber = Githuber::from_env();
[INFO] [stdout]    |                              ^^^^^^^^ function or associated item not found in `Githuber`
[INFO] [stdout]    | 
[INFO] [stdout]   ::: src/lib.rs:63:1
[INFO] [stdout]    |
[INFO] [stdout] 63 | pub struct Githuber {
[INFO] [stdout]    | ------------------- function or associated item `from_env` not found for this
[INFO] [stdout] 
[INFO] [stdout] 
[INFO] [stdout] error[E0599]: no function or associated item named `from_env` found for struct `Githuber` in the current scope
[INFO] [stdout]   --> src/requests/issues/create_an_issue_comment.rs:52:27
[INFO] [stdout]    |
[INFO] [stdout] 52 |     let githuber = Githuber::from_env();
[INFO] [stdout]    |                              ^^^^^^^^ function or associated item not found in `Githuber`
[INFO] [stdout]    | 
[INFO] [stdout]   ::: src/lib.rs:63:1
[INFO] [stdout]    |
[INFO] [stdout] 63 | pub struct Githuber {
[INFO] [stdout]    | ------------------- function or associated item `from_env` not found for this
[INFO] [stdout] 
[INFO] [stdout] 
[INFO] [stdout] error: aborting due to 3 previous errors; 2 warnings emitted
[INFO] [stdout] 
[INFO] [stdout] 
[INFO] [stdout] Some errors have detailed explanations: E0432, E0599.
[INFO] [stdout] 
[INFO] [stdout] For more information about an error, try `rustc --explain E0432`.
[INFO] [stdout] 
[INFO] [stderr] error: could not compile `githuber`
[INFO] [stderr] 
[INFO] [stderr] To learn more, run the command again with --verbose.
[INFO] running `Command { std: "docker" "inspect" "f10f3a67e8a31e4d5798d36ef2c0aad9d1f5069f363373506000a52cb56e252b", kill_on_drop: false }`
[INFO] running `Command { std: "docker" "rm" "-f" "f10f3a67e8a31e4d5798d36ef2c0aad9d1f5069f363373506000a52cb56e252b", kill_on_drop: false }`
[INFO] [stdout] f10f3a67e8a31e4d5798d36ef2c0aad9d1f5069f363373506000a52cb56e252b
