[INFO] cloning repository https://github.com/kwyse/hub
[INFO] running `Command { std: "git" "-c" "credential.helper=" "-c" "credential.helper=/workspace/cargo-home/bin/git-credential-null" "clone" "--bare" "https://github.com/kwyse/hub" "/workspace/cache/git-repos/https%3A%2F%2Fgithub.com%2Fkwyse%2Fhub", kill_on_drop: false }`
[INFO] [stderr] Cloning into bare repository '/workspace/cache/git-repos/https%3A%2F%2Fgithub.com%2Fkwyse%2Fhub'...
[INFO] running `Command { std: "git" "rev-parse" "HEAD", kill_on_drop: false }`
[INFO] [stdout] 878ee44b2b320870891f30bbe09c917dc2b97d55
[INFO] testing kwyse/hub against beta-2021-08-01 for beta-1.55-1
[INFO] running `Command { std: "git" "clone" "/workspace/cache/git-repos/https%3A%2F%2Fgithub.com%2Fkwyse%2Fhub" "/workspace/builds/worker-4/source", kill_on_drop: false }`
[INFO] [stderr] Cloning into '/workspace/builds/worker-4/source'...
[INFO] [stderr] done.
[INFO] validating manifest of git repo https://github.com/kwyse/hub on toolchain beta-2021-08-01
[INFO] running `Command { std: "/workspace/cargo-home/bin/cargo" "+beta-2021-08-01" "metadata" "--manifest-path" "Cargo.toml" "--no-deps", kill_on_drop: false }`
[INFO] started tweaking git repo https://github.com/kwyse/hub
[INFO] finished tweaking git repo https://github.com/kwyse/hub
[INFO] tweaked toml for git repo https://github.com/kwyse/hub written to /workspace/builds/worker-4/source/Cargo.toml
[INFO] crate git repo https://github.com/kwyse/hub already has a lockfile, it will not be regenerated
[INFO] running `Command { std: "/workspace/cargo-home/bin/cargo" "+beta-2021-08-01" "fetch" "--manifest-path" "Cargo.toml", kill_on_drop: false }`
[INFO] [stderr]     Blocking waiting for file lock on package cache
[INFO] [stderr]     Updating git repository `https://github.com/mehcode/config-rs`
[INFO] [stderr]  Downloading crates ...
[INFO] [stderr]   Downloaded url v1.5.1
[INFO] [stderr]   Downloaded rocket_contrib v0.3.0
[INFO] [stderr]   Downloaded ordermap v0.2.10
[INFO] [stderr]   Downloaded scopeguard v0.3.2
[INFO] [stderr]   Downloaded untrusted v0.5.0
[INFO] [stderr]   Downloaded base64 v0.5.2
[INFO] [stderr]   Downloaded itertools v0.6.1
[INFO] [stderr]   Downloaded yansi v0.3.0
[INFO] [stderr]   Downloaded pear v0.0.10
[INFO] [stderr]   Downloaded num_cpus v1.6.2
[INFO] [stderr]   Downloaded state v0.3.1
[INFO] [stderr]   Downloaded either v1.1.0
[INFO] [stderr]   Downloaded futures v0.1.14
[INFO] [stderr]   Downloaded backtrace v0.3.2
[INFO] [stderr]   Downloaded serde_derive_internals v0.15.1
[INFO] [stderr]   Downloaded scheduled-thread-pool v0.1.0
[INFO] [stderr]   Downloaded nom v3.1.0
[INFO] [stderr]   Downloaded diesel_infer_schema v0.14.0
[INFO] [stderr]   Downloaded diesel v0.14.1
[INFO] [stderr]   Downloaded gcc v0.3.51
[INFO] [stderr]   Downloaded r2d2 v0.7.3
[INFO] [stderr]   Downloaded r2d2-diesel v0.14.0
[INFO] [stderr]   Downloaded rocket_codegen v0.3.0
[INFO] [stderr]   Downloaded rayon-core v1.2.1
[INFO] [stderr]   Downloaded cookie v0.9.1
[INFO] [stderr]   Downloaded take_mut v0.1.3
[INFO] [stderr]   Downloaded pear_codegen v0.0.10
[INFO] [stderr]   Downloaded toml v0.4.2
[INFO] [stderr]   Downloaded rocket v0.3.0
[INFO] [stderr]   Downloaded serde v1.0.10
[INFO] [stderr]   Downloaded redox_syscall v0.1.26
[INFO] [stderr]   Downloaded serde_derive v1.0.10
[INFO] [stderr]   Downloaded serde_json v1.0.2
[INFO] [stderr]   Downloaded libc v0.2.26
[INFO] [stderr]   Downloaded hyper v0.10.12
[INFO] [stderr]   Downloaded smallvec v0.4.1
[INFO] [stderr]   Downloaded slog v2.0.6
[INFO] [stderr]   Downloaded slog-async v2.0.1
[INFO] [stderr]   Downloaded diesel_codegen v0.14.0
[INFO] [stderr]   Downloaded slog-term v2.0.2
[INFO] [stderr]   Downloaded clippy v0.0.144
[INFO] [stderr]   Downloaded clippy_lints v0.0.144
[INFO] running `Command { std: "docker" "create" "-v" "/var/lib/crater-agent-workspace/builds/worker-4/target:/opt/rustwide/target:rw,Z" "-v" "/var/lib/crater-agent-workspace/builds/worker-4/source:/opt/rustwide/workdir:ro,Z" "-v" "/var/lib/crater-agent-workspace/cargo-home:/opt/rustwide/cargo-home:ro,Z" "-v" "/var/lib/crater-agent-workspace/rustup-home:/opt/rustwide/rustup-home:ro,Z" "-e" "SOURCE_DIR=/opt/rustwide/workdir" "-e" "CARGO_TARGET_DIR=/opt/rustwide/target" "-e" "CARGO_HOME=/opt/rustwide/cargo-home" "-e" "RUSTUP_HOME=/opt/rustwide/rustup-home" "-w" "/opt/rustwide/workdir" "-m" "1610612736" "--user" "0:0" "--network" "none" "ghcr.io/rust-lang/crates-build-env/linux@sha256:34b6a614d2c27851fe6cbf88fbd1137609cefab8b10d0615aaeb6fd47975d74e" "/opt/rustwide/cargo-home/bin/cargo" "+beta-2021-08-01" "metadata" "--no-deps" "--format-version=1", kill_on_drop: false }`
[INFO] [stderr] WARNING: Your kernel does not support swap limit capabilities or the cgroup is not mounted. Memory limited without swap.
[INFO] [stdout] 3aa096cb077c3a08e30fabc6b7c757b9c9c4cd760cb40393a0b595f583825842
[INFO] running `Command { std: "docker" "start" "-a" "3aa096cb077c3a08e30fabc6b7c757b9c9c4cd760cb40393a0b595f583825842", kill_on_drop: false }`
[INFO] running `Command { std: "docker" "inspect" "3aa096cb077c3a08e30fabc6b7c757b9c9c4cd760cb40393a0b595f583825842", kill_on_drop: false }`
[INFO] running `Command { std: "docker" "rm" "-f" "3aa096cb077c3a08e30fabc6b7c757b9c9c4cd760cb40393a0b595f583825842", kill_on_drop: false }`
[INFO] [stdout] 3aa096cb077c3a08e30fabc6b7c757b9c9c4cd760cb40393a0b595f583825842
[INFO] running `Command { std: "docker" "create" "-v" "/var/lib/crater-agent-workspace/builds/worker-4/target:/opt/rustwide/target:rw,Z" "-v" "/var/lib/crater-agent-workspace/builds/worker-4/source:/opt/rustwide/workdir:ro,Z" "-v" "/var/lib/crater-agent-workspace/cargo-home:/opt/rustwide/cargo-home:ro,Z" "-v" "/var/lib/crater-agent-workspace/rustup-home:/opt/rustwide/rustup-home:ro,Z" "-e" "SOURCE_DIR=/opt/rustwide/workdir" "-e" "CARGO_TARGET_DIR=/opt/rustwide/target" "-e" "CARGO_INCREMENTAL=0" "-e" "RUST_BACKTRACE=full" "-e" "RUSTFLAGS=--cap-lints=warn" "-e" "CARGO_HOME=/opt/rustwide/cargo-home" "-e" "RUSTUP_HOME=/opt/rustwide/rustup-home" "-w" "/opt/rustwide/workdir" "-m" "1610612736" "--user" "0:0" "--network" "none" "ghcr.io/rust-lang/crates-build-env/linux@sha256:34b6a614d2c27851fe6cbf88fbd1137609cefab8b10d0615aaeb6fd47975d74e" "/opt/rustwide/cargo-home/bin/cargo" "+beta-2021-08-01" "build" "--frozen" "--message-format=json", kill_on_drop: false }`
[INFO] [stderr] WARNING: Your kernel does not support swap limit capabilities or the cgroup is not mounted. Memory limited without swap.
[INFO] [stdout] 9c18599c3c12bdad3e6b8e4f7c1bddb81846180e26f9fc5bfd5d00b35611767a
[INFO] running `Command { std: "docker" "start" "-a" "9c18599c3c12bdad3e6b8e4f7c1bddb81846180e26f9fc5bfd5d00b35611767a", kill_on_drop: false }`
[INFO] [stderr]    Compiling pq-sys v0.4.4
[INFO] [stderr]    Compiling yansi v0.3.0
[INFO] [stderr]    Compiling serde v1.0.10
[INFO] [stderr]    Compiling untrusted v0.5.0
[INFO] [stderr]    Compiling pear v0.0.10
[INFO] [stderr]    Compiling state v0.3.1
[INFO] [stderr]    Compiling smallvec v0.4.1
[INFO] [stderr]    Compiling pear_codegen v0.0.10
[INFO] [stderr]    Compiling slog v2.0.6
[INFO] [stderr]    Compiling term v0.4.6
[INFO] [stderr]    Compiling take_mut v0.1.3
[INFO] [stderr]    Compiling memchr v1.0.1
[INFO] [stderr]    Compiling time v0.1.38
[INFO] [stderr]    Compiling isatty v0.1.3
[INFO] [stderr]    Compiling base64 v0.5.2
[INFO] [stderr]    Compiling base64 v0.6.0
[INFO] [stdout] error[E0557]: feature has been removed
[INFO] [stdout]  --> /opt/rustwide/cargo-home/registry/src/github.com-1ecc6299db9ec823/state-0.3.1/src/lib.rs:1:12
[INFO] [stdout]   |
[INFO] [stdout] 1 | #![feature(const_fn, drop_types_in_const)]
[INFO] [stdout]   |            ^^^^^^^^ feature has been removed
[INFO] [stdout]   |
[INFO] [stdout]   = note: split into finer-grained feature gates
[INFO] [stdout] 
[INFO] [stdout] 
[INFO] [stdout] error[E0557]: feature has been removed
[INFO] [stdout]  --> /opt/rustwide/cargo-home/registry/src/github.com-1ecc6299db9ec823/yansi-0.3.0/src/lib.rs:1:40
[INFO] [stdout]   |
[INFO] [stdout] 1 | #![cfg_attr(feature="nightly", feature(const_fn))]
[INFO] [stdout]   |                                        ^^^^^^^^ feature has been removed
[INFO] [stdout]   |
[INFO] [stdout]   = note: split into finer-grained feature gates
[INFO] [stdout] 
[INFO] [stdout] 
[INFO] [stdout] error[E0554]: `#![feature]` may not be used on the beta release channel
[INFO] [stdout]  --> /opt/rustwide/cargo-home/registry/src/github.com-1ecc6299db9ec823/state-0.3.1/src/lib.rs:1:1
[INFO] [stdout]   |
[INFO] [stdout] 1 | #![feature(const_fn, drop_types_in_const)]
[INFO] [stdout]   | ^^^^^^^^^^^^^^^^^^^^^^^^^^^^^^^^^^^^^^^^^^
[INFO] [stdout]   |
[INFO] [stdout]   = help: the feature `drop_types_in_const` has been stable since 1.22.0 and no longer requires an attribute to enable
[INFO] [stdout] 
[INFO] [stdout] 
[INFO] [stdout] error[E0557]: feature has been removed
[INFO] [stdout]  --> /opt/rustwide/cargo-home/registry/src/github.com-1ecc6299db9ec823/pear_codegen-0.0.10/src/lib.rs:1:45
[INFO] [stdout]   |
[INFO] [stdout] 1 | #![feature(plugin_registrar, rustc_private, quote)]
[INFO] [stdout]   |                                             ^^^^^ feature has been removed
[INFO] [stdout] 
[INFO] [stdout] 
[INFO] [stdout] error: aborting due to 2 previous errors
[INFO] [stdout] 
[INFO] [stdout] 
[INFO] [stdout] Some errors have detailed explanations: E0554, E0557.
[INFO] [stdout] 
[INFO] [stdout] For more information about an error, try `rustc --explain E0554`.
[INFO] [stdout] 
[INFO] [stderr] error: could not compile `state` due to 3 previous errors
[INFO] [stderr] warning: build failed, waiting for other jobs to finish...
[INFO] [stdout] error[E0554]: `#![feature]` may not be used on the beta release channel
[INFO] [stdout]  --> /opt/rustwide/cargo-home/registry/src/github.com-1ecc6299db9ec823/yansi-0.3.0/src/lib.rs:1:32
[INFO] [stdout]   |
[INFO] [stdout] 1 | #![cfg_attr(feature="nightly", feature(const_fn))]
[INFO] [stdout]   |                                ^^^^^^^^^^^^^^^^^
[INFO] [stdout] 
[INFO] [stdout] 
[INFO] [stdout] error[E0462]: found staticlib `rustc` instead of rlib or dylib
[INFO] [stdout]  --> /opt/rustwide/cargo-home/registry/src/github.com-1ecc6299db9ec823/pear_codegen-0.0.10/src/lib.rs:3:1
[INFO] [stdout]   |
[INFO] [stdout] 3 | extern crate rustc;
[INFO] [stdout]   | ^^^^^^^^^^^^^^^^^^^
[INFO] [stdout]   |
[INFO] [stdout]   = help: please recompile that crate using --crate-type lib
[INFO] [stdout]   = note: the following crate versions were found:
[INFO] [stdout]           crate `rustc`: /opt/rustwide/rustup-home/toolchains/beta-2021-08-01-x86_64-unknown-linux-gnu/lib/rustlib/x86_64-unknown-linux-gnu/lib/librustc-beta_rt.tsan.a
[INFO] [stdout]           crate `rustc`: /opt/rustwide/rustup-home/toolchains/beta-2021-08-01-x86_64-unknown-linux-gnu/lib/rustlib/x86_64-unknown-linux-gnu/lib/librustc-beta_rt.msan.a
[INFO] [stdout]           crate `rustc`: /opt/rustwide/rustup-home/toolchains/beta-2021-08-01-x86_64-unknown-linux-gnu/lib/rustlib/x86_64-unknown-linux-gnu/lib/librustc-beta_rt.lsan.a
[INFO] [stdout]           crate `rustc`: /opt/rustwide/rustup-home/toolchains/beta-2021-08-01-x86_64-unknown-linux-gnu/lib/rustlib/x86_64-unknown-linux-gnu/lib/librustc-beta_rt.asan.a
[INFO] [stdout] 
[INFO] [stdout] 
[INFO] [stdout] error: aborting due to 2 previous errors
[INFO] [stdout] 
[INFO] [stdout] 
[INFO] [stdout] For more information about this error, try `rustc --explain E0557`.
[INFO] [stdout] 
[INFO] [stdout] error: aborting due to 2 previous errors
[INFO] [stdout] 
[INFO] [stdout] 
[INFO] [stdout] Some errors have detailed explanations: E0554, E0557.
[INFO] [stdout] 
[INFO] [stdout] For more information about an error, try `rustc --explain E0554`.
[INFO] [stdout] 
[INFO] [stderr] error: build failed
[INFO] running `Command { std: "docker" "inspect" "9c18599c3c12bdad3e6b8e4f7c1bddb81846180e26f9fc5bfd5d00b35611767a", kill_on_drop: false }`
[INFO] running `Command { std: "docker" "rm" "-f" "9c18599c3c12bdad3e6b8e4f7c1bddb81846180e26f9fc5bfd5d00b35611767a", kill_on_drop: false }`
[INFO] [stdout] 9c18599c3c12bdad3e6b8e4f7c1bddb81846180e26f9fc5bfd5d00b35611767a
