[INFO] cloning repository https://github.com/kvkamaltej/chirpstack-concentratord
[INFO] running `Command { std: "git" "-c" "credential.helper=" "-c" "credential.helper=/workspace/cargo-home/bin/git-credential-null" "clone" "--bare" "https://github.com/kvkamaltej/chirpstack-concentratord" "/workspace/cache/git-repos/https%3A%2F%2Fgithub.com%2Fkvkamaltej%2Fchirpstack-concentratord", kill_on_drop: false }`
[INFO] [stderr] Cloning into bare repository '/workspace/cache/git-repos/https%3A%2F%2Fgithub.com%2Fkvkamaltej%2Fchirpstack-concentratord'...
[INFO] running `Command { std: "git" "rev-parse" "HEAD", kill_on_drop: false }`
[INFO] [stdout] fee1bed238c72493a6af2e19f6370e096610855a
[INFO] testing kvkamaltej/chirpstack-concentratord against 1.54.0 for beta-1.55-1
[INFO] running `Command { std: "git" "clone" "/workspace/cache/git-repos/https%3A%2F%2Fgithub.com%2Fkvkamaltej%2Fchirpstack-concentratord" "/workspace/builds/worker-0/source", kill_on_drop: false }`
[INFO] [stderr] Cloning into '/workspace/builds/worker-0/source'...
[INFO] [stderr] done.
[INFO] validating manifest of git repo https://github.com/kvkamaltej/chirpstack-concentratord on toolchain 1.54.0
[INFO] running `Command { std: "/workspace/cargo-home/bin/cargo" "+1.54.0" "metadata" "--manifest-path" "Cargo.toml" "--no-deps", kill_on_drop: false }`
[INFO] started tweaking git repo https://github.com/kvkamaltej/chirpstack-concentratord
[INFO] finished tweaking git repo https://github.com/kvkamaltej/chirpstack-concentratord
[INFO] tweaked toml for git repo https://github.com/kvkamaltej/chirpstack-concentratord written to /workspace/builds/worker-0/source/Cargo.toml
[INFO] crate git repo https://github.com/kvkamaltej/chirpstack-concentratord already has a lockfile, it will not be regenerated
[INFO] running `Command { std: "/workspace/cargo-home/bin/cargo" "+1.54.0" "fetch" "--manifest-path" "Cargo.toml", kill_on_drop: false }`
[INFO] [stderr]     Blocking waiting for file lock on package cache
[INFO] running `Command { std: "docker" "create" "-v" "/var/lib/crater-agent-workspace/builds/worker-0/target:/opt/rustwide/target:rw,Z" "-v" "/var/lib/crater-agent-workspace/builds/worker-0/source:/opt/rustwide/workdir:ro,Z" "-v" "/var/lib/crater-agent-workspace/cargo-home:/opt/rustwide/cargo-home:ro,Z" "-v" "/var/lib/crater-agent-workspace/rustup-home:/opt/rustwide/rustup-home:ro,Z" "-e" "SOURCE_DIR=/opt/rustwide/workdir" "-e" "CARGO_TARGET_DIR=/opt/rustwide/target" "-e" "CARGO_HOME=/opt/rustwide/cargo-home" "-e" "RUSTUP_HOME=/opt/rustwide/rustup-home" "-w" "/opt/rustwide/workdir" "-m" "1610612736" "--user" "0:0" "--network" "none" "ghcr.io/rust-lang/crates-build-env/linux@sha256:34b6a614d2c27851fe6cbf88fbd1137609cefab8b10d0615aaeb6fd47975d74e" "/opt/rustwide/cargo-home/bin/cargo" "+1.54.0" "metadata" "--no-deps" "--format-version=1", kill_on_drop: false }`
[INFO] [stdout] 2063e8a14b0cc03204324be57922641789300435f1c5dc1fe8013008de3a21fa
[INFO] [stderr] WARNING: Your kernel does not support swap limit capabilities or the cgroup is not mounted. Memory limited without swap.
[INFO] running `Command { std: "docker" "start" "-a" "2063e8a14b0cc03204324be57922641789300435f1c5dc1fe8013008de3a21fa", kill_on_drop: false }`
[INFO] running `Command { std: "docker" "inspect" "2063e8a14b0cc03204324be57922641789300435f1c5dc1fe8013008de3a21fa", kill_on_drop: false }`
[INFO] running `Command { std: "docker" "rm" "-f" "2063e8a14b0cc03204324be57922641789300435f1c5dc1fe8013008de3a21fa", kill_on_drop: false }`
[INFO] [stdout] 2063e8a14b0cc03204324be57922641789300435f1c5dc1fe8013008de3a21fa
[INFO] running `Command { std: "docker" "create" "-v" "/var/lib/crater-agent-workspace/builds/worker-0/target:/opt/rustwide/target:rw,Z" "-v" "/var/lib/crater-agent-workspace/builds/worker-0/source:/opt/rustwide/workdir:ro,Z" "-v" "/var/lib/crater-agent-workspace/cargo-home:/opt/rustwide/cargo-home:ro,Z" "-v" "/var/lib/crater-agent-workspace/rustup-home:/opt/rustwide/rustup-home:ro,Z" "-e" "SOURCE_DIR=/opt/rustwide/workdir" "-e" "CARGO_TARGET_DIR=/opt/rustwide/target" "-e" "CARGO_INCREMENTAL=0" "-e" "RUST_BACKTRACE=full" "-e" "RUSTFLAGS=--cap-lints=warn" "-e" "CARGO_HOME=/opt/rustwide/cargo-home" "-e" "RUSTUP_HOME=/opt/rustwide/rustup-home" "-w" "/opt/rustwide/workdir" "-m" "1610612736" "--user" "0:0" "--network" "none" "ghcr.io/rust-lang/crates-build-env/linux@sha256:34b6a614d2c27851fe6cbf88fbd1137609cefab8b10d0615aaeb6fd47975d74e" "/opt/rustwide/cargo-home/bin/cargo" "+1.54.0" "build" "--frozen" "--message-format=json", kill_on_drop: false }`
[INFO] [stderr] WARNING: Your kernel does not support swap limit capabilities or the cgroup is not mounted. Memory limited without swap.
[INFO] [stdout] ede3f066ba10d72786a08b0fd58d26ebee730f8a2aca1cc8d353849ce63da375
[INFO] running `Command { std: "docker" "start" "-a" "ede3f066ba10d72786a08b0fd58d26ebee730f8a2aca1cc8d353849ce63da375", kill_on_drop: false }`
[INFO] [stderr]    Compiling proc-macro2 v1.0.8
[INFO] [stderr]    Compiling syn v1.0.14
[INFO] [stderr]    Compiling memchr v2.3.2
[INFO] [stderr]    Compiling regex-syntax v0.6.14
[INFO] [stderr]    Compiling bindgen v0.52.0
[INFO] [stderr]    Compiling multimap v0.8.0
[INFO] [stderr]    Compiling zmq v0.9.2
[INFO] [stderr]    Compiling arc-swap v0.4.5
[INFO] [stderr]    Compiling chirpstack-concentratord-sx1301 v3.0.2 (/opt/rustwide/workdir/chirpstack-concentratord-sx1301)
[INFO] [stderr]    Compiling chirpstack-concentratord-sx1302 v3.0.2 (/opt/rustwide/workdir/chirpstack-concentratord-sx1302)
[INFO] [stderr]    Compiling nom v4.2.3
[INFO] [stderr]    Compiling tracing-core v0.1.9
[INFO] [stderr]    Compiling clang-sys v0.28.1
[INFO] [stderr]    Compiling tokio v0.2.11
[INFO] [stderr]    Compiling http v0.2.0
[INFO] [stderr]    Compiling futures-util v0.3.4
[INFO] [stderr]    Compiling zeromq-src v0.1.8+4.3.2
[INFO] [stderr]    Compiling which v3.1.0
[INFO] [stderr]    Compiling tokio-util v0.2.0
[INFO] [stderr]    Compiling tower-make v0.3.0
[INFO] [stderr]    Compiling colored v1.9.2
[INFO] [stderr]    Compiling gpio-cdev v0.3.0
[INFO] [stderr]    Compiling petgraph v0.5.0
[INFO] [stderr]    Compiling syslog v5.0.0
[INFO] [stderr]    Compiling signal-hook-registry v1.2.0
[INFO] [stderr]    Compiling chrono v0.4.10
[INFO] [stderr]    Compiling zmq-sys v0.11.0
[INFO] [stderr]    Compiling tempfile v3.1.0
[INFO] [stderr]    Compiling uuid v0.8.1
[INFO] [stderr]    Compiling prost-build v0.6.1
[INFO] [stderr]    Compiling signal-hook v0.1.13
[INFO] [stderr]    Compiling aho-corasick v0.7.8
[INFO] [stderr]    Compiling quote v1.0.2
[INFO] [stderr]    Compiling simple_logger v1.5.0
[INFO] [stderr]    Compiling cexpr v0.3.6
[INFO] [stderr]    Compiling http-body v0.3.1
[INFO] [stderr]    Compiling regex v1.3.4
[INFO] [stderr]    Compiling env_logger v0.7.1
[INFO] [stderr]    Compiling prost-derive v0.6.1
[INFO] [stderr]    Compiling async-stream-impl v0.2.1
[INFO] [stderr]    Compiling pin-project-internal v0.4.8
[INFO] [stderr]    Compiling tracing-attributes v0.1.6
[INFO] [stderr]    Compiling async-trait v0.1.24
[INFO] [stderr]    Compiling serde_derive v1.0.104
[INFO] [stderr]    Compiling async-stream v0.2.1
[INFO] [stderr]    Compiling tracing v0.1.12
[INFO] [stderr]    Compiling prost v0.6.1
[INFO] [stderr]    Compiling gateway-id v3.0.1 (/opt/rustwide/workdir/gateway-id)
[INFO] [stderr]    Compiling libloragw-sx1302 v1.0.0 (/opt/rustwide/workdir/libloragw-sx1302)
[INFO] [stderr]    Compiling libloragw-sx1301 v1.0.0 (/opt/rustwide/workdir/libloragw-sx1301)
[INFO] [stderr]    Compiling pin-project v0.4.8
[INFO] [stderr]    Compiling prost-types v0.6.1
[INFO] [stderr]    Compiling tonic v0.1.1
[INFO] [stderr]    Compiling tonic-build v0.1.1
[INFO] [stderr] error: failed to run custom build command for `libloragw-sx1301 v1.0.0 (/opt/rustwide/workdir/libloragw-sx1301)`
[INFO] [stderr] 
[INFO] [stderr] Caused by:
[INFO] [stderr]   process didn't exit successfully: `/opt/rustwide/target/debug/build/libloragw-sx1301-82e57e6b5fa58f73/build-script-build` (exit status: 101)
[INFO] [stderr]   --- stdout
[INFO] [stderr]   cargo:rustc-link-lib=loragw-sx1301
[INFO] [stderr] 
[INFO] [stderr]   --- stderr
[INFO] [stderr]   wrapper.h:3:10: fatal error: 'libloragw-sx1301/loragw_hal.h' file not found
[INFO] [stderr]   wrapper.h:3:10: fatal error: 'libloragw-sx1301/loragw_hal.h' file not found, err: true
[INFO] [stderr]   thread 'main' panicked at 'Unable to generate bindings: ()', libloragw-sx1301/build.rs:23:10
[INFO] [stderr]   stack backtrace:
[INFO] [stderr]      0:     0x5607fad46cd0 - std::backtrace_rs::backtrace::libunwind::trace::h34055254b57d8e79
[INFO] [stderr]                                  at /rustc/a178d0322ce20e33eac124758e837cbd80a6f633/library/std/src/../../backtrace/src/backtrace/libunwind.rs:90:5
[INFO] [stderr]      1:     0x5607fad46cd0 - std::backtrace_rs::backtrace::trace_unsynchronized::h8f1e3fbd9afff6ec
[INFO] [stderr]                                  at /rustc/a178d0322ce20e33eac124758e837cbd80a6f633/library/std/src/../../backtrace/src/backtrace/mod.rs:66:5
[INFO] [stderr]      2:     0x5607fad46cd0 - std::sys_common::backtrace::_print_fmt::h3a99a796b770c360
[INFO] [stderr]                                  at /rustc/a178d0322ce20e33eac124758e837cbd80a6f633/library/std/src/sys_common/backtrace.rs:67:5
[INFO] [stderr]      3:     0x5607fad46cd0 - <std::sys_common::backtrace::_print::DisplayBacktrace as core::fmt::Display>::fmt::h32d1f94a80615d18
[INFO] [stderr]                                  at /rustc/a178d0322ce20e33eac124758e837cbd80a6f633/library/std/src/sys_common/backtrace.rs:46:22
[INFO] [stderr]      4:     0x5607fad6b7fc - core::fmt::write::h306731c068f7162c
[INFO] [stderr]                                  at /rustc/a178d0322ce20e33eac124758e837cbd80a6f633/library/core/src/fmt/mod.rs:1110:17
[INFO] [stderr]      5:     0x5607fad43d95 - std::io::Write::write_fmt::hd2fa90334eee2a21
[INFO] [stderr]                                  at /rustc/a178d0322ce20e33eac124758e837cbd80a6f633/library/std/src/io/mod.rs:1588:15
[INFO] [stderr]      6:     0x5607fad4904b - std::sys_common::backtrace::_print::h5abaa2601a852287
[INFO] [stderr]                                  at /rustc/a178d0322ce20e33eac124758e837cbd80a6f633/library/std/src/sys_common/backtrace.rs:49:5
[INFO] [stderr]      7:     0x5607fad4904b - std::sys_common::backtrace::print::h8d81445442bb638f
[INFO] [stderr]                                  at /rustc/a178d0322ce20e33eac124758e837cbd80a6f633/library/std/src/sys_common/backtrace.rs:36:9
[INFO] [stderr]      8:     0x5607fad4904b - std::panicking::default_hook::{{closure}}::hcfe804496a9fa747
[INFO] [stderr]                                  at /rustc/a178d0322ce20e33eac124758e837cbd80a6f633/library/std/src/panicking.rs:208:50
[INFO] [stderr]      9:     0x5607fad48b21 - std::panicking::default_hook::hbea8e3ccf2ba8901
[INFO] [stderr]                                  at /rustc/a178d0322ce20e33eac124758e837cbd80a6f633/library/std/src/panicking.rs:225:9
[INFO] [stderr]     10:     0x5607fad49714 - std::panicking::rust_panic_with_hook::h7ee9e1a2d0f8975a
[INFO] [stderr]                                  at /rustc/a178d0322ce20e33eac124758e837cbd80a6f633/library/std/src/panicking.rs:622:17
[INFO] [stderr]     11:     0x5607fad491f7 - std::panicking::begin_panic_handler::{{closure}}::h8ab3b4491718b2c7
[INFO] [stderr]                                  at /rustc/a178d0322ce20e33eac124758e837cbd80a6f633/library/std/src/panicking.rs:519:13
[INFO] [stderr]     12:     0x5607fad471cc - std::sys_common::backtrace::__rust_end_short_backtrace::hd489062ffa586a9f
[INFO] [stderr]                                  at /rustc/a178d0322ce20e33eac124758e837cbd80a6f633/library/std/src/sys_common/backtrace.rs:141:18
[INFO] [stderr]     13:     0x5607fad49159 - rust_begin_unwind
[INFO] [stderr]                                  at /rustc/a178d0322ce20e33eac124758e837cbd80a6f633/library/std/src/panicking.rs:515:5
[INFO] [stderr]     14:     0x5607fa815941 - core::panicking::panic_fmt::hca6330e3e14086b4
[INFO] [stderr]                                  at /rustc/a178d0322ce20e33eac124758e837cbd80a6f633/library/core/src/panicking.rs:92:14
[INFO] [stderr]     15:     0x5607fa815a33 - core::result::unwrap_failed::h6160d2b4bfbb0e87
[INFO] [stderr]                                  at /rustc/a178d0322ce20e33eac124758e837cbd80a6f633/library/core/src/result.rs:1355:5
[INFO] [stderr]     16:     0x5607fa817236 - core::result::Result<T,E>::expect::h36a36128edd31def
[INFO] [stderr]                                  at /rustc/a178d0322ce20e33eac124758e837cbd80a6f633/library/core/src/result.rs:997:23
[INFO] [stderr]     17:     0x5607fa816dfe - build_script_build::main::hf1599f1f654a6693
[INFO] [stderr]                                  at /opt/rustwide/workdir/libloragw-sx1301/build.rs:14:20
[INFO] [stderr]     18:     0x5607fa81702b - core::ops::function::FnOnce::call_once::h00850b44b84df257
[INFO] [stderr]                                  at /rustc/a178d0322ce20e33eac124758e837cbd80a6f633/library/core/src/ops/function.rs:227:5
[INFO] [stderr]     19:     0x5607fa81726e - std::sys_common::backtrace::__rust_begin_short_backtrace::h2c21e9a1d5c5f6b0
[INFO] [stderr]                                  at /rustc/a178d0322ce20e33eac124758e837cbd80a6f633/library/std/src/sys_common/backtrace.rs:125:18
[INFO] [stderr]     20:     0x5607fa818391 - std::rt::lang_start::{{closure}}::hfeac9f3807038dac
[INFO] [stderr]                                  at /rustc/a178d0322ce20e33eac124758e837cbd80a6f633/library/std/src/rt.rs:49:18
[INFO] [stderr]     21:     0x5607fad49d19 - core::ops::function::impls::<impl core::ops::function::FnOnce<A> for &F>::call_once::h2aabc384aab89b7b
[INFO] [stderr]                                  at /rustc/a178d0322ce20e33eac124758e837cbd80a6f633/library/core/src/ops/function.rs:259:13
[INFO] [stderr]     22:     0x5607fad49d19 - std::panicking::try::do_call::hc5fcacb7a85fc7b1
[INFO] [stderr]                                  at /rustc/a178d0322ce20e33eac124758e837cbd80a6f633/library/std/src/panicking.rs:401:40
[INFO] [stderr]     23:     0x5607fad49d19 - std::panicking::try::hb5d9603af3abbe3a
[INFO] [stderr]                                  at /rustc/a178d0322ce20e33eac124758e837cbd80a6f633/library/std/src/panicking.rs:365:19
[INFO] [stderr]     24:     0x5607fad49d19 - std::panic::catch_unwind::h98fe6ac3925e64b4
[INFO] [stderr]                                  at /rustc/a178d0322ce20e33eac124758e837cbd80a6f633/library/std/src/panic.rs:434:14
[INFO] [stderr]     25:     0x5607fad49d19 - std::rt::lang_start_internal::h22ac7383c516f93e
[INFO] [stderr]                                  at /rustc/a178d0322ce20e33eac124758e837cbd80a6f633/library/std/src/rt.rs:34:21
[INFO] [stderr]     26:     0x5607fa818370 - std::rt::lang_start::h37fb658cee94766a
[INFO] [stderr]                                  at /rustc/a178d0322ce20e33eac124758e837cbd80a6f633/library/std/src/rt.rs:48:5
[INFO] [stderr]     27:     0x5607fa816fbc - main
[INFO] [stderr]     28:     0x7fd4e86dc0b3 - __libc_start_main
[INFO] [stderr]     29:     0x5607fa81613e - _start
[INFO] [stderr]     30:                0x0 - <unknown>
[INFO] [stderr] warning: build failed, waiting for other jobs to finish...
[INFO] [stderr] error: build failed
[INFO] running `Command { std: "docker" "inspect" "ede3f066ba10d72786a08b0fd58d26ebee730f8a2aca1cc8d353849ce63da375", kill_on_drop: false }`
[INFO] running `Command { std: "docker" "rm" "-f" "ede3f066ba10d72786a08b0fd58d26ebee730f8a2aca1cc8d353849ce63da375", kill_on_drop: false }`
[INFO] [stdout] ede3f066ba10d72786a08b0fd58d26ebee730f8a2aca1cc8d353849ce63da375
