[INFO] cloning repository https://github.com/kryo4096/reduk
[INFO] running `Command { std: "git" "-c" "credential.helper=" "-c" "credential.helper=/workspace/cargo-home/bin/git-credential-null" "clone" "--bare" "https://github.com/kryo4096/reduk" "/workspace/cache/git-repos/https%3A%2F%2Fgithub.com%2Fkryo4096%2Freduk", kill_on_drop: false }`
[INFO] [stderr] Cloning into bare repository '/workspace/cache/git-repos/https%3A%2F%2Fgithub.com%2Fkryo4096%2Freduk'...
[INFO] running `Command { std: "git" "rev-parse" "HEAD", kill_on_drop: false }`
[INFO] [stdout] 141bf88e64a8e0ef1d36e54075627d55bfcd5731
[INFO] testing kryo4096/reduk against 1.54.0 for beta-1.55-1
[INFO] running `Command { std: "git" "clone" "/workspace/cache/git-repos/https%3A%2F%2Fgithub.com%2Fkryo4096%2Freduk" "/workspace/builds/worker-4/source", kill_on_drop: false }`
[INFO] [stderr] Cloning into '/workspace/builds/worker-4/source'...
[INFO] [stderr] done.
[INFO] validating manifest of git repo https://github.com/kryo4096/reduk on toolchain 1.54.0
[INFO] running `Command { std: "/workspace/cargo-home/bin/cargo" "+1.54.0" "metadata" "--manifest-path" "Cargo.toml" "--no-deps", kill_on_drop: false }`
[INFO] started tweaking git repo https://github.com/kryo4096/reduk
[INFO] finished tweaking git repo https://github.com/kryo4096/reduk
[INFO] tweaked toml for git repo https://github.com/kryo4096/reduk written to /workspace/builds/worker-4/source/Cargo.toml
[INFO] crate git repo https://github.com/kryo4096/reduk already has a lockfile, it will not be regenerated
[INFO] running `Command { std: "/workspace/cargo-home/bin/cargo" "+1.54.0" "fetch" "--manifest-path" "Cargo.toml", kill_on_drop: false }`
[INFO] running `Command { std: "docker" "create" "-v" "/var/lib/crater-agent-workspace/builds/worker-4/target:/opt/rustwide/target:rw,Z" "-v" "/var/lib/crater-agent-workspace/builds/worker-4/source:/opt/rustwide/workdir:ro,Z" "-v" "/var/lib/crater-agent-workspace/cargo-home:/opt/rustwide/cargo-home:ro,Z" "-v" "/var/lib/crater-agent-workspace/rustup-home:/opt/rustwide/rustup-home:ro,Z" "-e" "SOURCE_DIR=/opt/rustwide/workdir" "-e" "CARGO_TARGET_DIR=/opt/rustwide/target" "-e" "CARGO_HOME=/opt/rustwide/cargo-home" "-e" "RUSTUP_HOME=/opt/rustwide/rustup-home" "-w" "/opt/rustwide/workdir" "-m" "1610612736" "--user" "0:0" "--network" "none" "ghcr.io/rust-lang/crates-build-env/linux@sha256:34b6a614d2c27851fe6cbf88fbd1137609cefab8b10d0615aaeb6fd47975d74e" "/opt/rustwide/cargo-home/bin/cargo" "+1.54.0" "metadata" "--no-deps" "--format-version=1", kill_on_drop: false }`
[INFO] [stdout] 7dea15ca10d127bf1795820825e35a47eeb2c85a724c219ad294ac37f6f3e66b
[INFO] [stderr] WARNING: Your kernel does not support swap limit capabilities or the cgroup is not mounted. Memory limited without swap.
[INFO] running `Command { std: "docker" "start" "-a" "7dea15ca10d127bf1795820825e35a47eeb2c85a724c219ad294ac37f6f3e66b", kill_on_drop: false }`
[INFO] running `Command { std: "docker" "inspect" "7dea15ca10d127bf1795820825e35a47eeb2c85a724c219ad294ac37f6f3e66b", kill_on_drop: false }`
[INFO] running `Command { std: "docker" "rm" "-f" "7dea15ca10d127bf1795820825e35a47eeb2c85a724c219ad294ac37f6f3e66b", kill_on_drop: false }`
[INFO] [stdout] 7dea15ca10d127bf1795820825e35a47eeb2c85a724c219ad294ac37f6f3e66b
[INFO] running `Command { std: "docker" "create" "-v" "/var/lib/crater-agent-workspace/builds/worker-4/target:/opt/rustwide/target:rw,Z" "-v" "/var/lib/crater-agent-workspace/builds/worker-4/source:/opt/rustwide/workdir:ro,Z" "-v" "/var/lib/crater-agent-workspace/cargo-home:/opt/rustwide/cargo-home:ro,Z" "-v" "/var/lib/crater-agent-workspace/rustup-home:/opt/rustwide/rustup-home:ro,Z" "-e" "SOURCE_DIR=/opt/rustwide/workdir" "-e" "CARGO_TARGET_DIR=/opt/rustwide/target" "-e" "CARGO_INCREMENTAL=0" "-e" "RUST_BACKTRACE=full" "-e" "RUSTFLAGS=--cap-lints=warn" "-e" "CARGO_HOME=/opt/rustwide/cargo-home" "-e" "RUSTUP_HOME=/opt/rustwide/rustup-home" "-w" "/opt/rustwide/workdir" "-m" "1610612736" "--user" "0:0" "--network" "none" "ghcr.io/rust-lang/crates-build-env/linux@sha256:34b6a614d2c27851fe6cbf88fbd1137609cefab8b10d0615aaeb6fd47975d74e" "/opt/rustwide/cargo-home/bin/cargo" "+1.54.0" "build" "--frozen" "--message-format=json", kill_on_drop: false }`
[INFO] [stdout] b956ccd8f233f8cc39774420493f56cae9904c1162efa9594bd6d9ba5b2c7ed3
[INFO] [stderr] WARNING: Your kernel does not support swap limit capabilities or the cgroup is not mounted. Memory limited without swap.
[INFO] running `Command { std: "docker" "start" "-a" "b956ccd8f233f8cc39774420493f56cae9904c1162efa9594bd6d9ba5b2c7ed3", kill_on_drop: false }`
[INFO] [stderr]    Compiling usize_conversions v0.2.0
[INFO] [stderr]    Compiling bitflags v1.0.3
[INFO] [stderr]    Compiling bit_field v0.9.0
[INFO] [stderr]    Compiling os_bootinfo v0.2.0
[INFO] [stderr]    Compiling ux v0.1.1
[INFO] [stderr]    Compiling spin v0.4.7
[INFO] [stderr]    Compiling rlibc v1.0.0
[INFO] [stderr]    Compiling volatile v0.2.3
[INFO] [stdout] error[E0554]: `#![feature]` may not be used on the stable release channel
[INFO] [stdout]  --> /opt/rustwide/cargo-home/registry/src/github.com-1ecc6299db9ec823/usize_conversions-0.2.0/src/lib.rs:6:1
[INFO] [stdout]   |
[INFO] [stdout] 6 | #![feature(i128_type)]
[INFO] [stdout]   | ^^^^^^^^^^^^^^^^^^^^^^ help: remove the attribute
[INFO] [stdout]   |
[INFO] [stdout]   = help: the feature `i128_type` has been stable since 1.26.0 and no longer requires an attribute to enable
[INFO] [stdout] 
[INFO] [stdout] 
[INFO] [stdout] error: aborting due to previous error
[INFO] [stdout] 
[INFO] [stdout] 
[INFO] [stdout] For more information about this error, try `rustc --explain E0554`.
[INFO] [stdout] 
[INFO] [stderr] error: could not compile `usize_conversions`
[INFO] [stderr] 
[INFO] [stderr] To learn more, run the command again with --verbose.
[INFO] [stderr] warning: build failed, waiting for other jobs to finish...
[INFO] [stdout] error[E0557]: feature has been removed
[INFO] [stdout]  --> /opt/rustwide/cargo-home/registry/src/github.com-1ecc6299db9ec823/spin-0.4.7/src/lib.rs:8:43
[INFO] [stdout]   |
[INFO] [stdout] 8 | #![cfg_attr(feature = "const_fn", feature(const_fn, const_unsafe_cell_new, const_atomic_usize_new))]
[INFO] [stdout]   |                                           ^^^^^^^^ feature has been removed
[INFO] [stdout]   |
[INFO] [stdout]   = note: split into finer-grained feature gates
[INFO] [stdout] 
[INFO] [stdout] 
[INFO] [stdout] error: the legacy LLVM-style asm! syntax is no longer supported
[INFO] [stdout]  --> /opt/rustwide/cargo-home/registry/src/github.com-1ecc6299db9ec823/spin-0.4.7/src/util.rs:8:14
[INFO] [stdout]   |
[INFO] [stdout] 8 |     unsafe { asm!("pause" :::: "volatile"); }
[INFO] [stdout]   |              ----^^^^^^^^^^^^^^^^^^^^^^^^^^
[INFO] [stdout]   |              |
[INFO] [stdout]   |              help: replace with: `llvm_asm!`
[INFO] [stdout]   |
[INFO] [stdout]   = note: consider migrating to the new asm! syntax specified in RFC 2873
[INFO] [stdout]   = note: alternatively, switch to llvm_asm! to keep your code working as it is
[INFO] [stdout] 
[INFO] [stdout] 
[INFO] [stdout] error[E0554]: `#![feature]` may not be used on the stable release channel
[INFO] [stdout]  --> /opt/rustwide/cargo-home/registry/src/github.com-1ecc6299db9ec823/spin-0.4.7/src/lib.rs:6:30
[INFO] [stdout]   |
[INFO] [stdout] 6 | #![cfg_attr(feature = "asm", feature(asm))]
[INFO] [stdout]   |                              ^^^^^^^^^^^^
[INFO] [stdout] 
[INFO] [stdout] 
[INFO] [stdout] error[E0554]: `#![feature]` may not be used on the stable release channel
[INFO] [stdout]  --> /opt/rustwide/cargo-home/registry/src/github.com-1ecc6299db9ec823/spin-0.4.7/src/lib.rs:7:42
[INFO] [stdout]   |
[INFO] [stdout] 7 | #![cfg_attr(feature = "core_intrinsics", feature(core_intrinsics))]
[INFO] [stdout]   |                                          ^^^^^^^^^^^^^^^^^^^^^^^^
[INFO] [stdout] 
[INFO] [stdout] 
[INFO] [stdout] error[E0554]: `#![feature]` may not be used on the stable release channel
[INFO] [stdout]  --> /opt/rustwide/cargo-home/registry/src/github.com-1ecc6299db9ec823/spin-0.4.7/src/lib.rs:8:35
[INFO] [stdout]   |
[INFO] [stdout] 8 | #![cfg_attr(feature = "const_fn", feature(const_fn, const_unsafe_cell_new, const_atomic_usize_new))]
[INFO] [stdout]   |                                   ^^^^^^^^^^^^^^^^^^^^^^^^^^^^^^^^^^^^^^^^^^^^^^^^^^^^^^^^^^^^^^^^
[INFO] [stdout] 
[INFO] [stdout] 
[INFO] [stdout] error: aborting due to 5 previous errors
[INFO] [stdout] 
[INFO] [stdout] 
[INFO] [stdout] Some errors have detailed explanations: E0554, E0557.
[INFO] [stdout] 
[INFO] [stdout] For more information about an error, try `rustc --explain E0554`.
[INFO] [stdout] 
[INFO] [stderr] error: build failed
[INFO] running `Command { std: "docker" "inspect" "b956ccd8f233f8cc39774420493f56cae9904c1162efa9594bd6d9ba5b2c7ed3", kill_on_drop: false }`
[INFO] running `Command { std: "docker" "rm" "-f" "b956ccd8f233f8cc39774420493f56cae9904c1162efa9594bd6d9ba5b2c7ed3", kill_on_drop: false }`
[INFO] [stdout] b956ccd8f233f8cc39774420493f56cae9904c1162efa9594bd6d9ba5b2c7ed3
