[INFO] cloning repository https://github.com/krisberg/conan-exiles-discord-chatbot
[INFO] running `Command { std: "git" "-c" "credential.helper=" "-c" "credential.helper=/workspace/cargo-home/bin/git-credential-null" "clone" "--bare" "https://github.com/krisberg/conan-exiles-discord-chatbot" "/workspace/cache/git-repos/https%3A%2F%2Fgithub.com%2Fkrisberg%2Fconan-exiles-discord-chatbot", kill_on_drop: false }`
[INFO] [stderr] Cloning into bare repository '/workspace/cache/git-repos/https%3A%2F%2Fgithub.com%2Fkrisberg%2Fconan-exiles-discord-chatbot'...
[INFO] running `Command { std: "git" "rev-parse" "HEAD", kill_on_drop: false }`
[INFO] [stdout] b7978c87567bc764b035b7c756f18b5d9c1923eb
[INFO] testing krisberg/conan-exiles-discord-chatbot against beta-2021-08-01 for beta-1.55-1
[INFO] running `Command { std: "git" "clone" "/workspace/cache/git-repos/https%3A%2F%2Fgithub.com%2Fkrisberg%2Fconan-exiles-discord-chatbot" "/workspace/builds/worker-2/source", kill_on_drop: false }`
[INFO] [stderr] Cloning into '/workspace/builds/worker-2/source'...
[INFO] [stderr] done.
[INFO] validating manifest of git repo https://github.com/krisberg/conan-exiles-discord-chatbot on toolchain beta-2021-08-01
[INFO] running `Command { std: "/workspace/cargo-home/bin/cargo" "+beta-2021-08-01" "metadata" "--manifest-path" "Cargo.toml" "--no-deps", kill_on_drop: false }`
[INFO] started tweaking git repo https://github.com/krisberg/conan-exiles-discord-chatbot
[INFO] finished tweaking git repo https://github.com/krisberg/conan-exiles-discord-chatbot
[INFO] tweaked toml for git repo https://github.com/krisberg/conan-exiles-discord-chatbot written to /workspace/builds/worker-2/source/Cargo.toml
[INFO] crate git repo https://github.com/krisberg/conan-exiles-discord-chatbot already has a lockfile, it will not be regenerated
[INFO] running `Command { std: "/workspace/cargo-home/bin/cargo" "+beta-2021-08-01" "fetch" "--manifest-path" "Cargo.toml", kill_on_drop: false }`
[INFO] [stderr]  Downloading crates ...
[INFO] [stderr]   Downloaded base64-rs v0.1.1
[INFO] [stderr]   Downloaded multipart v0.8.1
[INFO] [stderr]   Downloaded encode_unicode v0.3.1
[INFO] [stderr]   Downloaded chrono v0.4.2
[INFO] [stderr]   Downloaded discord v0.8.0
[INFO] [stderr]   Downloaded rev_lines v0.2.1
[INFO] [stderr]   Downloaded prettytable-rs v0.6.7
[INFO] running `Command { std: "docker" "create" "-v" "/var/lib/crater-agent-workspace/builds/worker-2/target:/opt/rustwide/target:rw,Z" "-v" "/var/lib/crater-agent-workspace/builds/worker-2/source:/opt/rustwide/workdir:ro,Z" "-v" "/var/lib/crater-agent-workspace/cargo-home:/opt/rustwide/cargo-home:ro,Z" "-v" "/var/lib/crater-agent-workspace/rustup-home:/opt/rustwide/rustup-home:ro,Z" "-e" "SOURCE_DIR=/opt/rustwide/workdir" "-e" "CARGO_TARGET_DIR=/opt/rustwide/target" "-e" "CARGO_HOME=/opt/rustwide/cargo-home" "-e" "RUSTUP_HOME=/opt/rustwide/rustup-home" "-w" "/opt/rustwide/workdir" "-m" "1610612736" "--user" "0:0" "--network" "none" "ghcr.io/rust-lang/crates-build-env/linux@sha256:34b6a614d2c27851fe6cbf88fbd1137609cefab8b10d0615aaeb6fd47975d74e" "/opt/rustwide/cargo-home/bin/cargo" "+beta-2021-08-01" "metadata" "--no-deps" "--format-version=1", kill_on_drop: false }`
[INFO] [stdout] b7e4351b4ba7b037166be232e823a26869385f153fae1d69bfe0fa605702731d
[INFO] [stderr] WARNING: Your kernel does not support swap limit capabilities or the cgroup is not mounted. Memory limited without swap.
[INFO] running `Command { std: "docker" "start" "-a" "b7e4351b4ba7b037166be232e823a26869385f153fae1d69bfe0fa605702731d", kill_on_drop: false }`
[INFO] running `Command { std: "docker" "inspect" "b7e4351b4ba7b037166be232e823a26869385f153fae1d69bfe0fa605702731d", kill_on_drop: false }`
[INFO] running `Command { std: "docker" "rm" "-f" "b7e4351b4ba7b037166be232e823a26869385f153fae1d69bfe0fa605702731d", kill_on_drop: false }`
[INFO] [stdout] b7e4351b4ba7b037166be232e823a26869385f153fae1d69bfe0fa605702731d
[INFO] running `Command { std: "docker" "create" "-v" "/var/lib/crater-agent-workspace/builds/worker-2/target:/opt/rustwide/target:rw,Z" "-v" "/var/lib/crater-agent-workspace/builds/worker-2/source:/opt/rustwide/workdir:ro,Z" "-v" "/var/lib/crater-agent-workspace/cargo-home:/opt/rustwide/cargo-home:ro,Z" "-v" "/var/lib/crater-agent-workspace/rustup-home:/opt/rustwide/rustup-home:ro,Z" "-e" "SOURCE_DIR=/opt/rustwide/workdir" "-e" "CARGO_TARGET_DIR=/opt/rustwide/target" "-e" "CARGO_INCREMENTAL=0" "-e" "RUST_BACKTRACE=full" "-e" "RUSTFLAGS=--cap-lints=warn" "-e" "CARGO_HOME=/opt/rustwide/cargo-home" "-e" "RUSTUP_HOME=/opt/rustwide/rustup-home" "-w" "/opt/rustwide/workdir" "-m" "1610612736" "--user" "0:0" "--network" "none" "ghcr.io/rust-lang/crates-build-env/linux@sha256:34b6a614d2c27851fe6cbf88fbd1137609cefab8b10d0615aaeb6fd47975d74e" "/opt/rustwide/cargo-home/bin/cargo" "+beta-2021-08-01" "build" "--frozen" "--message-format=json", kill_on_drop: false }`
[INFO] [stderr] WARNING: Your kernel does not support swap limit capabilities or the cgroup is not mounted. Memory limited without swap.
[INFO] [stdout] dc31c8f0ba74a61a9342e4fd9e4b53718463051f61efe09fe3ecdba2be7d3834
[INFO] running `Command { std: "docker" "start" "-a" "dc31c8f0ba74a61a9342e4fd9e4b53718463051f61efe09fe3ecdba2be7d3834", kill_on_drop: false }`
[INFO] [stderr]    Compiling cc v1.0.15
[INFO] [stderr]    Compiling encode_unicode v0.3.1
[INFO] [stderr]    Compiling base64-rs v0.1.1
[INFO] [stderr]    Compiling rev_lines v0.2.1
[INFO] [stderr]    Compiling rand v0.4.2
[INFO] [stderr]    Compiling time v0.1.40
[INFO] [stderr]    Compiling num_cpus v1.8.0
[INFO] [stderr]    Compiling memchr v1.0.2
[INFO] [stderr]    Compiling memchr v2.0.1
[INFO] [stderr]    Compiling atty v0.2.10
[INFO] [stderr]    Compiling openssl-sys v0.7.17
[INFO] [stderr]    Compiling openssl-sys-extras v0.7.14
[INFO] [stderr]    Compiling openssl v0.7.14
[INFO] [stderr]    Compiling net2 v0.2.32
[INFO] [stderr]    Compiling hpack v0.2.0
[INFO] [stderr]    Compiling url v1.7.0
[INFO] [stderr]    Compiling num-integer v0.1.38
[INFO] [stderr]    Compiling phf_shared v0.7.22
[INFO] [stderr]    Compiling aho-corasick v0.6.4
[INFO] [stderr]    Compiling serde_json v0.8.6
[INFO] [stderr]    Compiling csv v0.15.0
[INFO] [stderr]    Compiling solicit v0.4.4
[INFO] [stderr]    Compiling phf v0.7.22
[INFO] [stderr]    Compiling chrono v0.4.2
[INFO] [stderr]    Compiling regex v1.0.0
[INFO] [stderr]    Compiling phf_generator v0.7.22
[INFO] [stderr]    Compiling rand v0.3.22
[INFO] [stderr]    Compiling tempdir v0.3.7
[INFO] [stdout] error[E0713]: borrow may still be in use when destructor runs
[INFO] [stdout]    --> /opt/rustwide/cargo-home/registry/src/github.com-1ecc6299db9ec823/url-1.7.0/src/form_urlencoded.rs:261:40
[INFO] [stdout]     |
[INFO] [stdout] 259 | impl<'a> Target for ::UrlQuery<'a> {
[INFO] [stdout]     |      -- lifetime `'a` defined here
[INFO] [stdout] 260 |     fn as_mut_string(&mut self) -> &mut String { &mut self.url.serialization }
[INFO] [stdout] 261 |     fn finish(self) -> &'a mut ::Url { self.url }
[INFO] [stdout]     |                                        ^^^^^^^^ - here, drop of `self` needs exclusive access to `*self.url`, because the type `UrlQuery<'_>` implements the `Drop` trait
[INFO] [stdout]     |                                        |
[INFO] [stdout]     |                                        returning this value requires that `*self.url` is borrowed for `'a`
[INFO] [stdout] 
[INFO] [stdout] 
[INFO] [stdout] error: aborting due to previous error
[INFO] [stdout] 
[INFO] [stdout] 
[INFO] [stdout] For more information about this error, try `rustc --explain E0713`.
[INFO] [stdout] 
[INFO] [stderr] error: could not compile `url` due to 2 previous errors
[INFO] [stderr] warning: build failed, waiting for other jobs to finish...
[INFO] [stderr] The following warnings were emitted during compilation:
[INFO] [stderr] 
[INFO] [stderr] warning: src/openssl_shim.c: In function 'SSL_CTX_set_ecdh_auto_shim':
[INFO] [stderr] warning: src/openssl_shim.c:121:41: warning: unused parameter 'ctx' [-Wunused-parameter]
[INFO] [stderr] warning:   121 | int SSL_CTX_set_ecdh_auto_shim(SSL_CTX *ctx, int onoff) {
[INFO] [stderr] warning:       |                                ~~~~~~~~~^~~
[INFO] [stderr] warning: src/openssl_shim.c: In function 'DH_new_from_params':
[INFO] [stderr] warning: src/openssl_shim.c:132:7: error: dereferencing pointer to incomplete type 'DH' {aka 'struct dh_st'}
[INFO] [stderr] warning:   132 |     dh->p = p;
[INFO] [stderr] warning:       |       ^~
[INFO] [stderr] warning: src/openssl_shim.c: In function 'X509_get_extensions_shim':
[INFO] [stderr] warning: src/openssl_shim.c:143:13: error: dereferencing pointer to incomplete type 'X509' {aka 'struct x509_st'}
[INFO] [stderr] warning:   143 |     return x->cert_info ? x->cert_info->extensions : NULL;
[INFO] [stderr] warning:       |             ^~
[INFO] [stderr] warning: src/openssl_shim.c:144:1: warning: control reaches end of non-void function [-Wreturn-type]
[INFO] [stderr] warning:   144 | }
[INFO] [stderr] warning:       | ^
[INFO] [stderr] 
[INFO] [stderr] error: build failed
[INFO] running `Command { std: "docker" "inspect" "dc31c8f0ba74a61a9342e4fd9e4b53718463051f61efe09fe3ecdba2be7d3834", kill_on_drop: false }`
[INFO] running `Command { std: "docker" "rm" "-f" "dc31c8f0ba74a61a9342e4fd9e4b53718463051f61efe09fe3ecdba2be7d3834", kill_on_drop: false }`
[INFO] [stdout] dc31c8f0ba74a61a9342e4fd9e4b53718463051f61efe09fe3ecdba2be7d3834
