[INFO] cloning repository https://github.com/knutwalker/danger-noodle
[INFO] running `Command { std: "git" "-c" "credential.helper=" "-c" "credential.helper=/workspace/cargo-home/bin/git-credential-null" "clone" "--bare" "https://github.com/knutwalker/danger-noodle" "/workspace/cache/git-repos/https%3A%2F%2Fgithub.com%2Fknutwalker%2Fdanger-noodle", kill_on_drop: false }`
[INFO] [stderr] Cloning into bare repository '/workspace/cache/git-repos/https%3A%2F%2Fgithub.com%2Fknutwalker%2Fdanger-noodle'...
[INFO] running `Command { std: "git" "rev-parse" "HEAD", kill_on_drop: false }`
[INFO] [stdout] 242819d7f1486d1eba1f354cff5cc7aa5c9cd638
[INFO] testing knutwalker/danger-noodle against 1.54.0 for beta-1.55-1
[INFO] running `Command { std: "git" "clone" "/workspace/cache/git-repos/https%3A%2F%2Fgithub.com%2Fknutwalker%2Fdanger-noodle" "/workspace/builds/worker-92/source", kill_on_drop: false }`
[INFO] [stderr] Cloning into '/workspace/builds/worker-92/source'...
[INFO] [stderr] done.
[INFO] validating manifest of git repo https://github.com/knutwalker/danger-noodle on toolchain 1.54.0
[INFO] running `Command { std: "/workspace/cargo-home/bin/cargo" "+1.54.0" "metadata" "--manifest-path" "Cargo.toml" "--no-deps", kill_on_drop: false }`
[INFO] started tweaking git repo https://github.com/knutwalker/danger-noodle
[INFO] finished tweaking git repo https://github.com/knutwalker/danger-noodle
[INFO] tweaked toml for git repo https://github.com/knutwalker/danger-noodle written to /workspace/builds/worker-92/source/Cargo.toml
[INFO] crate git repo https://github.com/knutwalker/danger-noodle already has a lockfile, it will not be regenerated
[INFO] running `Command { std: "/workspace/cargo-home/bin/cargo" "+1.54.0" "fetch" "--manifest-path" "Cargo.toml", kill_on_drop: false }`
[INFO] [stderr]     Blocking waiting for file lock on package cache
[INFO] [stderr]     Blocking waiting for file lock on package cache
[INFO] [stderr]  Downloading crates ...
[INFO] [stderr]   Downloaded num-rational v0.3.1
[INFO] [stderr]   Downloaded notify v5.0.0-pre.4
[INFO] [stderr]   Downloaded shaderc v0.7.0
[INFO] [stderr]   Downloaded spirv-std-macros v0.4.0-alpha.3
[INFO] [stderr]   Downloaded ab_glyph v0.2.6
[INFO] [stderr]   Downloaded find-crate v0.6.2
[INFO] [stderr]   Downloaded spirv-std v0.4.0-alpha.3
[INFO] [stderr]   Downloaded shaderc-sys v0.7.0
[INFO] [stderr]   Downloaded bevy-glsl-to-spirv v0.2.0
[INFO] running `Command { std: "docker" "create" "-v" "/var/lib/crater-agent-workspace/builds/worker-92/target:/opt/rustwide/target:rw,Z" "-v" "/var/lib/crater-agent-workspace/builds/worker-92/source:/opt/rustwide/workdir:ro,Z" "-v" "/var/lib/crater-agent-workspace/cargo-home:/opt/rustwide/cargo-home:ro,Z" "-v" "/var/lib/crater-agent-workspace/rustup-home:/opt/rustwide/rustup-home:ro,Z" "-e" "SOURCE_DIR=/opt/rustwide/workdir" "-e" "CARGO_TARGET_DIR=/opt/rustwide/target" "-e" "CARGO_HOME=/opt/rustwide/cargo-home" "-e" "RUSTUP_HOME=/opt/rustwide/rustup-home" "-w" "/opt/rustwide/workdir" "-m" "1610612736" "--user" "0:0" "--network" "none" "ghcr.io/rust-lang/crates-build-env/linux@sha256:34b6a614d2c27851fe6cbf88fbd1137609cefab8b10d0615aaeb6fd47975d74e" "/opt/rustwide/cargo-home/bin/cargo" "+1.54.0" "metadata" "--no-deps" "--format-version=1", kill_on_drop: false }`
[INFO] [stdout] 5f2be4110e6af770f90b1b2f80d722deda2b130e044a851301ec380209e4be9d
[INFO] running `Command { std: "docker" "start" "-a" "5f2be4110e6af770f90b1b2f80d722deda2b130e044a851301ec380209e4be9d", kill_on_drop: false }`
[INFO] running `Command { std: "docker" "inspect" "5f2be4110e6af770f90b1b2f80d722deda2b130e044a851301ec380209e4be9d", kill_on_drop: false }`
[INFO] running `Command { std: "docker" "rm" "-f" "5f2be4110e6af770f90b1b2f80d722deda2b130e044a851301ec380209e4be9d", kill_on_drop: false }`
[INFO] [stdout] 5f2be4110e6af770f90b1b2f80d722deda2b130e044a851301ec380209e4be9d
[INFO] running `Command { std: "docker" "create" "-v" "/var/lib/crater-agent-workspace/builds/worker-92/target:/opt/rustwide/target:rw,Z" "-v" "/var/lib/crater-agent-workspace/builds/worker-92/source:/opt/rustwide/workdir:ro,Z" "-v" "/var/lib/crater-agent-workspace/cargo-home:/opt/rustwide/cargo-home:ro,Z" "-v" "/var/lib/crater-agent-workspace/rustup-home:/opt/rustwide/rustup-home:ro,Z" "-e" "SOURCE_DIR=/opt/rustwide/workdir" "-e" "CARGO_TARGET_DIR=/opt/rustwide/target" "-e" "CARGO_INCREMENTAL=0" "-e" "RUST_BACKTRACE=full" "-e" "RUSTFLAGS=--cap-lints=warn" "-e" "CARGO_HOME=/opt/rustwide/cargo-home" "-e" "RUSTUP_HOME=/opt/rustwide/rustup-home" "-w" "/opt/rustwide/workdir" "-m" "1610612736" "--user" "0:0" "--network" "none" "ghcr.io/rust-lang/crates-build-env/linux@sha256:34b6a614d2c27851fe6cbf88fbd1137609cefab8b10d0615aaeb6fd47975d74e" "/opt/rustwide/cargo-home/bin/cargo" "+1.54.0" "build" "--frozen" "--message-format=json", kill_on_drop: false }`
[INFO] [stdout] c3ba867ccc677003a5e3a3d105232353008b261fd7245a07d0e55c7fe816637a
[INFO] running `Command { std: "docker" "start" "-a" "c3ba867ccc677003a5e3a3d105232353008b261fd7245a07d0e55c7fe816637a", kill_on_drop: false }`
[INFO] [stderr]    Compiling libc v0.2.80
[INFO] [stderr]    Compiling syn v1.0.65
[INFO] [stderr]    Compiling serde_derive v1.0.117
[INFO] [stderr]    Compiling serde v1.0.117
[INFO] [stderr]    Compiling libm v0.2.1
[INFO] [stderr]    Compiling byteorder v1.3.4
[INFO] [stderr]    Compiling log v0.4.11
[INFO] [stderr]    Compiling getrandom v0.1.15
[INFO] [stderr]    Compiling getrandom v0.2.0
[INFO] [stderr]    Compiling once_cell v1.7.2
[INFO] [stderr]    Compiling cache-padded v1.1.1
[INFO] [stderr]    Compiling futures-core v0.3.7
[INFO] [stderr]    Compiling parking v2.0.0
[INFO] [stderr]    Compiling waker-fn v1.1.0
[INFO] [stderr]    Compiling futures-io v0.3.7
[INFO] [stderr]    Compiling fastrand v1.4.0
[INFO] [stderr]    Compiling async-task v4.0.3
[INFO] [stderr]    Compiling event-listener v2.5.1
[INFO] [stderr]    Compiling downcast-rs v1.2.0
[INFO] [stderr]    Compiling vec-arena v1.0.0
[INFO] [stderr]    Compiling Inflector v0.11.4
[INFO] [stderr]    Compiling fixedbitset v0.4.0
[INFO] [stderr]    Compiling regex-syntax v0.6.21
[INFO] [stderr]    Compiling serde_json v1.0.59
[INFO] [stderr]    Compiling itoa v0.4.6
[INFO] [stderr]    Compiling ahash v0.4.7
[INFO] [stderr]    Compiling maybe-uninit v2.0.0
[INFO] [stderr]    Compiling ansi_term v0.12.1
[INFO] [stderr]    Compiling same-file v1.0.6
[INFO] [stderr]    Compiling bit-vec v0.6.2
[INFO] [stderr]    Compiling anyhow v1.0.34
[INFO] [stderr]    Compiling lazycell v1.3.0
[INFO] [stderr]    Compiling fixedbitset v0.2.0
[INFO] [stderr]    Compiling anymap v0.12.1
[INFO] [stderr]    Compiling bevy-glsl-to-spirv v0.2.0
[INFO] [stderr]    Compiling bytemuck v1.4.1
[INFO] [stderr]    Compiling color_quant v1.1.0
[INFO] [stderr]    Compiling khronos-egl v3.0.2
[INFO] [stderr]    Compiling cfg_aliases v0.1.1
[INFO] [stderr]    Compiling ttf-parser v0.8.2
[INFO] [stderr]    Compiling arrayvec v0.5.2
[INFO] [stderr]    Compiling inplace_it v0.3.3
[INFO] [stderr]    Compiling libm v0.1.4
[INFO] [stderr]    Compiling glow v0.7.2
[INFO] [stderr]    Compiling svg_fmt v0.4.1
[INFO] [stderr]    Compiling ab_glyph_rasterizer v0.1.4
[INFO] [stderr]    Compiling rectangle-pack v0.3.0
[INFO] [stderr]    Compiling xi-unicode v0.3.0
[INFO] [stderr]    Compiling num-traits v0.2.14
[INFO] [stderr]    Compiling tracing-core v0.1.17
[INFO] [stderr]    Compiling instant v0.1.8
[INFO] [stderr]    Compiling lock_api v0.4.1
[INFO] [stderr]    Compiling ahash v0.7.2
[INFO] [stderr]    Compiling num-integer v0.1.44
[INFO] [stderr]    Compiling thread_local v1.0.1
[INFO] [stderr]    Compiling sharded-slab v0.1.0
[INFO] [stderr]    Compiling crossbeam-utils v0.7.2
[INFO] [stderr]    Compiling indexmap v1.6.2
[INFO] [stderr]    Compiling crossbeam-utils v0.8.3
[INFO] [stderr]    Compiling num-iter v0.1.42
[INFO] [stderr]    Compiling num-rational v0.3.1
[INFO] [stderr]    Compiling libloading v0.6.5
[INFO] [stderr]    Compiling gpu-descriptor-types v0.1.1
[INFO] [stderr]    Compiling gpu-alloc-types v0.2.0
[INFO] [stderr]    Compiling wgpu-types v0.7.0
[INFO] [stderr]    Compiling wgpu-core v0.7.1
[INFO] [stderr]    Compiling concurrent-queue v1.2.2
[INFO] [stderr]    Compiling hashbrown v0.9.1
[INFO] [stderr]    Compiling walkdir v2.3.1
[INFO] [stderr]    Compiling futures-lite v1.11.2
[INFO] [stderr]    Compiling async-channel v1.5.1
[INFO] [stderr]    Compiling bit-set v0.5.2
[INFO] [stderr]    Compiling ash v0.31.0
[INFO] [stderr]    Compiling owned_ttf_parser v0.8.0
[INFO] [stderr]    Compiling tracing-log v0.1.1
[INFO] [stderr]    Compiling ab_glyph v0.2.6
[INFO] [stderr]    Compiling fxhash v0.2.1
[INFO] [stderr]    Compiling async-executor v1.3.0
[INFO] [stderr]    Compiling petgraph v0.5.1
[INFO] [stderr]    Compiling num_cpus v1.13.0
[INFO] [stderr]    Compiling jobserver v0.1.21
[INFO] [stderr]    Compiling time v0.1.44
[INFO] [stderr]    Compiling net2 v0.2.35
[INFO] [stderr]    Compiling iovec v0.1.4
[INFO] [stderr]    Compiling inotify-sys v0.1.3
[INFO] [stderr]    Compiling raw-window-handle v0.3.3
[INFO] [stderr]    Compiling filetime v0.2.13
[INFO] [stderr]    Compiling stretch v0.3.2
[INFO] [stderr]    Compiling rand_core v0.5.1
[INFO] [stderr]    Compiling regex-automata v0.1.9
[INFO] [stderr]    Compiling regex v1.4.2
[INFO] [stderr]    Compiling bevy_tasks v0.5.0
[INFO] [stderr]    Compiling crossbeam-channel v0.5.0
[INFO] [stderr]    Compiling rand_core v0.6.2
[INFO] [stderr]    Compiling winit v0.24.0
[INFO] [stderr]    Compiling crossbeam-channel v0.4.4
[INFO] [stderr]    Compiling cc v1.0.61
[INFO] [stderr]    Compiling inotify v0.8.3
[INFO] [stdout] error: Please select a feature to build for unix: `x11`, `wayland`
[INFO] [stdout]   --> /opt/rustwide/cargo-home/registry/src/github.com-1ecc6299db9ec823/winit-0.24.0/src/platform_impl/linux/mod.rs:10:1
[INFO] [stdout]    |
[INFO] [stdout] 10 | compile_error!("Please select a feature to build for unix: `x11`, `wayland`");
[INFO] [stdout]    | ^^^^^^^^^^^^^^^^^^^^^^^^^^^^^^^^^^^^^^^^^^^^^^^^^^^^^^^^^^^^^^^^^^^^^^^^^^^^^^
[INFO] [stdout] 
[INFO] [stdout] 
[INFO] [stderr]    Compiling mio v0.6.22
[INFO] [stderr]    Compiling spirv_headers v1.5.0
[INFO] [stderr]    Compiling euclid v0.22.1
[INFO] [stderr]    Compiling approx v0.4.0
[INFO] [stderr]    Compiling rand_chacha v0.2.2
[INFO] [stdout] error[E0392]: parameter `T` is never used
[INFO] [stdout]   --> /opt/rustwide/cargo-home/registry/src/github.com-1ecc6299db9ec823/winit-0.24.0/src/event_loop.rs:32:22
[INFO] [stdout]    |
[INFO] [stdout] 32 | pub struct EventLoop<T: 'static> {
[INFO] [stdout]    |                      ^ unused parameter
[INFO] [stdout]    |
[INFO] [stdout]    = help: consider removing `T`, referring to it in a field, or using a marker such as `PhantomData`
[INFO] [stdout]    = help: if you intended `T` to be a const parameter, use `const T: usize` instead
[INFO] [stdout] 
[INFO] [stdout] 
[INFO] [stdout] error[E0392]: parameter `T` is never used
[INFO] [stdout]   --> /opt/rustwide/cargo-home/registry/src/github.com-1ecc6299db9ec823/winit-0.24.0/src/event_loop.rs:43:34
[INFO] [stdout]    |
[INFO] [stdout] 43 | pub struct EventLoopWindowTarget<T: 'static> {
[INFO] [stdout]    |                                  ^ unused parameter
[INFO] [stdout]    |
[INFO] [stdout]    = help: consider removing `T`, referring to it in a field, or using a marker such as `PhantomData`
[INFO] [stdout]    = help: if you intended `T` to be a const parameter, use `const T: usize` instead
[INFO] [stdout] 
[INFO] [stdout] 
[INFO] [stdout] error[E0392]: parameter `T` is never used
[INFO] [stdout]    --> /opt/rustwide/cargo-home/registry/src/github.com-1ecc6299db9ec823/winit-0.24.0/src/event_loop.rs:196:27
[INFO] [stdout]     |
[INFO] [stdout] 196 | pub struct EventLoopProxy<T: 'static> {
[INFO] [stdout]     |                           ^ unused parameter
[INFO] [stdout]     |
[INFO] [stdout]     = help: consider removing `T`, referring to it in a field, or using a marker such as `PhantomData`
[INFO] [stdout]     = help: if you intended `T` to be a const parameter, use `const T: usize` instead
[INFO] [stdout] 
[INFO] [stdout] 
[INFO] [stdout] error[E0392]: parameter `T` is never used
[INFO] [stdout]    --> /opt/rustwide/cargo-home/registry/src/github.com-1ecc6299db9ec823/winit-0.24.0/src/platform_impl/linux/mod.rs:532:20
[INFO] [stdout]     |
[INFO] [stdout] 532 | pub enum EventLoop<T: 'static> {
[INFO] [stdout]     |                    ^ unused parameter
[INFO] [stdout]     |
[INFO] [stdout]     = help: consider removing `T`, referring to it in a field, or using a marker such as `PhantomData`
[INFO] [stdout]     = help: if you intended `T` to be a const parameter, use `const T: usize` instead
[INFO] [stdout] 
[INFO] [stdout] 
[INFO] [stdout] error[E0392]: parameter `T` is never used
[INFO] [stdout]    --> /opt/rustwide/cargo-home/registry/src/github.com-1ecc6299db9ec823/winit-0.24.0/src/platform_impl/linux/mod.rs:539:25
[INFO] [stdout]     |
[INFO] [stdout] 539 | pub enum EventLoopProxy<T: 'static> {
[INFO] [stdout]     |                         ^ unused parameter
[INFO] [stdout]     |
[INFO] [stdout]     = help: consider removing `T`, referring to it in a field, or using a marker such as `PhantomData`
[INFO] [stdout]     = help: if you intended `T` to be a const parameter, use `const T: usize` instead
[INFO] [stdout] 
[INFO] [stdout] 
[INFO] [stdout] error[E0392]: parameter `T` is never used
[INFO] [stdout]    --> /opt/rustwide/cargo-home/registry/src/github.com-1ecc6299db9ec823/winit-0.24.0/src/platform_impl/linux/mod.rs:666:32
[INFO] [stdout]     |
[INFO] [stdout] 666 | pub enum EventLoopWindowTarget<T> {
[INFO] [stdout]     |                                ^ unused parameter
[INFO] [stdout]     |
[INFO] [stdout]     = help: consider removing `T`, referring to it in a field, or using a marker such as `PhantomData`
[INFO] [stdout]     = help: if you intended `T` to be a const parameter, use `const T: usize` instead
[INFO] [stdout] 
[INFO] [stdout] 
[INFO] [stdout] error: aborting due to 7 previous errors
[INFO] [stdout] 
[INFO] [stdout] 
[INFO] [stderr] error: could not compile `winit`
[INFO] [stdout] For more information about this error, try `rustc --explain E0392`.
[INFO] [stdout] 
[INFO] [stderr] 
[INFO] [stderr] To learn more, run the command again with --verbose.
[INFO] [stderr] warning: build failed, waiting for other jobs to finish...
[INFO] [stderr] error: build failed
[INFO] running `Command { std: "docker" "inspect" "c3ba867ccc677003a5e3a3d105232353008b261fd7245a07d0e55c7fe816637a", kill_on_drop: false }`
[INFO] running `Command { std: "docker" "rm" "-f" "c3ba867ccc677003a5e3a3d105232353008b261fd7245a07d0e55c7fe816637a", kill_on_drop: false }`
[INFO] [stdout] c3ba867ccc677003a5e3a3d105232353008b261fd7245a07d0e55c7fe816637a
