[INFO] cloning repository https://github.com/kerrickstaley/hsk_flashcards
[INFO] running `Command { std: "git" "-c" "credential.helper=" "-c" "credential.helper=/workspace/cargo-home/bin/git-credential-null" "clone" "--bare" "https://github.com/kerrickstaley/hsk_flashcards" "/workspace/cache/git-repos/https%3A%2F%2Fgithub.com%2Fkerrickstaley%2Fhsk_flashcards", kill_on_drop: false }`
[INFO] [stderr] Cloning into bare repository '/workspace/cache/git-repos/https%3A%2F%2Fgithub.com%2Fkerrickstaley%2Fhsk_flashcards'...
[INFO] running `Command { std: "git" "rev-parse" "HEAD", kill_on_drop: false }`
[INFO] [stdout] 980cb2d89fadb6670cade0c3517a0faabfdcdc72
[INFO] testing kerrickstaley/hsk_flashcards against beta-2021-08-01 for beta-1.55-1
[INFO] running `Command { std: "git" "clone" "/workspace/cache/git-repos/https%3A%2F%2Fgithub.com%2Fkerrickstaley%2Fhsk_flashcards" "/workspace/builds/worker-92/source", kill_on_drop: false }`
[INFO] [stderr] Cloning into '/workspace/builds/worker-92/source'...
[INFO] [stderr] done.
[INFO] validating manifest of git repo https://github.com/kerrickstaley/hsk_flashcards on toolchain beta-2021-08-01
[INFO] running `Command { std: "/workspace/cargo-home/bin/cargo" "+beta-2021-08-01" "metadata" "--manifest-path" "Cargo.toml" "--no-deps", kill_on_drop: false }`
[INFO] started tweaking git repo https://github.com/kerrickstaley/hsk_flashcards
[INFO] finished tweaking git repo https://github.com/kerrickstaley/hsk_flashcards
[INFO] tweaked toml for git repo https://github.com/kerrickstaley/hsk_flashcards written to /workspace/builds/worker-92/source/Cargo.toml
[INFO] crate git repo https://github.com/kerrickstaley/hsk_flashcards already has a lockfile, it will not be regenerated
[INFO] running `Command { std: "/workspace/cargo-home/bin/cargo" "+beta-2021-08-01" "fetch" "--manifest-path" "Cargo.toml", kill_on_drop: false }`
[INFO] [stderr]     Blocking waiting for file lock on package cache
[INFO] running `Command { std: "docker" "create" "-v" "/var/lib/crater-agent-workspace/builds/worker-92/target:/opt/rustwide/target:rw,Z" "-v" "/var/lib/crater-agent-workspace/builds/worker-92/source:/opt/rustwide/workdir:ro,Z" "-v" "/var/lib/crater-agent-workspace/cargo-home:/opt/rustwide/cargo-home:ro,Z" "-v" "/var/lib/crater-agent-workspace/rustup-home:/opt/rustwide/rustup-home:ro,Z" "-e" "SOURCE_DIR=/opt/rustwide/workdir" "-e" "CARGO_TARGET_DIR=/opt/rustwide/target" "-e" "CARGO_HOME=/opt/rustwide/cargo-home" "-e" "RUSTUP_HOME=/opt/rustwide/rustup-home" "-w" "/opt/rustwide/workdir" "-m" "1610612736" "--user" "0:0" "--network" "none" "ghcr.io/rust-lang/crates-build-env/linux@sha256:34b6a614d2c27851fe6cbf88fbd1137609cefab8b10d0615aaeb6fd47975d74e" "/opt/rustwide/cargo-home/bin/cargo" "+beta-2021-08-01" "metadata" "--no-deps" "--format-version=1", kill_on_drop: false }`
[INFO] [stdout] b80cb8218ce5f745a5e53b43ff322e7d1fd5c7c97720c499f346f641e0088cd9
[INFO] running `Command { std: "docker" "start" "-a" "b80cb8218ce5f745a5e53b43ff322e7d1fd5c7c97720c499f346f641e0088cd9", kill_on_drop: false }`
[INFO] running `Command { std: "docker" "inspect" "b80cb8218ce5f745a5e53b43ff322e7d1fd5c7c97720c499f346f641e0088cd9", kill_on_drop: false }`
[INFO] running `Command { std: "docker" "rm" "-f" "b80cb8218ce5f745a5e53b43ff322e7d1fd5c7c97720c499f346f641e0088cd9", kill_on_drop: false }`
[INFO] [stdout] b80cb8218ce5f745a5e53b43ff322e7d1fd5c7c97720c499f346f641e0088cd9
[INFO] running `Command { std: "docker" "create" "-v" "/var/lib/crater-agent-workspace/builds/worker-92/target:/opt/rustwide/target:rw,Z" "-v" "/var/lib/crater-agent-workspace/builds/worker-92/source:/opt/rustwide/workdir:ro,Z" "-v" "/var/lib/crater-agent-workspace/cargo-home:/opt/rustwide/cargo-home:ro,Z" "-v" "/var/lib/crater-agent-workspace/rustup-home:/opt/rustwide/rustup-home:ro,Z" "-e" "SOURCE_DIR=/opt/rustwide/workdir" "-e" "CARGO_TARGET_DIR=/opt/rustwide/target" "-e" "CARGO_INCREMENTAL=0" "-e" "RUST_BACKTRACE=full" "-e" "RUSTFLAGS=--cap-lints=warn" "-e" "CARGO_HOME=/opt/rustwide/cargo-home" "-e" "RUSTUP_HOME=/opt/rustwide/rustup-home" "-w" "/opt/rustwide/workdir" "-m" "1610612736" "--user" "0:0" "--network" "none" "ghcr.io/rust-lang/crates-build-env/linux@sha256:34b6a614d2c27851fe6cbf88fbd1137609cefab8b10d0615aaeb6fd47975d74e" "/opt/rustwide/cargo-home/bin/cargo" "+beta-2021-08-01" "build" "--frozen" "--message-format=json", kill_on_drop: false }`
[INFO] [stdout] cbcaf3273a51be1e4fa7b95ccde6dcd538df540b3eaf0d53e4509b16f785c96d
[INFO] running `Command { std: "docker" "start" "-a" "cbcaf3273a51be1e4fa7b95ccde6dcd538df540b3eaf0d53e4509b16f785c96d", kill_on_drop: false }`
[INFO] [stderr]     Blocking waiting for file lock on package cache
[INFO] [stderr]    Compiling libc v0.1.8
[INFO] [stderr]    Compiling gcc v0.3.8
[INFO] [stderr]    Compiling pkg-config v0.3.5
[INFO] [stderr]    Compiling regex-syntax v0.1.2
[INFO] [stderr]    Compiling yaml v0.2.0
[INFO] [stderr]    Compiling rustc-serialize v0.3.15
[INFO] [stderr]    Compiling rusqlite v0.0.17
[INFO] [stderr]    Compiling bitflags v0.1.1
[INFO] [stderr]    Compiling byteorder v0.3.11
[INFO] [stdout] error[E0432]: unresolved import `std::fs::PathExt`
[INFO] [stdout]  --> /opt/rustwide/cargo-home/registry/src/github.com-1ecc6299db9ec823/yaml-0.2.0/build.rs:3:21
[INFO] [stdout]   |
[INFO] [stdout] 3 | use std::fs::{File, PathExt};
[INFO] [stdout]   |                     ^^^^^^^ no `PathExt` in `fs`
[INFO] [stdout] 
[INFO] [stdout] 
[INFO] [stdout] error[E0554]: `#![feature]` may not be used on the beta release channel
[INFO] [stdout]  --> /opt/rustwide/cargo-home/registry/src/github.com-1ecc6299db9ec823/yaml-0.2.0/build.rs:1:1
[INFO] [stdout]   |
[INFO] [stdout] 1 | #![feature(path_ext)]
[INFO] [stdout]   | ^^^^^^^^^^^^^^^^^^^^^
[INFO] [stdout] 
[INFO] [stdout] 
[INFO] [stdout] error: aborting due to 2 previous errors
[INFO] [stdout] 
[INFO] [stdout] 
[INFO] [stdout] Some errors have detailed explanations: E0432, E0554.
[INFO] [stdout] 
[INFO] [stdout] For more information about an error, try `rustc --explain E0432`.
[INFO] [stdout] 
[INFO] [stderr] error: could not compile `yaml` due to 3 previous errors
[INFO] [stderr] warning: build failed, waiting for other jobs to finish...
[INFO] [stdout] error[E0463]: can't find crate for `pkg_config`
[INFO] [stdout]  --> /opt/rustwide/cargo-home/registry/src/github.com-1ecc6299db9ec823/rusqlite-0.0.17/build.rs:1:1
[INFO] [stdout]   |
[INFO] [stdout] 1 | extern crate pkg_config;
[INFO] [stdout]   | ^^^^^^^^^^^^^^^^^^^^^^^^ can't find crate
[INFO] [stdout] 
[INFO] [stdout] 
[INFO] [stdout] error: aborting due to previous error
[INFO] [stdout] 
[INFO] [stdout] 
[INFO] [stdout] For more information about this error, try `rustc --explain E0463`.
[INFO] [stdout] 
[INFO] [stdout] error[E0642]: patterns aren't allowed in functions without bodies
[INFO] [stdout]    --> /opt/rustwide/cargo-home/registry/src/github.com-1ecc6299db9ec823/rustc-serialize-0.3.15/src/serialize.rs:145:45
[INFO] [stdout]     |
[INFO] [stdout] 145 | ...                   &f_name: &str,
[INFO] [stdout]     |                       ^^^^^^^ pattern not allowed in function without body
[INFO] [stdout] 
[INFO] [stdout] 
[INFO] [stdout] error[E0277]: the size for values of type `Self` cannot be known at compilation time
[INFO] [stdout]    --> /opt/rustwide/cargo-home/registry/src/github.com-1ecc6299db9ec823/rustc-serialize-0.3.15/src/serialize.rs:201:41
[INFO] [stdout]     |
[INFO] [stdout] 201 |     fn decode<D: Decoder>(d: &mut D) -> Result<Self, D::Error>;
[INFO] [stdout]     |                                         ^^^^^^^^^^^^^^^^^^^^^^ doesn't have a size known at compile-time
[INFO] [stdout]     |
[INFO] [stdout] help: consider further restricting `Self`
[INFO] [stdout]     |
[INFO] [stdout] 201 |     fn decode<D: Decoder>(d: &mut D) -> Result<Self, D::Error> where Self: Sized;
[INFO] [stdout]     |                                                                ^^^^^^^^^^^^^^^^^
[INFO] [stdout] 
[INFO] [stdout] 
[INFO] [stdout] error: aborting due to 2 previous errors
[INFO] [stdout] 
[INFO] [stdout] 
[INFO] [stdout] Some errors have detailed explanations: E0277, E0642.
[INFO] [stdout] 
[INFO] [stdout] For more information about an error, try `rustc --explain E0277`.
[INFO] [stdout] 
[INFO] [stderr] error: build failed
[INFO] running `Command { std: "docker" "inspect" "cbcaf3273a51be1e4fa7b95ccde6dcd538df540b3eaf0d53e4509b16f785c96d", kill_on_drop: false }`
[INFO] running `Command { std: "docker" "rm" "-f" "cbcaf3273a51be1e4fa7b95ccde6dcd538df540b3eaf0d53e4509b16f785c96d", kill_on_drop: false }`
[INFO] [stdout] cbcaf3273a51be1e4fa7b95ccde6dcd538df540b3eaf0d53e4509b16f785c96d
