[INFO] cloning repository https://github.com/kdar/vsswrap
[INFO] running `Command { std: "git" "-c" "credential.helper=" "-c" "credential.helper=/workspace/cargo-home/bin/git-credential-null" "clone" "--bare" "https://github.com/kdar/vsswrap" "/workspace/cache/git-repos/https%3A%2F%2Fgithub.com%2Fkdar%2Fvsswrap", kill_on_drop: false }`
[INFO] [stderr] Cloning into bare repository '/workspace/cache/git-repos/https%3A%2F%2Fgithub.com%2Fkdar%2Fvsswrap'...
[INFO] running `Command { std: "git" "rev-parse" "HEAD", kill_on_drop: false }`
[INFO] [stdout] a1ceb2db6564b8fb2c4e27838724d00a0b6d5285
[INFO] testing kdar/vsswrap against beta-2021-08-01 for beta-1.55-1
[INFO] running `Command { std: "git" "clone" "/workspace/cache/git-repos/https%3A%2F%2Fgithub.com%2Fkdar%2Fvsswrap" "/workspace/builds/worker-84/source", kill_on_drop: false }`
[INFO] [stderr] Cloning into '/workspace/builds/worker-84/source'...
[INFO] [stderr] done.
[INFO] validating manifest of git repo https://github.com/kdar/vsswrap on toolchain beta-2021-08-01
[INFO] running `Command { std: "/workspace/cargo-home/bin/cargo" "+beta-2021-08-01" "metadata" "--manifest-path" "Cargo.toml" "--no-deps", kill_on_drop: false }`
[INFO] started tweaking git repo https://github.com/kdar/vsswrap
[INFO] finished tweaking git repo https://github.com/kdar/vsswrap
[INFO] tweaked toml for git repo https://github.com/kdar/vsswrap written to /workspace/builds/worker-84/source/Cargo.toml
[INFO] crate git repo https://github.com/kdar/vsswrap already has a lockfile, it will not be regenerated
[INFO] running `Command { std: "/workspace/cargo-home/bin/cargo" "+beta-2021-08-01" "fetch" "--manifest-path" "Cargo.toml", kill_on_drop: false }`
[INFO] [stderr]     Blocking waiting for file lock on package cache
[INFO] [stderr]     Blocking waiting for file lock on package cache
[INFO] [stderr]  Downloading crates ...
[INFO] [stderr]   Downloaded simplelog v0.4.2
[INFO] running `Command { std: "docker" "create" "-v" "/var/lib/crater-agent-workspace/builds/worker-84/target:/opt/rustwide/target:rw,Z" "-v" "/var/lib/crater-agent-workspace/builds/worker-84/source:/opt/rustwide/workdir:ro,Z" "-v" "/var/lib/crater-agent-workspace/cargo-home:/opt/rustwide/cargo-home:ro,Z" "-v" "/var/lib/crater-agent-workspace/rustup-home:/opt/rustwide/rustup-home:ro,Z" "-e" "SOURCE_DIR=/opt/rustwide/workdir" "-e" "CARGO_TARGET_DIR=/opt/rustwide/target" "-e" "CARGO_HOME=/opt/rustwide/cargo-home" "-e" "RUSTUP_HOME=/opt/rustwide/rustup-home" "-w" "/opt/rustwide/workdir" "-m" "1610612736" "--user" "0:0" "--network" "none" "ghcr.io/rust-lang/crates-build-env/linux@sha256:34b6a614d2c27851fe6cbf88fbd1137609cefab8b10d0615aaeb6fd47975d74e" "/opt/rustwide/cargo-home/bin/cargo" "+beta-2021-08-01" "metadata" "--no-deps" "--format-version=1", kill_on_drop: false }`
[INFO] [stdout] f92b9792025ba6562a01c17988a634f2b0ec15eb457bbc5e4aac2eb30819a7ee
[INFO] running `Command { std: "docker" "start" "-a" "f92b9792025ba6562a01c17988a634f2b0ec15eb457bbc5e4aac2eb30819a7ee", kill_on_drop: false }`
[INFO] running `Command { std: "docker" "inspect" "f92b9792025ba6562a01c17988a634f2b0ec15eb457bbc5e4aac2eb30819a7ee", kill_on_drop: false }`
[INFO] running `Command { std: "docker" "rm" "-f" "f92b9792025ba6562a01c17988a634f2b0ec15eb457bbc5e4aac2eb30819a7ee", kill_on_drop: false }`
[INFO] [stdout] f92b9792025ba6562a01c17988a634f2b0ec15eb457bbc5e4aac2eb30819a7ee
[INFO] running `Command { std: "docker" "create" "-v" "/var/lib/crater-agent-workspace/builds/worker-84/target:/opt/rustwide/target:rw,Z" "-v" "/var/lib/crater-agent-workspace/builds/worker-84/source:/opt/rustwide/workdir:ro,Z" "-v" "/var/lib/crater-agent-workspace/cargo-home:/opt/rustwide/cargo-home:ro,Z" "-v" "/var/lib/crater-agent-workspace/rustup-home:/opt/rustwide/rustup-home:ro,Z" "-e" "SOURCE_DIR=/opt/rustwide/workdir" "-e" "CARGO_TARGET_DIR=/opt/rustwide/target" "-e" "CARGO_INCREMENTAL=0" "-e" "RUST_BACKTRACE=full" "-e" "RUSTFLAGS=--cap-lints=warn" "-e" "CARGO_HOME=/opt/rustwide/cargo-home" "-e" "RUSTUP_HOME=/opt/rustwide/rustup-home" "-w" "/opt/rustwide/workdir" "-m" "1610612736" "--user" "0:0" "--network" "none" "ghcr.io/rust-lang/crates-build-env/linux@sha256:34b6a614d2c27851fe6cbf88fbd1137609cefab8b10d0615aaeb6fd47975d74e" "/opt/rustwide/cargo-home/bin/cargo" "+beta-2021-08-01" "build" "--frozen" "--message-format=json", kill_on_drop: false }`
[INFO] [stdout] b3dadd4ae1732bf9778e35d6aca8c91397559ded31fe2b13de0de4beeb77852b
[INFO] running `Command { std: "docker" "start" "-a" "b3dadd4ae1732bf9778e35d6aca8c91397559ded31fe2b13de0de4beeb77852b", kill_on_drop: false }`
[INFO] [stderr]    Compiling libc v0.2.24
[INFO] [stderr]    Compiling winapi-build v0.1.1
[INFO] [stderr]    Compiling winapi v0.2.8
[INFO] [stderr]    Compiling unicode-width v0.1.4
[INFO] [stderr]    Compiling kernel32x v0.1.0 (/opt/rustwide/workdir/lib/kernel32x)
[INFO] [stderr]    Compiling term v0.4.6
[INFO] [stderr]    Compiling log v0.3.8
[INFO] [stderr]    Compiling unicode-segmentation v1.1.0
[INFO] [stderr]    Compiling strsim v0.6.0
[INFO] [stderr]    Compiling vec_map v0.8.0
[INFO] [stderr]    Compiling ansi_term v0.9.0
[INFO] [stderr]    Compiling kernel32-sys v0.2.2
[INFO] [stderr]    Compiling term_size v0.3.0
[INFO] [stderr]    Compiling atty v0.2.2
[INFO] [stderr]    Compiling time v0.1.37
[INFO] [stderr]    Compiling textwrap v0.6.0
[INFO] [stderr]    Compiling simplelog v0.4.2
[INFO] [stderr]    Compiling clap v2.25.0
[INFO] [stderr]    Compiling vsswrap v0.1.0 (/opt/rustwide/workdir)
[INFO] [stdout] error[E0433]: failed to resolve: could not find `windows` in `os`
[INFO] [stdout]   --> src/vss.rs:11:14
[INFO] [stdout]    |
[INFO] [stdout] 11 | use std::os::windows::ffi::OsStrExt;
[INFO] [stdout]    |              ^^^^^^^ could not find `windows` in `os`
[INFO] [stdout] 
[INFO] [stdout] 
[INFO] [stdout] error[E0425]: cannot find function, tuple struct or tuple variant `GetLogicalDrives` in crate `kernel32`
[INFO] [stdout]   --> src/vss.rs:54:37
[INFO] [stdout]    |
[INFO] [stdout] 54 |     let drives = unsafe { kernel32::GetLogicalDrives() };
[INFO] [stdout]    |                                     ^^^^^^^^^^^^^^^^ not found in `kernel32`
[INFO] [stdout] 
[INFO] [stdout] 
[INFO] [stdout] error[E0425]: cannot find function, tuple struct or tuple variant `DefineDosDeviceW` in crate `kernel32x`
[INFO] [stdout]    --> src/vss.rs:103:20
[INFO] [stdout]     |
[INFO] [stdout] 103 |         kernel32x::DefineDosDeviceW(0,
[INFO] [stdout]     |                    ^^^^^^^^^^^^^^^^ not found in `kernel32x`
[INFO] [stdout] 
[INFO] [stdout] 
[INFO] [stdout] warning: trait objects without an explicit `dyn` are deprecated
[INFO] [stdout]   --> src/vss.rs:18:77
[INFO] [stdout]    |
[INFO] [stdout] 18 | fn parse_vars<P: AsRef<Path>>(path: P) -> Result<Vec<(String, String)>, Box<Error>> {
[INFO] [stdout]    |                                                                             ^^^^^ help: use `dyn`: `dyn Error`
[INFO] [stdout]    |
[INFO] [stdout]    = note: `#[warn(bare_trait_objects)]` on by default
[INFO] [stdout]    = warning: this is accepted in the current edition (Rust 2015) but is a hard error in Rust 2021!
[INFO] [stdout]    = note: for more information, see issue #80165 <https://github.com/rust-lang/rust/issues/80165>
[INFO] [stdout] 
[INFO] [stdout] 
[INFO] [stdout] warning: use of deprecated macro `try`: use the `?` operator instead
[INFO] [stdout]   --> src/vss.rs:21:14
[INFO] [stdout]    |
[INFO] [stdout] 21 |   let file = try!(File::open(pb));
[INFO] [stdout]    |              ^^^
[INFO] [stdout]    |
[INFO] [stdout]    = note: `#[warn(deprecated)]` on by default
[INFO] [stdout] 
[INFO] [stdout] 
[INFO] [stdout] warning: use of deprecated macro `try`: use the `?` operator instead
[INFO] [stdout]   --> src/vss.rs:23:16
[INFO] [stdout]    |
[INFO] [stdout] 23 |     let line = try!(line);
[INFO] [stdout]    |                ^^^
[INFO] [stdout] 
[INFO] [stdout] 
[INFO] [stdout] error[E0599]: no method named `encode_wide` found for reference `&OsStr` in the current scope
[INFO] [stdout]   --> src/vss.rs:14:37
[INFO] [stdout]    |
[INFO] [stdout] 14 |   let v: Vec<u16> = OsStr::new(str).encode_wide().chain(Some(0).into_iter()).collect();
[INFO] [stdout]    |                                     ^^^^^^^^^^^ method not found in `&OsStr`
[INFO] [stdout] 
[INFO] [stdout] 
[INFO] [stdout] error: aborting due to 4 previous errors; 3 warnings emitted
[INFO] [stdout] 
[INFO] [stdout] 
[INFO] [stdout] Some errors have detailed explanations: E0425, E0433, E0599.
[INFO] [stdout] 
[INFO] [stdout] For more information about an error, try `rustc --explain E0425`.
[INFO] [stdout] 
[INFO] [stderr] error: could not compile `vsswrap` due to 5 previous errors; 3 warnings emitted
[INFO] running `Command { std: "docker" "inspect" "b3dadd4ae1732bf9778e35d6aca8c91397559ded31fe2b13de0de4beeb77852b", kill_on_drop: false }`
[INFO] running `Command { std: "docker" "rm" "-f" "b3dadd4ae1732bf9778e35d6aca8c91397559ded31fe2b13de0de4beeb77852b", kill_on_drop: false }`
[INFO] [stdout] b3dadd4ae1732bf9778e35d6aca8c91397559ded31fe2b13de0de4beeb77852b
