[INFO] cloning repository https://github.com/kdar/drust
[INFO] running `Command { std: "git" "-c" "credential.helper=" "-c" "credential.helper=/workspace/cargo-home/bin/git-credential-null" "clone" "--bare" "https://github.com/kdar/drust" "/workspace/cache/git-repos/https%3A%2F%2Fgithub.com%2Fkdar%2Fdrust", kill_on_drop: false }`
[INFO] [stderr] Cloning into bare repository '/workspace/cache/git-repos/https%3A%2F%2Fgithub.com%2Fkdar%2Fdrust'...
[INFO] running `Command { std: "git" "rev-parse" "HEAD", kill_on_drop: false }`
[INFO] [stdout] d575ef28431d7ba78a2d7aae31a417bf1552951d
[INFO] testing kdar/drust against beta-2021-08-01 for beta-1.55-1
[INFO] running `Command { std: "git" "clone" "/workspace/cache/git-repos/https%3A%2F%2Fgithub.com%2Fkdar%2Fdrust" "/workspace/builds/worker-69/source", kill_on_drop: false }`
[INFO] [stderr] Cloning into '/workspace/builds/worker-69/source'...
[INFO] [stderr] done.
[INFO] validating manifest of git repo https://github.com/kdar/drust on toolchain beta-2021-08-01
[INFO] running `Command { std: "/workspace/cargo-home/bin/cargo" "+beta-2021-08-01" "metadata" "--manifest-path" "Cargo.toml" "--no-deps", kill_on_drop: false }`
[INFO] started tweaking git repo https://github.com/kdar/drust
[INFO] finished tweaking git repo https://github.com/kdar/drust
[INFO] tweaked toml for git repo https://github.com/kdar/drust written to /workspace/builds/worker-69/source/Cargo.toml
[INFO] crate git repo https://github.com/kdar/drust already has a lockfile, it will not be regenerated
[INFO] running `Command { std: "/workspace/cargo-home/bin/cargo" "+beta-2021-08-01" "fetch" "--manifest-path" "Cargo.toml", kill_on_drop: false }`
[INFO] [stderr]  Downloading crates ...
[INFO] [stderr]   Downloaded term_size v0.1.0
[INFO] [stderr]   Downloaded crossbeam v0.2.9
[INFO] [stderr]   Downloaded clap v2.9.2
[INFO] [stderr]   Downloaded syncbox v0.2.4
[INFO] [stderr]   Downloaded hyper v0.9.9
[INFO] [stderr]   Downloaded simplelog v0.1.0
[INFO] [stderr]   Downloaded cue v0.1.0
[INFO] [stderr]   Downloaded pbr v0.2.1
[INFO] running `Command { std: "docker" "create" "-v" "/var/lib/crater-agent-workspace/builds/worker-69/target:/opt/rustwide/target:rw,Z" "-v" "/var/lib/crater-agent-workspace/builds/worker-69/source:/opt/rustwide/workdir:ro,Z" "-v" "/var/lib/crater-agent-workspace/cargo-home:/opt/rustwide/cargo-home:ro,Z" "-v" "/var/lib/crater-agent-workspace/rustup-home:/opt/rustwide/rustup-home:ro,Z" "-e" "SOURCE_DIR=/opt/rustwide/workdir" "-e" "CARGO_TARGET_DIR=/opt/rustwide/target" "-e" "CARGO_HOME=/opt/rustwide/cargo-home" "-e" "RUSTUP_HOME=/opt/rustwide/rustup-home" "-w" "/opt/rustwide/workdir" "-m" "1610612736" "--user" "0:0" "--network" "none" "ghcr.io/rust-lang/crates-build-env/linux@sha256:34b6a614d2c27851fe6cbf88fbd1137609cefab8b10d0615aaeb6fd47975d74e" "/opt/rustwide/cargo-home/bin/cargo" "+beta-2021-08-01" "metadata" "--no-deps" "--format-version=1", kill_on_drop: false }`
[INFO] [stdout] 60c15ef28dc77bb419ae819235d5f1dc2e96706dd0f5ffb8d4a8548700377df0
[INFO] running `Command { std: "docker" "start" "-a" "60c15ef28dc77bb419ae819235d5f1dc2e96706dd0f5ffb8d4a8548700377df0", kill_on_drop: false }`
[INFO] running `Command { std: "docker" "inspect" "60c15ef28dc77bb419ae819235d5f1dc2e96706dd0f5ffb8d4a8548700377df0", kill_on_drop: false }`
[INFO] running `Command { std: "docker" "rm" "-f" "60c15ef28dc77bb419ae819235d5f1dc2e96706dd0f5ffb8d4a8548700377df0", kill_on_drop: false }`
[INFO] [stdout] 60c15ef28dc77bb419ae819235d5f1dc2e96706dd0f5ffb8d4a8548700377df0
[INFO] running `Command { std: "docker" "create" "-v" "/var/lib/crater-agent-workspace/builds/worker-69/target:/opt/rustwide/target:rw,Z" "-v" "/var/lib/crater-agent-workspace/builds/worker-69/source:/opt/rustwide/workdir:ro,Z" "-v" "/var/lib/crater-agent-workspace/cargo-home:/opt/rustwide/cargo-home:ro,Z" "-v" "/var/lib/crater-agent-workspace/rustup-home:/opt/rustwide/rustup-home:ro,Z" "-e" "SOURCE_DIR=/opt/rustwide/workdir" "-e" "CARGO_TARGET_DIR=/opt/rustwide/target" "-e" "CARGO_INCREMENTAL=0" "-e" "RUST_BACKTRACE=full" "-e" "RUSTFLAGS=--cap-lints=warn" "-e" "CARGO_HOME=/opt/rustwide/cargo-home" "-e" "RUSTUP_HOME=/opt/rustwide/rustup-home" "-w" "/opt/rustwide/workdir" "-m" "1610612736" "--user" "0:0" "--network" "none" "ghcr.io/rust-lang/crates-build-env/linux@sha256:34b6a614d2c27851fe6cbf88fbd1137609cefab8b10d0615aaeb6fd47975d74e" "/opt/rustwide/cargo-home/bin/cargo" "+beta-2021-08-01" "build" "--frozen" "--message-format=json", kill_on_drop: false }`
[INFO] [stdout] df505739d13f2f7be5cbd20980cfb113eec6beb7818650602b7cd4dcc825c61b
[INFO] running `Command { std: "docker" "start" "-a" "df505739d13f2f7be5cbd20980cfb113eec6beb7818650602b7cd4dcc825c61b", kill_on_drop: false }`
[INFO] [stderr]     Blocking waiting for file lock on package cache
[INFO] [stderr]     Blocking waiting for file lock on package cache
[INFO] [stderr]    Compiling libc v0.2.13
[INFO] [stderr]    Compiling winapi-build v0.1.1
[INFO] [stderr]    Compiling pkg-config v0.3.8
[INFO] [stderr]    Compiling gcc v0.3.28
[INFO] [stderr]    Compiling winapi v0.2.7
[INFO] [stderr]    Compiling log v0.3.6
[INFO] [stderr]    Compiling matches v0.1.2
[INFO] [stderr]    Compiling semver v0.1.20
[INFO] [stderr]    Compiling unicode-normalization v0.1.2
[INFO] [stderr]    Compiling lazy_static v0.2.1
[INFO] [stderr]    Compiling bitflags v0.7.0
[INFO] [stderr]    Compiling rustc-serialize v0.3.19
[INFO] [stderr]    Compiling strsim v0.4.1
[INFO] [stderr]    Compiling unicode-width v0.1.3
[INFO] [stderr]    Compiling bitflags v0.5.0
[INFO] [stderr]    Compiling language-tags v0.2.2
[INFO] [stderr]    Compiling crossbeam v0.2.9
[INFO] [stderr]    Compiling vec_map v0.6.0
[INFO] [stderr]    Compiling traitobject v0.0.1
[INFO] [stderr]    Compiling ansi_term v0.7.5
[INFO] [stderr]    Compiling httparse v1.1.2
[INFO] [stderr]    Compiling typeable v0.1.2
[INFO] [stderr]    Compiling lazy_static v0.1.16
[INFO] [stderr]    Compiling unicode-bidi v0.2.3
[INFO] [stderr]    Compiling hpack v0.2.0
[INFO] [stderr]    Compiling mime v0.2.1
[INFO] [stdout] error[E0642]: patterns aren't allowed in functions without bodies
[INFO] [stdout]    --> /opt/rustwide/cargo-home/registry/src/github.com-1ecc6299db9ec823/rustc-serialize-0.3.19/src/serialize.rs:147:45
[INFO] [stdout]     |
[INFO] [stdout] 147 | ...                   &f_name: &str,
[INFO] [stdout]     |                       ^^^^^^^ pattern not allowed in function without body
[INFO] [stdout] 
[INFO] [stdout] 
[INFO] [stderr]    Compiling kernel32-sys v0.2.2
[INFO] [stderr]    Compiling term_size v0.1.0
[INFO] [stderr]    Compiling num_cpus v0.2.13
[INFO] [stderr]    Compiling rustc_version v0.1.7
[INFO] [stderr]    Compiling clap v2.9.2
[INFO] [stderr]    Compiling openssl-sys v0.7.14
[INFO] [stderr]    Compiling solicit v0.4.4
[INFO] [stderr]    Compiling openssl-sys-extras v0.7.14
[INFO] [stderr]    Compiling openssl v0.7.14
[INFO] [stderr]    Compiling unicase v1.4.0
[INFO] [stderr]    Compiling time v0.1.35
[INFO] [stderr]    Compiling term v0.4.4
[INFO] [stderr]    Compiling idna v0.1.0
[INFO] [stderr] error: failed to run custom build command for `openssl-sys-extras v0.7.14`
[INFO] [stderr] 
[INFO] [stderr] Caused by:
[INFO] [stderr]   process didn't exit successfully: `/opt/rustwide/target/debug/build/openssl-sys-extras-4a59dec9f3221a0a/build-script-build` (exit status: 101)
[INFO] [stderr]   --- stdout
[INFO] [stderr]   TARGET = Some("x86_64-unknown-linux-gnu")
[INFO] [stderr]   OPT_LEVEL = Some("0")
[INFO] [stderr]   PROFILE = Some("debug")
[INFO] [stderr]   TARGET = Some("x86_64-unknown-linux-gnu")
[INFO] [stderr]   debug=true opt-level=0
[INFO] [stderr]   HOST = Some("x86_64-unknown-linux-gnu")
[INFO] [stderr]   TARGET = Some("x86_64-unknown-linux-gnu")
[INFO] [stderr]   TARGET = Some("x86_64-unknown-linux-gnu")
[INFO] [stderr]   HOST = Some("x86_64-unknown-linux-gnu")
[INFO] [stderr]   CC_x86_64-unknown-linux-gnu = None
[INFO] [stderr]   CC_x86_64_unknown_linux_gnu = None
[INFO] [stderr]   HOST_CC = None
[INFO] [stderr]   CC = None
[INFO] [stderr]   HOST = Some("x86_64-unknown-linux-gnu")
[INFO] [stderr]   TARGET = Some("x86_64-unknown-linux-gnu")
[INFO] [stderr]   HOST = Some("x86_64-unknown-linux-gnu")
[INFO] [stderr]   CFLAGS_x86_64-unknown-linux-gnu = None
[INFO] [stderr]   CFLAGS_x86_64_unknown_linux_gnu = None
[INFO] [stderr]   HOST_CFLAGS = None
[INFO] [stderr]   CFLAGS = None
[INFO] [stderr]   running: "cc" "-O0" "-ffunction-sections" "-fdata-sections" "-g" "-m64" "-fPIC" "-o" "/opt/rustwide/target/debug/build/openssl-sys-extras-f9476432e6537ce4/out/src/openssl_shim.o" "-c" "src/openssl_shim.c"
[INFO] [stderr]   ExitStatus(ExitStatus(256))
[INFO] [stderr] 
[INFO] [stderr] 
[INFO] [stderr]   command did not execute successfully, got: exit status: 1
[INFO] [stderr] 
[INFO] [stderr] 
[INFO] [stderr] 
[INFO] [stderr]   --- stderr
[INFO] [stderr]   src/openssl_shim.c: In function 'DH_new_from_params':
[INFO] [stderr]   src/openssl_shim.c:132:7: error: dereferencing pointer to incomplete type 'DH' {aka 'struct dh_st'}
[INFO] [stderr]     132 |     dh->p = p;
[INFO] [stderr]         |       ^~
[INFO] [stderr]   src/openssl_shim.c: In function 'X509_get_extensions_shim':
[INFO] [stderr]   src/openssl_shim.c:143:13: error: dereferencing pointer to incomplete type 'X509' {aka 'struct x509_st'}
[INFO] [stderr]     143 |     return x->cert_info ? x->cert_info->extensions : NULL;
[INFO] [stderr]         |             ^~
[INFO] [stderr]   thread 'main' panicked at 'explicit panic', /opt/rustwide/cargo-home/registry/src/github.com-1ecc6299db9ec823/gcc-0.3.28/src/lib.rs:840:5
[INFO] [stderr]   stack backtrace:
[INFO] [stderr]      0:     0x560d9f7b6f40 - std::backtrace_rs::backtrace::libunwind::trace::hff4d1766e93f64f1
[INFO] [stderr]                                  at /rustc/53fd98ca776cb875bc9e5514f56b52eb74f9e7a9/library/std/src/../../backtrace/src/backtrace/libunwind.rs:90:5
[INFO] [stderr]      1:     0x560d9f7b6f40 - std::backtrace_rs::backtrace::trace_unsynchronized::h56bbc8eb78770bcb
[INFO] [stderr]                                  at /rustc/53fd98ca776cb875bc9e5514f56b52eb74f9e7a9/library/std/src/../../backtrace/src/backtrace/mod.rs:66:5
[INFO] [stderr]      2:     0x560d9f7b6f40 - std::sys_common::backtrace::_print_fmt::h5c8e75464faca780
[INFO] [stderr]                                  at /rustc/53fd98ca776cb875bc9e5514f56b52eb74f9e7a9/library/std/src/sys_common/backtrace.rs:67:5
[INFO] [stderr]      3:     0x560d9f7b6f40 - <std::sys_common::backtrace::_print::DisplayBacktrace as core::fmt::Display>::fmt::h48b88277def8b362
[INFO] [stderr]                                  at /rustc/53fd98ca776cb875bc9e5514f56b52eb74f9e7a9/library/std/src/sys_common/backtrace.rs:46:22
[INFO] [stderr]      4:     0x560d9f7d5b2c - core::fmt::write::h3381b3176fe2b3d3
[INFO] [stderr]                                  at /rustc/53fd98ca776cb875bc9e5514f56b52eb74f9e7a9/library/core/src/fmt/mod.rs:1115:17
[INFO] [stderr]      5:     0x560d9f7b3ef5 - std::io::Write::write_fmt::hd42607e5d8e44db0
[INFO] [stderr]                                  at /rustc/53fd98ca776cb875bc9e5514f56b52eb74f9e7a9/library/std/src/io/mod.rs:1665:15
[INFO] [stderr]      6:     0x560d9f7b8deb - std::sys_common::backtrace::_print::ha537687d6c17dd0d
[INFO] [stderr]                                  at /rustc/53fd98ca776cb875bc9e5514f56b52eb74f9e7a9/library/std/src/sys_common/backtrace.rs:49:5
[INFO] [stderr]      7:     0x560d9f7b8deb - std::sys_common::backtrace::print::h61376ae57d131d72
[INFO] [stderr]                                  at /rustc/53fd98ca776cb875bc9e5514f56b52eb74f9e7a9/library/std/src/sys_common/backtrace.rs:36:9
[INFO] [stderr]      8:     0x560d9f7b8deb - std::panicking::default_hook::{{closure}}::h0f7208c0b9644a54
[INFO] [stderr]                                  at /rustc/53fd98ca776cb875bc9e5514f56b52eb74f9e7a9/library/std/src/panicking.rs:208:50
[INFO] [stderr]      9:     0x560d9f7b88c1 - std::panicking::default_hook::hdac7fc06578c14ce
[INFO] [stderr]                                  at /rustc/53fd98ca776cb875bc9e5514f56b52eb74f9e7a9/library/std/src/panicking.rs:225:9
[INFO] [stderr]     10:     0x560d9f7b94b4 - std::panicking::rust_panic_with_hook::h72b21c283da3d1ef
[INFO] [stderr]                                  at /rustc/53fd98ca776cb875bc9e5514f56b52eb74f9e7a9/library/std/src/panicking.rs:622:17
[INFO] [stderr]     11:     0x560d9f78d6e3 - std::panicking::begin_panic::{{closure}}::h141185df7fcbf391
[INFO] [stderr]                                  at /rustc/53fd98ca776cb875bc9e5514f56b52eb74f9e7a9/library/std/src/panicking.rs:542:9
[INFO] [stderr]     12:     0x560d9f78d139 - std::sys_common::backtrace::__rust_end_short_backtrace::h3287dc6759883f12
[INFO] [stderr]                                  at /rustc/53fd98ca776cb875bc9e5514f56b52eb74f9e7a9/library/std/src/sys_common/backtrace.rs:141:18
[INFO] [stderr]     13:     0x560d9f78d619 - std::panicking::begin_panic::haa0ec129ff03eb9a
[INFO] [stderr]                                  at /rustc/53fd98ca776cb875bc9e5514f56b52eb74f9e7a9/library/std/src/panicking.rs:541:12
[INFO] [stderr]     14:     0x560d9f785335 - gcc::fail::hb0f71aee7cd65819
[INFO] [stderr]                                  at /opt/rustwide/cargo-home/registry/src/github.com-1ecc6299db9ec823/gcc-0.3.28/src/lib.rs:840:5
[INFO] [stderr]     15:     0x560d9f785264 - gcc::run::h6372836fcca39429
[INFO] [stderr]                                  at /opt/rustwide/cargo-home/registry/src/github.com-1ecc6299db9ec823/gcc-0.3.28/src/lib.rs:834:9
[INFO] [stderr]     16:     0x560d9f77d53b - gcc::Config::compile_object::hae35fa2ca353b401
[INFO] [stderr]                                  at /opt/rustwide/cargo-home/registry/src/github.com-1ecc6299db9ec823/gcc-0.3.28/src/lib.rs:375:9
[INFO] [stderr]     17:     0x560d9f77c4b2 - gcc::Config::compile::hb73b23e991da1ab0
[INFO] [stderr]                                  at /opt/rustwide/cargo-home/registry/src/github.com-1ecc6299db9ec823/gcc-0.3.28/src/lib.rs:330:13
[INFO] [stderr]     18:     0x560d9f778e9e - build_script_build::main::h7992fdf605e1ccfb
[INFO] [stderr]                                  at /opt/rustwide/cargo-home/registry/src/github.com-1ecc6299db9ec823/openssl-sys-extras-0.7.14/build.rs:19:5
[INFO] [stderr]     19:     0x560d9f77a83b - core::ops::function::FnOnce::call_once::h2bf92513a6800f9a
[INFO] [stderr]                                  at /rustc/53fd98ca776cb875bc9e5514f56b52eb74f9e7a9/library/core/src/ops/function.rs:227:5
[INFO] [stderr]     20:     0x560d9f77b41e - std::sys_common::backtrace::__rust_begin_short_backtrace::h2297bc26e430e9fe
[INFO] [stderr]                                  at /rustc/53fd98ca776cb875bc9e5514f56b52eb74f9e7a9/library/std/src/sys_common/backtrace.rs:125:18
[INFO] [stderr]     21:     0x560d9f77b4b1 - std::rt::lang_start::{{closure}}::hee1fdfb6730d33e8
[INFO] [stderr]                                  at /rustc/53fd98ca776cb875bc9e5514f56b52eb74f9e7a9/library/std/src/rt.rs:63:18
[INFO] [stderr]     22:     0x560d9f7b99ba - core::ops::function::impls::<impl core::ops::function::FnOnce<A> for &F>::call_once::ha88a7d1a4d24e549
[INFO] [stderr]                                  at /rustc/53fd98ca776cb875bc9e5514f56b52eb74f9e7a9/library/core/src/ops/function.rs:259:13
[INFO] [stderr]     23:     0x560d9f7b99ba - std::panicking::try::do_call::hd3b1d7740607ccc7
[INFO] [stderr]                                  at /rustc/53fd98ca776cb875bc9e5514f56b52eb74f9e7a9/library/std/src/panicking.rs:401:40
[INFO] [stderr]     24:     0x560d9f7b99ba - std::panicking::try::h0ee8c65ac7461507
[INFO] [stderr]                                  at /rustc/53fd98ca776cb875bc9e5514f56b52eb74f9e7a9/library/std/src/panicking.rs:365:19
[INFO] [stderr]     25:     0x560d9f7b99ba - std::panic::catch_unwind::head47f0de4ccd838
[INFO] [stderr]                                  at /rustc/53fd98ca776cb875bc9e5514f56b52eb74f9e7a9/library/std/src/panic.rs:434:14
[INFO] [stderr]     26:     0x560d9f7b99ba - std::rt::lang_start_internal::{{closure}}::hbc7de8ec820ac085
[INFO] [stderr]                                  at /rustc/53fd98ca776cb875bc9e5514f56b52eb74f9e7a9/library/std/src/rt.rs:45:48
[INFO] [stderr]     27:     0x560d9f7b99ba - std::panicking::try::do_call::h2609e52e8bad4a7b
[INFO] [stderr]                                  at /rustc/53fd98ca776cb875bc9e5514f56b52eb74f9e7a9/library/std/src/panicking.rs:401:40
[INFO] [stderr]     28:     0x560d9f7b99ba - std::panicking::try::hd0929f0b603e0389
[INFO] [stderr]                                  at /rustc/53fd98ca776cb875bc9e5514f56b52eb74f9e7a9/library/std/src/panicking.rs:365:19
[INFO] [stderr]     29:     0x560d9f7b99ba - std::panic::catch_unwind::h27902b81c3e47571
[INFO] [stderr]                                  at /rustc/53fd98ca776cb875bc9e5514f56b52eb74f9e7a9/library/std/src/panic.rs:434:14
[INFO] [stderr]     30:     0x560d9f7b99ba - std::rt::lang_start_internal::h3fb2d794dd391e3e
[INFO] [stderr]                                  at /rustc/53fd98ca776cb875bc9e5514f56b52eb74f9e7a9/library/std/src/rt.rs:45:20
[INFO] [stderr]     31:     0x560d9f77b480 - std::rt::lang_start::h06d6192028f3690f
[INFO] [stderr]                                  at /rustc/53fd98ca776cb875bc9e5514f56b52eb74f9e7a9/library/std/src/rt.rs:62:5
[INFO] [stderr]     32:     0x560d9f77a06c - main
[INFO] [stderr]     33:     0x7f4f2503a0b3 - __libc_start_main
[INFO] [stderr]     34:     0x560d9f778a1e - _start
[INFO] [stderr]     35:                0x0 - <unknown>
[INFO] [stderr] warning: build failed, waiting for other jobs to finish...
[INFO] [stdout] error: aborting due to previous error
[INFO] [stdout] 
[INFO] [stdout] 
[INFO] [stdout] For more information about this error, try `rustc --explain E0642`.
[INFO] [stdout] 
[INFO] [stderr] error: build failed
[INFO] running `Command { std: "docker" "inspect" "df505739d13f2f7be5cbd20980cfb113eec6beb7818650602b7cd4dcc825c61b", kill_on_drop: false }`
[INFO] running `Command { std: "docker" "rm" "-f" "df505739d13f2f7be5cbd20980cfb113eec6beb7818650602b7cd4dcc825c61b", kill_on_drop: false }`
[INFO] [stdout] df505739d13f2f7be5cbd20980cfb113eec6beb7818650602b7cd4dcc825c61b
