[INFO] cloning repository https://github.com/katrinamariehh/rust_webscraper
[INFO] running `Command { std: "git" "-c" "credential.helper=" "-c" "credential.helper=/workspace/cargo-home/bin/git-credential-null" "clone" "--bare" "https://github.com/katrinamariehh/rust_webscraper" "/workspace/cache/git-repos/https%3A%2F%2Fgithub.com%2Fkatrinamariehh%2Frust_webscraper", kill_on_drop: false }`
[INFO] [stderr] Cloning into bare repository '/workspace/cache/git-repos/https%3A%2F%2Fgithub.com%2Fkatrinamariehh%2Frust_webscraper'...
[INFO] running `Command { std: "git" "rev-parse" "HEAD", kill_on_drop: false }`
[INFO] [stdout] 9fb3e83294565d17906ebdd359becb160b90fc4e
[INFO] testing katrinamariehh/rust_webscraper against 1.54.0 for beta-1.55-1
[INFO] running `Command { std: "git" "clone" "/workspace/cache/git-repos/https%3A%2F%2Fgithub.com%2Fkatrinamariehh%2Frust_webscraper" "/workspace/builds/worker-91/source", kill_on_drop: false }`
[INFO] [stderr] Cloning into '/workspace/builds/worker-91/source'...
[INFO] [stderr] done.
[INFO] validating manifest of git repo https://github.com/katrinamariehh/rust_webscraper on toolchain 1.54.0
[INFO] running `Command { std: "/workspace/cargo-home/bin/cargo" "+1.54.0" "metadata" "--manifest-path" "Cargo.toml" "--no-deps", kill_on_drop: false }`
[INFO] started tweaking git repo https://github.com/katrinamariehh/rust_webscraper
[INFO] finished tweaking git repo https://github.com/katrinamariehh/rust_webscraper
[INFO] tweaked toml for git repo https://github.com/katrinamariehh/rust_webscraper written to /workspace/builds/worker-91/source/Cargo.toml
[INFO] crate git repo https://github.com/katrinamariehh/rust_webscraper already has a lockfile, it will not be regenerated
[INFO] running `Command { std: "/workspace/cargo-home/bin/cargo" "+1.54.0" "fetch" "--manifest-path" "Cargo.toml", kill_on_drop: false }`
[INFO] running `Command { std: "docker" "create" "-v" "/var/lib/crater-agent-workspace/builds/worker-91/target:/opt/rustwide/target:rw,Z" "-v" "/var/lib/crater-agent-workspace/builds/worker-91/source:/opt/rustwide/workdir:ro,Z" "-v" "/var/lib/crater-agent-workspace/cargo-home:/opt/rustwide/cargo-home:ro,Z" "-v" "/var/lib/crater-agent-workspace/rustup-home:/opt/rustwide/rustup-home:ro,Z" "-e" "SOURCE_DIR=/opt/rustwide/workdir" "-e" "CARGO_TARGET_DIR=/opt/rustwide/target" "-e" "CARGO_HOME=/opt/rustwide/cargo-home" "-e" "RUSTUP_HOME=/opt/rustwide/rustup-home" "-w" "/opt/rustwide/workdir" "-m" "1610612736" "--user" "0:0" "--network" "none" "ghcr.io/rust-lang/crates-build-env/linux@sha256:34b6a614d2c27851fe6cbf88fbd1137609cefab8b10d0615aaeb6fd47975d74e" "/opt/rustwide/cargo-home/bin/cargo" "+1.54.0" "metadata" "--no-deps" "--format-version=1", kill_on_drop: false }`
[INFO] [stdout] 65569cdeae54da7e0dd9f101baeefd3a9b65201e13ee6f3b142b46f44d167f8f
[INFO] running `Command { std: "docker" "start" "-a" "65569cdeae54da7e0dd9f101baeefd3a9b65201e13ee6f3b142b46f44d167f8f", kill_on_drop: false }`
[INFO] running `Command { std: "docker" "inspect" "65569cdeae54da7e0dd9f101baeefd3a9b65201e13ee6f3b142b46f44d167f8f", kill_on_drop: false }`
[INFO] running `Command { std: "docker" "rm" "-f" "65569cdeae54da7e0dd9f101baeefd3a9b65201e13ee6f3b142b46f44d167f8f", kill_on_drop: false }`
[INFO] [stdout] 65569cdeae54da7e0dd9f101baeefd3a9b65201e13ee6f3b142b46f44d167f8f
[INFO] running `Command { std: "docker" "create" "-v" "/var/lib/crater-agent-workspace/builds/worker-91/target:/opt/rustwide/target:rw,Z" "-v" "/var/lib/crater-agent-workspace/builds/worker-91/source:/opt/rustwide/workdir:ro,Z" "-v" "/var/lib/crater-agent-workspace/cargo-home:/opt/rustwide/cargo-home:ro,Z" "-v" "/var/lib/crater-agent-workspace/rustup-home:/opt/rustwide/rustup-home:ro,Z" "-e" "SOURCE_DIR=/opt/rustwide/workdir" "-e" "CARGO_TARGET_DIR=/opt/rustwide/target" "-e" "CARGO_INCREMENTAL=0" "-e" "RUST_BACKTRACE=full" "-e" "RUSTFLAGS=--cap-lints=warn" "-e" "CARGO_HOME=/opt/rustwide/cargo-home" "-e" "RUSTUP_HOME=/opt/rustwide/rustup-home" "-w" "/opt/rustwide/workdir" "-m" "1610612736" "--user" "0:0" "--network" "none" "ghcr.io/rust-lang/crates-build-env/linux@sha256:34b6a614d2c27851fe6cbf88fbd1137609cefab8b10d0615aaeb6fd47975d74e" "/opt/rustwide/cargo-home/bin/cargo" "+1.54.0" "build" "--frozen" "--message-format=json", kill_on_drop: false }`
[INFO] [stdout] 7232bc6e98099ff5a7d856da4e8e1c391a613879a0f905c4ddfbaa0ce06ae8bf
[INFO] running `Command { std: "docker" "start" "-a" "7232bc6e98099ff5a7d856da4e8e1c391a613879a0f905c4ddfbaa0ce06ae8bf", kill_on_drop: false }`
[INFO] [stderr]     Blocking waiting for file lock on package cache
[INFO] [stderr]    Compiling libc v0.2.17
[INFO] [stderr]    Compiling pkg-config v0.3.8
[INFO] [stderr]    Compiling phf_shared v0.7.17
[INFO] [stderr]    Compiling matches v0.1.3
[INFO] [stderr]    Compiling encoding_index_tests v0.1.4
[INFO] [stderr]    Compiling gcc v0.3.37
[INFO] [stderr]    Compiling winapi-build v0.1.1
[INFO] [stderr]    Compiling lazy_static v0.2.1
[INFO] [stderr]    Compiling void v1.0.2
[INFO] [stderr]    Compiling log v0.3.6
[INFO] [stderr]    Compiling rustc-serialize v0.3.19
[INFO] [stderr]    Compiling winapi v0.2.8
[INFO] [stderr]    Compiling semver v0.1.20
[INFO] [stderr]    Compiling unicode-normalization v0.1.2
[INFO] [stderr]    Compiling bitflags v0.7.0
[INFO] [stderr]    Compiling mac v0.0.2
[INFO] [stderr]    Compiling serde v0.8.16
[INFO] [stderr]    Compiling bit-vec v0.4.3
[INFO] [stderr]    Compiling traitobject v0.0.1
[INFO] [stderr]    Compiling language-tags v0.2.2
[INFO] [stderr]    Compiling typeable v0.1.2
[INFO] [stderr]    Compiling httparse v1.1.2
[INFO] [stderr]    Compiling unicode-bidi v0.2.3
[INFO] [stderr]    Compiling utf-8 v0.6.0
[INFO] [stderr]    Compiling encoding-index-singlebyte v1.20141219.5
[INFO] [stderr]    Compiling encoding-index-tradchinese v1.20141219.5
[INFO] [stderr]    Compiling encoding-index-simpchinese v1.20141219.5
[INFO] [stderr]    Compiling encoding-index-japanese v1.20141219.5
[INFO] [stderr]    Compiling encoding-index-korean v1.20141219.5
[INFO] [stderr]    Compiling unreachable v0.1.1
[INFO] [stderr]    Compiling phf v0.7.17
[INFO] [stdout] error[E0642]: patterns aren't allowed in functions without bodies
[INFO] [stdout]    --> /opt/rustwide/cargo-home/registry/src/github.com-1ecc6299db9ec823/rustc-serialize-0.3.19/src/serialize.rs:147:45
[INFO] [stdout]     |
[INFO] [stdout] 147 | ...                   &f_name: &str,
[INFO] [stdout]     |                       ^^^^^^^ pattern not allowed in function without body
[INFO] [stdout] 
[INFO] [stdout] 
[INFO] [stderr]    Compiling debug_unreachable v0.1.1
[INFO] [stderr]    Compiling hpack v0.2.0
[INFO] [stderr]    Compiling mime v0.2.2
[INFO] [stderr]    Compiling rustc_version v0.1.7
[INFO] [stderr]    Compiling bit-set v0.4.0
[INFO] [stderr]    Compiling rand v0.3.14
[INFO] [stderr]    Compiling num_cpus v0.2.13
[INFO] [stderr]    Compiling kernel32-sys v0.2.2
[INFO] [stderr]    Compiling futf v0.1.2
[INFO] [stderr]    Compiling idna v0.1.0
[INFO] [stderr]    Compiling openssl-sys v0.7.17
[INFO] [stderr]    Compiling solicit v0.4.4
[INFO] [stderr]    Compiling encoding v0.2.33
[INFO] [stderr]    Compiling openssl-sys-extras v0.7.14
[INFO] [stderr]    Compiling openssl v0.7.14
[INFO] [stderr]    Compiling unicase v1.4.0
[INFO] [stderr]    Compiling time v0.1.35
[INFO] [stderr]    Compiling phf_generator v0.7.17
[INFO] [stderr]    Compiling phf_codegen v0.7.17
[INFO] [stderr]    Compiling string_cache v0.2.29
[INFO] [stdout] error: aborting due to previous error
[INFO] [stdout] 
[INFO] [stdout] 
[INFO] [stdout] For more information about this error, try `rustc --explain E0642`.
[INFO] [stdout] 
[INFO] [stderr] error: could not compile `rustc-serialize`
[INFO] [stderr] 
[INFO] [stderr] To learn more, run the command again with --verbose.
[INFO] [stderr] warning: build failed, waiting for other jobs to finish...
[INFO] [stderr] The following warnings were emitted during compilation:
[INFO] [stderr] 
[INFO] [stderr] warning: src/openssl_shim.c: In function 'DH_new_from_params':
[INFO] [stderr] warning: src/openssl_shim.c:132:7: error: dereferencing pointer to incomplete type 'DH' {aka 'struct dh_st'}
[INFO] [stderr] warning:   132 |     dh->p = p;
[INFO] [stderr] warning:       |       ^~
[INFO] [stderr] warning: src/openssl_shim.c: In function 'X509_get_extensions_shim':
[INFO] [stderr] warning: src/openssl_shim.c:143:13: error: dereferencing pointer to incomplete type 'X509' {aka 'struct x509_st'}
[INFO] [stderr] warning:   143 |     return x->cert_info ? x->cert_info->extensions : NULL;
[INFO] [stderr] warning:       |             ^~
[INFO] [stderr] 
[INFO] [stderr] The following warnings were emitted during compilation:
[INFO] [stderr] 
[INFO] [stderr] warning: src/c_helpers.c: In function 'rust_SSL_clone':
[INFO] [stderr] warning: src/c_helpers.c:4:5: warning: implicit declaration of function 'CRYPTO_add' [-Wimplicit-function-declaration]
[INFO] [stderr] warning:     4 |     CRYPTO_add(&ssl->references, 1, CRYPTO_LOCK_SSL);
[INFO] [stderr] warning:       |     ^~~~~~~~~~
[INFO] [stderr] warning: src/c_helpers.c:4:20: error: dereferencing pointer to incomplete type 'SSL' {aka 'struct ssl_st'}
[INFO] [stderr] warning:     4 |     CRYPTO_add(&ssl->references, 1, CRYPTO_LOCK_SSL);
[INFO] [stderr] warning:       |                    ^~
[INFO] [stderr] warning: src/c_helpers.c:4:37: error: 'CRYPTO_LOCK_SSL' undeclared (first use in this function); did you mean 'CRYPTO_LOCK'?
[INFO] [stderr] warning:     4 |     CRYPTO_add(&ssl->references, 1, CRYPTO_LOCK_SSL);
[INFO] [stderr] warning:       |                                     ^~~~~~~~~~~~~~~
[INFO] [stderr] warning:       |                                     CRYPTO_LOCK
[INFO] [stderr] warning: src/c_helpers.c:4:37: note: each undeclared identifier is reported only once for each function it appears in
[INFO] [stderr] warning: src/c_helpers.c: In function 'rust_SSL_CTX_clone':
[INFO] [stderr] warning: src/c_helpers.c:8:20: error: dereferencing pointer to incomplete type 'SSL_CTX' {aka 'struct ssl_ctx_st'}
[INFO] [stderr] warning:     8 |     CRYPTO_add(&ctx->references,1,CRYPTO_LOCK_SSL_CTX);
[INFO] [stderr] warning:       |                    ^~
[INFO] [stderr] warning: src/c_helpers.c:8:35: error: 'CRYPTO_LOCK_SSL_CTX' undeclared (first use in this function); did you mean 'CRYPTO_EX_INDEX_SSL_CTX'?
[INFO] [stderr] warning:     8 |     CRYPTO_add(&ctx->references,1,CRYPTO_LOCK_SSL_CTX);
[INFO] [stderr] warning:       |                                   ^~~~~~~~~~~~~~~~~~~
[INFO] [stderr] warning:       |                                   CRYPTO_EX_INDEX_SSL_CTX
[INFO] [stderr] warning: src/c_helpers.c: In function 'rust_X509_clone':
[INFO] [stderr] warning: src/c_helpers.c:12:21: error: dereferencing pointer to incomplete type 'X509' {aka 'struct x509_st'}
[INFO] [stderr] warning:    12 |     CRYPTO_add(&x509->references,1,CRYPTO_LOCK_X509);
[INFO] [stderr] warning:       |                     ^~
[INFO] [stderr] warning: src/c_helpers.c:12:36: error: 'CRYPTO_LOCK_X509' undeclared (first use in this function); did you mean 'CRYPTO_LOCK'?
[INFO] [stderr] warning:    12 |     CRYPTO_add(&x509->references,1,CRYPTO_LOCK_X509);
[INFO] [stderr] warning:       |                                    ^~~~~~~~~~~~~~~~
[INFO] [stderr] warning:       |                                    CRYPTO_LOCK
[INFO] [stderr] 
[INFO] [stderr] error: build failed
[INFO] running `Command { std: "docker" "inspect" "7232bc6e98099ff5a7d856da4e8e1c391a613879a0f905c4ddfbaa0ce06ae8bf", kill_on_drop: false }`
[INFO] running `Command { std: "docker" "rm" "-f" "7232bc6e98099ff5a7d856da4e8e1c391a613879a0f905c4ddfbaa0ce06ae8bf", kill_on_drop: false }`
[INFO] [stdout] 7232bc6e98099ff5a7d856da4e8e1c391a613879a0f905c4ddfbaa0ce06ae8bf
