[INFO] cloning repository https://github.com/kalmanb/rdkafka-rust
[INFO] running `Command { std: "git" "-c" "credential.helper=" "-c" "credential.helper=/workspace/cargo-home/bin/git-credential-null" "clone" "--bare" "https://github.com/kalmanb/rdkafka-rust" "/workspace/cache/git-repos/https%3A%2F%2Fgithub.com%2Fkalmanb%2Frdkafka-rust", kill_on_drop: false }`
[INFO] [stderr] Cloning into bare repository '/workspace/cache/git-repos/https%3A%2F%2Fgithub.com%2Fkalmanb%2Frdkafka-rust'...
[INFO] running `Command { std: "git" "rev-parse" "HEAD", kill_on_drop: false }`
[INFO] [stdout] 9d5fba2df48882d32ffa55e5f4d275f5a36d4243
[INFO] testing kalmanb/rdkafka-rust against beta-2021-08-01 for beta-1.55-1
[INFO] running `Command { std: "git" "clone" "/workspace/cache/git-repos/https%3A%2F%2Fgithub.com%2Fkalmanb%2Frdkafka-rust" "/workspace/builds/worker-83/source", kill_on_drop: false }`
[INFO] [stderr] Cloning into '/workspace/builds/worker-83/source'...
[INFO] [stderr] done.
[INFO] validating manifest of git repo https://github.com/kalmanb/rdkafka-rust on toolchain beta-2021-08-01
[INFO] running `Command { std: "/workspace/cargo-home/bin/cargo" "+beta-2021-08-01" "metadata" "--manifest-path" "Cargo.toml" "--no-deps", kill_on_drop: false }`
[INFO] started tweaking git repo https://github.com/kalmanb/rdkafka-rust
[INFO] finished tweaking git repo https://github.com/kalmanb/rdkafka-rust
[INFO] tweaked toml for git repo https://github.com/kalmanb/rdkafka-rust written to /workspace/builds/worker-83/source/Cargo.toml
[INFO] crate git repo https://github.com/kalmanb/rdkafka-rust already has a lockfile, it will not be regenerated
[INFO] running `Command { std: "/workspace/cargo-home/bin/cargo" "+beta-2021-08-01" "fetch" "--manifest-path" "Cargo.toml", kill_on_drop: false }`
[INFO] [stderr]     Blocking waiting for file lock on package cache
[INFO] [stderr]     Blocking waiting for file lock on package cache
[INFO] running `Command { std: "docker" "create" "-v" "/var/lib/crater-agent-workspace/builds/worker-83/target:/opt/rustwide/target:rw,Z" "-v" "/var/lib/crater-agent-workspace/builds/worker-83/source:/opt/rustwide/workdir:ro,Z" "-v" "/var/lib/crater-agent-workspace/cargo-home:/opt/rustwide/cargo-home:ro,Z" "-v" "/var/lib/crater-agent-workspace/rustup-home:/opt/rustwide/rustup-home:ro,Z" "-e" "SOURCE_DIR=/opt/rustwide/workdir" "-e" "CARGO_TARGET_DIR=/opt/rustwide/target" "-e" "CARGO_HOME=/opt/rustwide/cargo-home" "-e" "RUSTUP_HOME=/opt/rustwide/rustup-home" "-w" "/opt/rustwide/workdir" "-m" "1610612736" "--user" "0:0" "--network" "none" "ghcr.io/rust-lang/crates-build-env/linux@sha256:34b6a614d2c27851fe6cbf88fbd1137609cefab8b10d0615aaeb6fd47975d74e" "/opt/rustwide/cargo-home/bin/cargo" "+beta-2021-08-01" "metadata" "--no-deps" "--format-version=1", kill_on_drop: false }`
[INFO] [stdout] ca95c5ccfcd4508c21ff6cb0718bee0c318b1b5a0f150a356d0aed3562e582bd
[INFO] running `Command { std: "docker" "start" "-a" "ca95c5ccfcd4508c21ff6cb0718bee0c318b1b5a0f150a356d0aed3562e582bd", kill_on_drop: false }`
[INFO] running `Command { std: "docker" "inspect" "ca95c5ccfcd4508c21ff6cb0718bee0c318b1b5a0f150a356d0aed3562e582bd", kill_on_drop: false }`
[INFO] running `Command { std: "docker" "rm" "-f" "ca95c5ccfcd4508c21ff6cb0718bee0c318b1b5a0f150a356d0aed3562e582bd", kill_on_drop: false }`
[INFO] [stdout] ca95c5ccfcd4508c21ff6cb0718bee0c318b1b5a0f150a356d0aed3562e582bd
[INFO] running `Command { std: "docker" "create" "-v" "/var/lib/crater-agent-workspace/builds/worker-83/target:/opt/rustwide/target:rw,Z" "-v" "/var/lib/crater-agent-workspace/builds/worker-83/source:/opt/rustwide/workdir:ro,Z" "-v" "/var/lib/crater-agent-workspace/cargo-home:/opt/rustwide/cargo-home:ro,Z" "-v" "/var/lib/crater-agent-workspace/rustup-home:/opt/rustwide/rustup-home:ro,Z" "-e" "SOURCE_DIR=/opt/rustwide/workdir" "-e" "CARGO_TARGET_DIR=/opt/rustwide/target" "-e" "CARGO_INCREMENTAL=0" "-e" "RUST_BACKTRACE=full" "-e" "RUSTFLAGS=--cap-lints=warn" "-e" "CARGO_HOME=/opt/rustwide/cargo-home" "-e" "RUSTUP_HOME=/opt/rustwide/rustup-home" "-w" "/opt/rustwide/workdir" "-m" "1610612736" "--user" "0:0" "--network" "none" "ghcr.io/rust-lang/crates-build-env/linux@sha256:34b6a614d2c27851fe6cbf88fbd1137609cefab8b10d0615aaeb6fd47975d74e" "/opt/rustwide/cargo-home/bin/cargo" "+beta-2021-08-01" "build" "--frozen" "--message-format=json", kill_on_drop: false }`
[INFO] [stdout] f9add9eea4360681f076cb12e6dbd7130f8d3026536ad31567145f1471e20abc
[INFO] running `Command { std: "docker" "start" "-a" "f9add9eea4360681f076cb12e6dbd7130f8d3026536ad31567145f1471e20abc", kill_on_drop: false }`
[INFO] [stderr]     Blocking waiting for file lock on package cache
[INFO] [stderr]    Compiling log v0.3.6
[INFO] [stderr]    Compiling libc v0.2.15
[INFO] [stderr]    Compiling rdkafka v0.1.0 (/opt/rustwide/workdir)
[INFO] [stderr]     Finished dev [unoptimized + debuginfo] target(s) in 5.06s
[INFO] running `Command { std: "docker" "inspect" "f9add9eea4360681f076cb12e6dbd7130f8d3026536ad31567145f1471e20abc", kill_on_drop: false }`
[INFO] running `Command { std: "docker" "rm" "-f" "f9add9eea4360681f076cb12e6dbd7130f8d3026536ad31567145f1471e20abc", kill_on_drop: false }`
[INFO] [stdout] f9add9eea4360681f076cb12e6dbd7130f8d3026536ad31567145f1471e20abc
[INFO] running `Command { std: "docker" "create" "-v" "/var/lib/crater-agent-workspace/builds/worker-83/target:/opt/rustwide/target:rw,Z" "-v" "/var/lib/crater-agent-workspace/builds/worker-83/source:/opt/rustwide/workdir:ro,Z" "-v" "/var/lib/crater-agent-workspace/cargo-home:/opt/rustwide/cargo-home:ro,Z" "-v" "/var/lib/crater-agent-workspace/rustup-home:/opt/rustwide/rustup-home:ro,Z" "-e" "SOURCE_DIR=/opt/rustwide/workdir" "-e" "CARGO_TARGET_DIR=/opt/rustwide/target" "-e" "CARGO_INCREMENTAL=0" "-e" "RUST_BACKTRACE=full" "-e" "RUSTFLAGS=--cap-lints=warn" "-e" "CARGO_HOME=/opt/rustwide/cargo-home" "-e" "RUSTUP_HOME=/opt/rustwide/rustup-home" "-w" "/opt/rustwide/workdir" "-m" "1610612736" "--user" "0:0" "--network" "none" "ghcr.io/rust-lang/crates-build-env/linux@sha256:34b6a614d2c27851fe6cbf88fbd1137609cefab8b10d0615aaeb6fd47975d74e" "/opt/rustwide/cargo-home/bin/cargo" "+beta-2021-08-01" "test" "--frozen" "--no-run" "--message-format=json", kill_on_drop: false }`
[INFO] [stdout] 0773000f57211b7c3a9c50839e856feb6f6e8d7a62404d8a8b4eab924b12d893
[INFO] running `Command { std: "docker" "start" "-a" "0773000f57211b7c3a9c50839e856feb6f6e8d7a62404d8a8b4eab924b12d893", kill_on_drop: false }`
[INFO] [stderr]     Blocking waiting for file lock on package cache
[INFO] [stderr]    Compiling rdkafka v0.1.0 (/opt/rustwide/workdir)
[INFO] [stdout] error[E0433]: failed to resolve: could not find `librdkafka` in `rdkafka`
[INFO] [stdout]   --> examples/sample.rs:10:14
[INFO] [stdout]    |
[INFO] [stdout] 10 | use rdkafka::librdkafka::errors::rd_kafka_resp_err_t;
[INFO] [stdout]    |              ^^^^^^^^^^ could not find `librdkafka` in `rdkafka`
[INFO] [stdout] 
[INFO] [stdout] 
[INFO] [stdout] error[E0432]: unresolved import `rdkafka::librdkafka`
[INFO] [stdout]  --> examples/sample.rs:9:5
[INFO] [stdout]   |
[INFO] [stdout] 9 | use rdkafka::librdkafka as rd;
[INFO] [stdout]   |     ^^^^^^^^^^^^^^^^^^^^^^^^^ no `librdkafka` in the root
[INFO] [stdout] 
[INFO] [stdout] 
[INFO] [stdout] error[E0412]: cannot find type `rd_kafka_resp_err_t` in this scope
[INFO] [stdout]   --> examples/sample.rs:16:48
[INFO] [stdout]    |
[INFO] [stdout] 16 | ...                   error_code: rd_kafka_resp_err_t,
[INFO] [stdout]    |                                   ^^^^^^^^^^^^^^^^^^^ not found in this scope
[INFO] [stdout] 
[INFO] [stdout] 
[INFO] [stdout] warning: unused import: `int32_t`
[INFO] [stdout]  --> examples/sample.rs:6:35
[INFO] [stdout]   |
[INFO] [stdout] 6 | use libc::{c_char, c_int, c_void, int32_t, size_t};
[INFO] [stdout]   |                                   ^^^^^^^
[INFO] [stdout]   |
[INFO] [stdout]   = note: `#[warn(unused_imports)]` on by default
[INFO] [stdout] 
[INFO] [stdout] 
[INFO] [stdout] error: aborting due to 3 previous errors; 1 warning emitted
[INFO] [stdout] 
[INFO] [stdout] 
[INFO] [stdout] Some errors have detailed explanations: E0412, E0432, E0433.
[INFO] [stdout] 
[INFO] [stdout] For more information about an error, try `rustc --explain E0412`.
[INFO] [stdout] 
[INFO] [stderr] error: could not compile `rdkafka` due to 4 previous errors; 1 warning emitted
[INFO] [stderr] warning: build failed, waiting for other jobs to finish...
[INFO] [stderr] error: build failed
[INFO] running `Command { std: "docker" "inspect" "0773000f57211b7c3a9c50839e856feb6f6e8d7a62404d8a8b4eab924b12d893", kill_on_drop: false }`
[INFO] running `Command { std: "docker" "rm" "-f" "0773000f57211b7c3a9c50839e856feb6f6e8d7a62404d8a8b4eab924b12d893", kill_on_drop: false }`
[INFO] [stdout] 0773000f57211b7c3a9c50839e856feb6f6e8d7a62404d8a8b4eab924b12d893
