[INFO] cloning repository https://github.com/jswrenn/gulog
[INFO] running `Command { std: "git" "-c" "credential.helper=" "-c" "credential.helper=/workspace/cargo-home/bin/git-credential-null" "clone" "--bare" "https://github.com/jswrenn/gulog" "/workspace/cache/git-repos/https%3A%2F%2Fgithub.com%2Fjswrenn%2Fgulog", kill_on_drop: false }`
[INFO] [stderr] Cloning into bare repository '/workspace/cache/git-repos/https%3A%2F%2Fgithub.com%2Fjswrenn%2Fgulog'...
[INFO] running `Command { std: "git" "rev-parse" "HEAD", kill_on_drop: false }`
[INFO] [stdout] b90cdeb4aa9446fd50ae2013c4ee9969f7cab3a4
[INFO] testing jswrenn/gulog against beta-2021-08-01 for beta-1.55-1
[INFO] running `Command { std: "git" "clone" "/workspace/cache/git-repos/https%3A%2F%2Fgithub.com%2Fjswrenn%2Fgulog" "/workspace/builds/worker-10/source", kill_on_drop: false }`
[INFO] [stderr] Cloning into '/workspace/builds/worker-10/source'...
[INFO] [stderr] done.
[INFO] validating manifest of git repo https://github.com/jswrenn/gulog on toolchain beta-2021-08-01
[INFO] running `Command { std: "/workspace/cargo-home/bin/cargo" "+beta-2021-08-01" "metadata" "--manifest-path" "Cargo.toml" "--no-deps", kill_on_drop: false }`
[INFO] started tweaking git repo https://github.com/jswrenn/gulog
[INFO] finished tweaking git repo https://github.com/jswrenn/gulog
[INFO] tweaked toml for git repo https://github.com/jswrenn/gulog written to /workspace/builds/worker-10/source/Cargo.toml
[INFO] crate git repo https://github.com/jswrenn/gulog already has a lockfile, it will not be regenerated
[INFO] running `Command { std: "/workspace/cargo-home/bin/cargo" "+beta-2021-08-01" "fetch" "--manifest-path" "Cargo.toml", kill_on_drop: false }`
[INFO] [stderr]     Blocking waiting for file lock on package cache
[INFO] running `Command { std: "docker" "create" "-v" "/var/lib/crater-agent-workspace/builds/worker-10/target:/opt/rustwide/target:rw,Z" "-v" "/var/lib/crater-agent-workspace/builds/worker-10/source:/opt/rustwide/workdir:ro,Z" "-v" "/var/lib/crater-agent-workspace/cargo-home:/opt/rustwide/cargo-home:ro,Z" "-v" "/var/lib/crater-agent-workspace/rustup-home:/opt/rustwide/rustup-home:ro,Z" "-e" "SOURCE_DIR=/opt/rustwide/workdir" "-e" "CARGO_TARGET_DIR=/opt/rustwide/target" "-e" "CARGO_HOME=/opt/rustwide/cargo-home" "-e" "RUSTUP_HOME=/opt/rustwide/rustup-home" "-w" "/opt/rustwide/workdir" "-m" "1610612736" "--user" "0:0" "--network" "none" "ghcr.io/rust-lang/crates-build-env/linux@sha256:34b6a614d2c27851fe6cbf88fbd1137609cefab8b10d0615aaeb6fd47975d74e" "/opt/rustwide/cargo-home/bin/cargo" "+beta-2021-08-01" "metadata" "--no-deps" "--format-version=1", kill_on_drop: false }`
[INFO] [stdout] 6c77f6f0e88f3870a65a619860df2c44437ddfa5092ce3dcf867186ffe669ca9
[INFO] running `Command { std: "docker" "start" "-a" "6c77f6f0e88f3870a65a619860df2c44437ddfa5092ce3dcf867186ffe669ca9", kill_on_drop: false }`
[INFO] running `Command { std: "docker" "inspect" "6c77f6f0e88f3870a65a619860df2c44437ddfa5092ce3dcf867186ffe669ca9", kill_on_drop: false }`
[INFO] running `Command { std: "docker" "rm" "-f" "6c77f6f0e88f3870a65a619860df2c44437ddfa5092ce3dcf867186ffe669ca9", kill_on_drop: false }`
[INFO] [stdout] 6c77f6f0e88f3870a65a619860df2c44437ddfa5092ce3dcf867186ffe669ca9
[INFO] running `Command { std: "docker" "create" "-v" "/var/lib/crater-agent-workspace/builds/worker-10/target:/opt/rustwide/target:rw,Z" "-v" "/var/lib/crater-agent-workspace/builds/worker-10/source:/opt/rustwide/workdir:ro,Z" "-v" "/var/lib/crater-agent-workspace/cargo-home:/opt/rustwide/cargo-home:ro,Z" "-v" "/var/lib/crater-agent-workspace/rustup-home:/opt/rustwide/rustup-home:ro,Z" "-e" "SOURCE_DIR=/opt/rustwide/workdir" "-e" "CARGO_TARGET_DIR=/opt/rustwide/target" "-e" "CARGO_INCREMENTAL=0" "-e" "RUST_BACKTRACE=full" "-e" "RUSTFLAGS=--cap-lints=warn" "-e" "CARGO_HOME=/opt/rustwide/cargo-home" "-e" "RUSTUP_HOME=/opt/rustwide/rustup-home" "-w" "/opt/rustwide/workdir" "-m" "1610612736" "--user" "0:0" "--network" "none" "ghcr.io/rust-lang/crates-build-env/linux@sha256:34b6a614d2c27851fe6cbf88fbd1137609cefab8b10d0615aaeb6fd47975d74e" "/opt/rustwide/cargo-home/bin/cargo" "+beta-2021-08-01" "build" "--frozen" "--message-format=json", kill_on_drop: false }`
[INFO] [stdout] 579b63a0347a58210951f29a978fe1482563cedf447736a72da679de30840cc7
[INFO] running `Command { std: "docker" "start" "-a" "579b63a0347a58210951f29a978fe1482563cedf447736a72da679de30840cc7", kill_on_drop: false }`
[INFO] [stderr]    Compiling gulog v0.0.1 (/opt/rustwide/workdir)
[INFO] [stdout] error[E0554]: `#![feature]` may not be used on the beta release channel
[INFO] [stdout]  --> src/main.rs:1:1
[INFO] [stdout]   |
[INFO] [stdout] 1 | #![feature(collections)]
[INFO] [stdout]   | ^^^^^^^^^^^^^^^^^^^^^^^^
[INFO] [stdout] 
[INFO] [stdout] 
[INFO] [stdout] error[E0554]: `#![feature]` may not be used on the beta release channel
[INFO] [stdout]  --> src/main.rs:2:1
[INFO] [stdout]   |
[INFO] [stdout] 2 | #![feature(core)]
[INFO] [stdout]   | ^^^^^^^^^^^^^^^^^
[INFO] [stdout] 
[INFO] [stdout] 
[INFO] [stdout] error[E0554]: `#![feature]` may not be used on the beta release channel
[INFO] [stdout]  --> src/main.rs:3:1
[INFO] [stdout]   |
[INFO] [stdout] 3 | #![feature(non_ascii_idents)]
[INFO] [stdout]   | ^^^^^^^^^^^^^^^^^^^^^^^^^^^^^ help: remove the attribute
[INFO] [stdout]   |
[INFO] [stdout]   = help: the feature `non_ascii_idents` has been stable since 1.53.0 and no longer requires an attribute to enable
[INFO] [stdout] 
[INFO] [stdout] 
[INFO] [stdout] warning: identifier contains uncommon Unicode codepoints
[INFO] [stdout]   --> src/main.rs:97:36
[INFO] [stdout]    |
[INFO] [stdout] 97 |         (Term::Structure(Structure(functorₛ, termsₛ)), 
[INFO] [stdout]    |                                    ^^^^^^^^
[INFO] [stdout]    |
[INFO] [stdout]    = note: `#[warn(uncommon_codepoints)]` on by default
[INFO] [stdout] 
[INFO] [stdout] 
[INFO] [stdout] warning: identifier contains uncommon Unicode codepoints
[INFO] [stdout]   --> src/main.rs:97:46
[INFO] [stdout]    |
[INFO] [stdout] 97 |         (Term::Structure(Structure(functorₛ, termsₛ)), 
[INFO] [stdout]    |                                              ^^^^^^
[INFO] [stdout] 
[INFO] [stdout] 
[INFO] [stdout] warning: identifier contains uncommon Unicode codepoints
[INFO] [stdout]   --> src/main.rs:98:36
[INFO] [stdout]    |
[INFO] [stdout] 98 |          Term::Structure(Structure(functorₜ, termsₜ))) =>
[INFO] [stdout]    |                                    ^^^^^^^^
[INFO] [stdout] 
[INFO] [stdout] 
[INFO] [stdout] warning: identifier contains uncommon Unicode codepoints
[INFO] [stdout]   --> src/main.rs:98:46
[INFO] [stdout]    |
[INFO] [stdout] 98 |          Term::Structure(Structure(functorₜ, termsₜ))) =>
[INFO] [stdout]    |                                              ^^^^^^
[INFO] [stdout] 
[INFO] [stdout] 
[INFO] [stdout] warning: identifier contains uncommon Unicode codepoints
[INFO] [stdout]    --> src/main.rs:104:22
[INFO] [stdout]     |
[INFO] [stdout] 104 |                 for (termₛ,termₜ) in zip!(termsₛ,termsₜ) {
[INFO] [stdout]     |                      ^^^^^
[INFO] [stdout] 
[INFO] [stdout] 
[INFO] [stdout] warning: identifier contains uncommon Unicode codepoints
[INFO] [stdout]    --> src/main.rs:104:28
[INFO] [stdout]     |
[INFO] [stdout] 104 |                 for (termₛ,termₜ) in zip!(termsₛ,termsₜ) {
[INFO] [stdout]     |                            ^^^^^
[INFO] [stdout] 
[INFO] [stdout] 
[INFO] [stdout] error[E0599]: no method named `push_all` found for struct `std::vec::Vec<(Variable, Term)>` in the current scope
[INFO] [stdout]    --> src/main.rs:110:39
[INFO] [stdout]     |
[INFO] [stdout] 110 |                         substitutions.push_all(&unifier[..])
[INFO] [stdout]     |                                       ^^^^^^^^ method not found in `std::vec::Vec<(Variable, Term)>`
[INFO] [stdout] 
[INFO] [stdout] 
[INFO] [stdout] error: aborting due to 4 previous errors; 6 warnings emitted
[INFO] [stdout] 
[INFO] [stdout] 
[INFO] [stdout] Some errors have detailed explanations: E0554, E0599.
[INFO] [stdout] 
[INFO] [stdout] For more information about an error, try `rustc --explain E0554`.
[INFO] [stdout] 
[INFO] [stderr] error: could not compile `gulog` due to 5 previous errors; 6 warnings emitted
[INFO] running `Command { std: "docker" "inspect" "579b63a0347a58210951f29a978fe1482563cedf447736a72da679de30840cc7", kill_on_drop: false }`
[INFO] running `Command { std: "docker" "rm" "-f" "579b63a0347a58210951f29a978fe1482563cedf447736a72da679de30840cc7", kill_on_drop: false }`
[INFO] [stdout] 579b63a0347a58210951f29a978fe1482563cedf447736a72da679de30840cc7
