[INFO] cloning repository https://github.com/jordanmack/token-buy-lock
[INFO] running `Command { std: "git" "-c" "credential.helper=" "-c" "credential.helper=/workspace/cargo-home/bin/git-credential-null" "clone" "--bare" "https://github.com/jordanmack/token-buy-lock" "/workspace/cache/git-repos/https%3A%2F%2Fgithub.com%2Fjordanmack%2Ftoken-buy-lock", kill_on_drop: false }`
[INFO] [stderr] Cloning into bare repository '/workspace/cache/git-repos/https%3A%2F%2Fgithub.com%2Fjordanmack%2Ftoken-buy-lock'...
[INFO] running `Command { std: "git" "rev-parse" "HEAD", kill_on_drop: false }`
[INFO] [stdout] fb52499da1f6318d5d9c56c4fea94ec67f21408b
[INFO] testing jordanmack/token-buy-lock against 1.54.0 for beta-1.55-1
[INFO] running `Command { std: "git" "clone" "/workspace/cache/git-repos/https%3A%2F%2Fgithub.com%2Fjordanmack%2Ftoken-buy-lock" "/workspace/builds/worker-11/source", kill_on_drop: false }`
[INFO] [stderr] Cloning into '/workspace/builds/worker-11/source'...
[INFO] [stderr] done.
[INFO] validating manifest of git repo https://github.com/jordanmack/token-buy-lock on toolchain 1.54.0
[INFO] running `Command { std: "/workspace/cargo-home/bin/cargo" "+1.54.0" "metadata" "--manifest-path" "Cargo.toml" "--no-deps", kill_on_drop: false }`
[INFO] started tweaking git repo https://github.com/jordanmack/token-buy-lock
[INFO] finished tweaking git repo https://github.com/jordanmack/token-buy-lock
[INFO] tweaked toml for git repo https://github.com/jordanmack/token-buy-lock written to /workspace/builds/worker-11/source/Cargo.toml
[INFO] crate git repo https://github.com/jordanmack/token-buy-lock already has a lockfile, it will not be regenerated
[INFO] running `Command { std: "/workspace/cargo-home/bin/cargo" "+1.54.0" "fetch" "--manifest-path" "Cargo.toml", kill_on_drop: false }`
[INFO] [stderr]     Blocking waiting for file lock on package cache
[INFO] running `Command { std: "docker" "create" "-v" "/var/lib/crater-agent-workspace/builds/worker-11/target:/opt/rustwide/target:rw,Z" "-v" "/var/lib/crater-agent-workspace/builds/worker-11/source:/opt/rustwide/workdir:ro,Z" "-v" "/var/lib/crater-agent-workspace/cargo-home:/opt/rustwide/cargo-home:ro,Z" "-v" "/var/lib/crater-agent-workspace/rustup-home:/opt/rustwide/rustup-home:ro,Z" "-e" "SOURCE_DIR=/opt/rustwide/workdir" "-e" "CARGO_TARGET_DIR=/opt/rustwide/target" "-e" "CARGO_HOME=/opt/rustwide/cargo-home" "-e" "RUSTUP_HOME=/opt/rustwide/rustup-home" "-w" "/opt/rustwide/workdir" "-m" "1610612736" "--user" "0:0" "--network" "none" "ghcr.io/rust-lang/crates-build-env/linux@sha256:34b6a614d2c27851fe6cbf88fbd1137609cefab8b10d0615aaeb6fd47975d74e" "/opt/rustwide/cargo-home/bin/cargo" "+1.54.0" "metadata" "--no-deps" "--format-version=1", kill_on_drop: false }`
[INFO] [stdout] e40b2ffad69f39b388c3e426bab6e3122458daaf411c9a9e20ca3e1bfb0baf25
[INFO] [stderr] WARNING: Your kernel does not support swap limit capabilities or the cgroup is not mounted. Memory limited without swap.
[INFO] running `Command { std: "docker" "start" "-a" "e40b2ffad69f39b388c3e426bab6e3122458daaf411c9a9e20ca3e1bfb0baf25", kill_on_drop: false }`
[INFO] running `Command { std: "docker" "inspect" "e40b2ffad69f39b388c3e426bab6e3122458daaf411c9a9e20ca3e1bfb0baf25", kill_on_drop: false }`
[INFO] running `Command { std: "docker" "rm" "-f" "e40b2ffad69f39b388c3e426bab6e3122458daaf411c9a9e20ca3e1bfb0baf25", kill_on_drop: false }`
[INFO] [stdout] e40b2ffad69f39b388c3e426bab6e3122458daaf411c9a9e20ca3e1bfb0baf25
[INFO] running `Command { std: "docker" "create" "-v" "/var/lib/crater-agent-workspace/builds/worker-11/target:/opt/rustwide/target:rw,Z" "-v" "/var/lib/crater-agent-workspace/builds/worker-11/source:/opt/rustwide/workdir:ro,Z" "-v" "/var/lib/crater-agent-workspace/cargo-home:/opt/rustwide/cargo-home:ro,Z" "-v" "/var/lib/crater-agent-workspace/rustup-home:/opt/rustwide/rustup-home:ro,Z" "-e" "SOURCE_DIR=/opt/rustwide/workdir" "-e" "CARGO_TARGET_DIR=/opt/rustwide/target" "-e" "CARGO_INCREMENTAL=0" "-e" "RUST_BACKTRACE=full" "-e" "RUSTFLAGS=--cap-lints=warn" "-e" "CARGO_HOME=/opt/rustwide/cargo-home" "-e" "RUSTUP_HOME=/opt/rustwide/rustup-home" "-w" "/opt/rustwide/workdir" "-m" "1610612736" "--user" "0:0" "--network" "none" "ghcr.io/rust-lang/crates-build-env/linux@sha256:34b6a614d2c27851fe6cbf88fbd1137609cefab8b10d0615aaeb6fd47975d74e" "/opt/rustwide/cargo-home/bin/cargo" "+1.54.0" "build" "--frozen" "--message-format=json", kill_on_drop: false }`
[INFO] [stdout] 5050c200f11abd5ccfb010b693cd33bbb205ffb0e2d4537eda387b6c14f778db
[INFO] [stderr] WARNING: Your kernel does not support swap limit capabilities or the cgroup is not mounted. Memory limited without swap.
[INFO] running `Command { std: "docker" "start" "-a" "5050c200f11abd5ccfb010b693cd33bbb205ffb0e2d4537eda387b6c14f778db", kill_on_drop: false }`
[INFO] [stderr]    Compiling log v0.4.14
[INFO] [stderr]    Compiling getrandom v0.1.16
[INFO] [stderr]    Compiling faster-hex v0.4.1
[INFO] [stderr]    Compiling bit-vec v0.5.1
[INFO] [stderr]    Compiling faster-hex v0.3.1
[INFO] [stderr]    Compiling byteorder v1.4.3
[INFO] [stderr]    Compiling eaglesong v0.1.0
[INFO] [stderr]    Compiling tentacle-secio v0.4.5
[INFO] [stderr]    Compiling unsigned-varint v0.3.3
[INFO] [stderr]    Compiling cpufeatures v0.1.3
[INFO] [stderr]    Compiling path-clean v0.1.0
[INFO] [stderr]    Compiling ckb-build-info v0.39.1
[INFO] [stderr]    Compiling ckb-db-schema v0.39.1
[INFO] [stderr]    Compiling plain v0.2.3
[INFO] [stderr]    Compiling ckb-vm-definitions v0.19.3
[INFO] [stderr]    Compiling ckb-script v0.39.1
[INFO] [stderr]    Compiling ckb-spawn v0.39.1
[INFO] [stderr]    Compiling buddy-alloc v0.4.1
[INFO] [stderr]    Compiling ckb-always-success-script v0.0.1
[INFO] [stderr]    Compiling merkle-cbt v0.3.0
[INFO] [stderr]    Compiling lru v0.6.5
[INFO] [stderr]    Compiling lock_api v0.1.5
[INFO] [stderr]    Compiling jobserver v0.1.22
[INFO] [stderr]    Compiling rand_os v0.1.3
[INFO] [stderr]    Compiling signal-hook-registry v1.3.0
[INFO] [stderr]    Compiling mapr v0.8.0
[INFO] [stderr]    Compiling ckb-channel v0.39.1
[INFO] [stderr]    Compiling numext-constructor v0.1.6
[INFO] [stderr]    Compiling tokio-macros v0.2.6
[INFO] [stderr]    Compiling scroll_derive v0.10.5
[INFO] [stderr]    Compiling includedir v0.5.0
[INFO] [stderr]    Compiling sha2 v0.9.5
[INFO] [stderr]    Compiling serde v1.0.126
[INFO] [stderr]    Compiling futures-util v0.3.15
[INFO] [stderr]    Compiling rayon-core v1.9.0
[INFO] [stderr]    Compiling tempfile v3.2.0
[INFO] [stderr]    Compiling rand v0.6.5
[INFO] [stderr]    Compiling cc v1.0.67
[INFO] [stderr]    Compiling rand_core v0.5.1
[INFO] [stderr]    Compiling faketime v0.2.1
[INFO] [stderr]    Compiling rand_chacha v0.2.2
[INFO] [stderr]    Compiling rayon v1.5.0
[INFO] [stderr]    Compiling rand v0.7.3
[INFO] [stderr]    Compiling phf_generator v0.7.24
[INFO] [stderr]    Compiling parking_lot_core v0.4.0
[INFO] [stderr]    Compiling blake2b-rs v0.1.5
[INFO] [stderr]    Compiling openssl-sys v0.9.63
[INFO] [stderr]    Compiling secp256k1-sys v0.3.0
[INFO] [stderr]    Compiling ring v0.16.20
[INFO] [stderr]    Compiling ckb-librocksdb-sys v6.7.4
[INFO] [stderr]    Compiling ckb-vm v0.19.3
[INFO] [stderr]    Compiling ckb-std v0.7.4
[INFO] [stderr]    Compiling phf_codegen v0.7.24
[INFO] [stderr]    Compiling parking_lot v0.7.1
[INFO] [stderr]    Compiling scroll v0.10.2
[INFO] [stderr]    Compiling includedir_codegen v0.5.0
[INFO] [stderr]    Compiling ckb-util v0.39.1
[INFO] [stderr]    Compiling ckb-hash v0.39.1
[INFO] [stderr]    Compiling openssl v0.10.34
[INFO] [stderr]    Compiling native-tls v0.2.7
[INFO] [stderr]    Compiling ckb-system-scripts v0.5.1
[INFO] [stderr]    Compiling secp256k1 v0.19.0
[INFO] [stderr] error: could not compile `futures-util`
[INFO] [stderr] 
[INFO] [stderr] Caused by:
[INFO] [stderr]   process didn't exit successfully: `rustc --crate-name futures_util --edition=2018 /opt/rustwide/cargo-home/registry/src/github.com-1ecc6299db9ec823/futures-util-0.3.15/src/lib.rs --error-format=json --json=diagnostic-rendered-ansi,artifacts --crate-type lib --emit=dep-info,metadata,link -C embed-bitcode=no -C debuginfo=2 --cfg 'feature="alloc"' --cfg 'feature="async-await"' --cfg 'feature="async-await-macro"' --cfg 'feature="channel"' --cfg 'feature="futures-channel"' --cfg 'feature="futures-io"' --cfg 'feature="futures-macro"' --cfg 'feature="futures-sink"' --cfg 'feature="io"' --cfg 'feature="memchr"' --cfg 'feature="proc-macro-hack"' --cfg 'feature="proc-macro-nested"' --cfg 'feature="sink"' --cfg 'feature="slab"' --cfg 'feature="std"' -C metadata=e16aa254f913f47d -C extra-filename=-e16aa254f913f47d --out-dir /opt/rustwide/target/debug/deps -L dependency=/opt/rustwide/target/debug/deps --extern futures_channel=/opt/rustwide/target/debug/deps/libfutures_channel-98561866a2509dca.rmeta --extern futures_core=/opt/rustwide/target/debug/deps/libfutures_core-0b9f6a0b1c7aa7bb.rmeta --extern futures_io=/opt/rustwide/target/debug/deps/libfutures_io-da544d03cc1de51c.rmeta --extern futures_macro=/opt/rustwide/target/debug/deps/libfutures_macro-6560161bbe14cd5b.so --extern futures_sink=/opt/rustwide/target/debug/deps/libfutures_sink-b2c98dc913f4c94f.rmeta --extern futures_task=/opt/rustwide/target/debug/deps/libfutures_task-257bb2da1f590c9e.rmeta --extern memchr=/opt/rustwide/target/debug/deps/libmemchr-1f0d97dc9aa3dd56.rmeta --extern pin_project_lite=/opt/rustwide/target/debug/deps/libpin_project_lite-9385a627c3f2ae8b.rmeta --extern pin_utils=/opt/rustwide/target/debug/deps/libpin_utils-576e633f12357c97.rmeta --extern proc_macro_hack=/opt/rustwide/target/debug/deps/libproc_macro_hack-3db5b274372faa08.so --extern proc_macro_nested=/opt/rustwide/target/debug/deps/libproc_macro_nested-2ab2c475048c0949.rmeta --extern slab=/opt/rustwide/target/debug/deps/libslab-26d05b350ac0da07.rmeta --cap-lints allow --cap-lints=warn --cfg fn_like_proc_macro` (signal: 9, SIGKILL: kill)
[INFO] [stderr] warning: build failed, waiting for other jobs to finish...
[INFO] [stderr] The following warnings were emitted during compilation:
[INFO] [stderr] 
[INFO] [stderr] warning: c++: fatal error: Killed signal terminated program cc1plus
[INFO] [stderr] warning: compilation terminated.
[INFO] [stderr] warning: c++: fatal error: Killed signal terminated program cc1plus
[INFO] [stderr] warning: compilation terminated.
[INFO] [stderr] warning: c++: fatal error: Killed signal terminated program cc1plus
[INFO] [stderr] warning: compilation terminated.
[INFO] [stderr] warning: c++: fatal error: Killed signal terminated program cc1plus
[INFO] [stderr] warning: compilation terminated.
[INFO] [stderr] warning: c++: fatal error: Killed signal terminated program cc1plus
[INFO] [stderr] warning: compilation terminated.
[INFO] [stderr] warning: c++: fatal error: Killed signal terminated program cc1plus
[INFO] [stderr] warning: compilation terminated.
[INFO] [stderr] warning: c++: fatal error: Killed signal terminated program cc1plus
[INFO] [stderr] warning: compilation terminated.
[INFO] [stderr] warning: c++: fatal error: Killed signal terminated program cc1plus
[INFO] [stderr] warning: compilation terminated.
[INFO] [stderr] warning: c++: fatal error: Killed signal terminated program cc1plus
[INFO] [stderr] warning: compilation terminated.
[INFO] [stderr] warning: c++: fatal error: Killed signal terminated program cc1plus
[INFO] [stderr] warning: compilation terminated.
[INFO] [stderr] warning: c++: fatal error: Killed signal terminated program cc1plus
[INFO] [stderr] warning: compilation terminated.
[INFO] [stderr] warning: c++: fatal error: Killed signal terminated program cc1plus
[INFO] [stderr] warning: compilation terminated.
[INFO] [stderr] 
[INFO] [stderr] error: build failed
[INFO] running `Command { std: "docker" "inspect" "5050c200f11abd5ccfb010b693cd33bbb205ffb0e2d4537eda387b6c14f778db", kill_on_drop: false }`
[INFO] running `Command { std: "docker" "rm" "-f" "5050c200f11abd5ccfb010b693cd33bbb205ffb0e2d4537eda387b6c14f778db", kill_on_drop: false }`
[INFO] [stdout] 5050c200f11abd5ccfb010b693cd33bbb205ffb0e2d4537eda387b6c14f778db
