[INFO] cloning repository https://github.com/jordanmack/developer-training-course-scripts
[INFO] running `Command { std: "git" "-c" "credential.helper=" "-c" "credential.helper=/workspace/cargo-home/bin/git-credential-null" "clone" "--bare" "https://github.com/jordanmack/developer-training-course-scripts" "/workspace/cache/git-repos/https%3A%2F%2Fgithub.com%2Fjordanmack%2Fdeveloper-training-course-scripts", kill_on_drop: false }`
[INFO] [stderr] Cloning into bare repository '/workspace/cache/git-repos/https%3A%2F%2Fgithub.com%2Fjordanmack%2Fdeveloper-training-course-scripts'...
[INFO] running `Command { std: "git" "rev-parse" "HEAD", kill_on_drop: false }`
[INFO] [stdout] 8092d704af865768438cb11425836bb3f3f79407
[INFO] testing jordanmack/developer-training-course-scripts against beta-2021-08-01 for beta-1.55-1
[INFO] running `Command { std: "git" "clone" "/workspace/cache/git-repos/https%3A%2F%2Fgithub.com%2Fjordanmack%2Fdeveloper-training-course-scripts" "/workspace/builds/worker-1/source", kill_on_drop: false }`
[INFO] [stderr] Cloning into '/workspace/builds/worker-1/source'...
[INFO] [stderr] done.
[INFO] validating manifest of git repo https://github.com/jordanmack/developer-training-course-scripts on toolchain beta-2021-08-01
[INFO] running `Command { std: "/workspace/cargo-home/bin/cargo" "+beta-2021-08-01" "metadata" "--manifest-path" "Cargo.toml" "--no-deps", kill_on_drop: false }`
[INFO] started tweaking git repo https://github.com/jordanmack/developer-training-course-scripts
[INFO] finished tweaking git repo https://github.com/jordanmack/developer-training-course-scripts
[INFO] tweaked toml for git repo https://github.com/jordanmack/developer-training-course-scripts written to /workspace/builds/worker-1/source/Cargo.toml
[INFO] crate git repo https://github.com/jordanmack/developer-training-course-scripts already has a lockfile, it will not be regenerated
[INFO] running `Command { std: "/workspace/cargo-home/bin/cargo" "+beta-2021-08-01" "fetch" "--manifest-path" "Cargo.toml", kill_on_drop: false }`
[INFO] [stderr] warning: /workspace/builds/worker-1/source/contracts/jsoncell/Cargo.toml: unused manifest key: dependencies.lite-json.defaults
[INFO] [stderr]  Downloading crates ...
[INFO] [stderr]   Downloaded serde_derive v1.0.125
[INFO] [stderr]   Downloaded serde v1.0.125
[INFO] [stderr]   Downloaded ckb-store v0.37.0
[INFO] [stderr]   Downloaded futures-macro v0.3.14
[INFO] [stderr]   Downloaded ckb-reward-calculator v0.37.0
[INFO] [stderr]   Downloaded ckb-resource v0.37.0
[INFO] [stderr]   Downloaded ckb-occupied-capacity-core v0.37.0
[INFO] [stderr]   Downloaded ckb-util v0.37.0
[INFO] [stderr]   Downloaded ckb-fee-estimator v0.37.0
[INFO] [stderr]   Downloaded ckb-dao-utils v0.37.0
[INFO] [stderr]   Downloaded ckb-testtool v0.2.2
[INFO] [stderr]   Downloaded ckb-async-runtime v0.37.0
[INFO] [stderr]   Downloaded hyper v0.12.36
[INFO] [stderr]   Downloaded futures v0.3.14
[INFO] [stderr]   Downloaded futures-executor v0.3.14
[INFO] [stderr]   Downloaded futures-sink v0.3.14
[INFO] [stderr]   Downloaded ckb-logger-config v0.37.0
[INFO] [stderr]   Downloaded pin-project-internal v1.0.6
[INFO] [stderr]   Downloaded ckb-std v0.7.3
[INFO] [stderr]   Downloaded ckb-hash v0.37.0
[INFO] [stderr]   Downloaded ckb-occupied-capacity-macros v0.37.0
[INFO] [stderr]   Downloaded ckb-types v0.37.0
[INFO] [stderr]   Downloaded futures-task v0.3.14
[INFO] [stderr]   Downloaded futures-channel v0.3.14
[INFO] [stderr]   Downloaded sentry v0.17.0
[INFO] [stderr]   Downloaded ckb-fixed-hash-macros v0.37.0
[INFO] [stderr]   Downloaded ckb-crypto v0.37.0
[INFO] [stderr]   Downloaded futures-io v0.3.14
[INFO] [stderr]   Downloaded openssl v0.10.33
[INFO] [stderr]   Downloaded httparse v1.3.6
[INFO] [stderr]   Downloaded futures-util v0.3.14
[INFO] [stderr]   Downloaded ckb-dao v0.37.0
[INFO] [stderr]   Downloaded ckb-script v0.37.0
[INFO] [stderr]   Downloaded redox_syscall v0.2.6
[INFO] [stderr]   Downloaded lite-parser v0.1.2
[INFO] [stderr]   Downloaded futures-core v0.3.14
[INFO] [stderr]   Downloaded ckb-verification v0.37.0
[INFO] [stderr]   Downloaded pin-project v1.0.6
[INFO] [stderr]   Downloaded ckb-tool v0.2.2
[INFO] [stderr]   Downloaded ckb-logger v0.37.0
[INFO] [stderr]   Downloaded ckb-error v0.37.0
[INFO] [stderr]   Downloaded openssl-sys v0.9.61
[INFO] [stderr]   Downloaded lite-json v0.1.3
[INFO] [stderr]   Downloaded tentacle-secio v0.4.0
[INFO] [stderr]   Downloaded ckb-chain-spec v0.37.0
[INFO] [stderr]   Downloaded ckb-jsonrpc-types v0.37.0
[INFO] [stderr]   Downloaded ckb-metrics-config v0.37.0
[INFO] [stderr]   Downloaded ckb-pow v0.37.0
[INFO] [stderr]   Downloaded tentacle-multiaddr v0.1.0
[INFO] [stderr]   Downloaded ckb-app-config v0.37.0
[INFO] [stderr]   Downloaded ckb-db v0.37.0
[INFO] [stderr]   Downloaded ckb-traits v0.37.0
[INFO] [stderr]   Downloaded ckb-fixed-hash-core v0.37.0
[INFO] [stderr]   Downloaded ckb-fixed-hash v0.37.0
[INFO] [stderr]   Downloaded ckb-occupied-capacity v0.37.0
[INFO] [stderr]   Downloaded ckb-rational v0.37.0
[INFO] [stderr]   Downloaded enum-display-derive v0.1.1
[INFO] [stderr]   Downloaded async-compression v0.3.7
[INFO] [stderr]   Downloaded wasm-bindgen-futures v0.4.23
[INFO] [stderr]   Downloaded ckb-build-info v0.37.0
[INFO] [stderr]   Downloaded syn v1.0.69
[INFO] [stderr]   Downloaded ckb-channel v0.37.0
[INFO] [stderr]   Downloaded blake2b-ref v0.3.0
[INFO] running `Command { std: "docker" "create" "-v" "/var/lib/crater-agent-workspace/builds/worker-1/target:/opt/rustwide/target:rw,Z" "-v" "/var/lib/crater-agent-workspace/builds/worker-1/source:/opt/rustwide/workdir:ro,Z" "-v" "/var/lib/crater-agent-workspace/cargo-home:/opt/rustwide/cargo-home:ro,Z" "-v" "/var/lib/crater-agent-workspace/rustup-home:/opt/rustwide/rustup-home:ro,Z" "-e" "SOURCE_DIR=/opt/rustwide/workdir" "-e" "CARGO_TARGET_DIR=/opt/rustwide/target" "-e" "CARGO_HOME=/opt/rustwide/cargo-home" "-e" "RUSTUP_HOME=/opt/rustwide/rustup-home" "-w" "/opt/rustwide/workdir" "-m" "1610612736" "--user" "0:0" "--network" "none" "ghcr.io/rust-lang/crates-build-env/linux@sha256:34b6a614d2c27851fe6cbf88fbd1137609cefab8b10d0615aaeb6fd47975d74e" "/opt/rustwide/cargo-home/bin/cargo" "+beta-2021-08-01" "metadata" "--no-deps" "--format-version=1", kill_on_drop: false }`
[INFO] [stdout] 28881d2ee956e958d673b6e98fb17b5d346a4e36abdd7f9344483afef506af9b
[INFO] [stderr] WARNING: Your kernel does not support swap limit capabilities or the cgroup is not mounted. Memory limited without swap.
[INFO] running `Command { std: "docker" "start" "-a" "28881d2ee956e958d673b6e98fb17b5d346a4e36abdd7f9344483afef506af9b", kill_on_drop: false }`
[INFO] running `Command { std: "docker" "inspect" "28881d2ee956e958d673b6e98fb17b5d346a4e36abdd7f9344483afef506af9b", kill_on_drop: false }`
[INFO] running `Command { std: "docker" "rm" "-f" "28881d2ee956e958d673b6e98fb17b5d346a4e36abdd7f9344483afef506af9b", kill_on_drop: false }`
[INFO] [stdout] 28881d2ee956e958d673b6e98fb17b5d346a4e36abdd7f9344483afef506af9b
[INFO] running `Command { std: "docker" "create" "-v" "/var/lib/crater-agent-workspace/builds/worker-1/target:/opt/rustwide/target:rw,Z" "-v" "/var/lib/crater-agent-workspace/builds/worker-1/source:/opt/rustwide/workdir:ro,Z" "-v" "/var/lib/crater-agent-workspace/cargo-home:/opt/rustwide/cargo-home:ro,Z" "-v" "/var/lib/crater-agent-workspace/rustup-home:/opt/rustwide/rustup-home:ro,Z" "-e" "SOURCE_DIR=/opt/rustwide/workdir" "-e" "CARGO_TARGET_DIR=/opt/rustwide/target" "-e" "CARGO_INCREMENTAL=0" "-e" "RUST_BACKTRACE=full" "-e" "RUSTFLAGS=--cap-lints=warn" "-e" "CARGO_HOME=/opt/rustwide/cargo-home" "-e" "RUSTUP_HOME=/opt/rustwide/rustup-home" "-w" "/opt/rustwide/workdir" "-m" "1610612736" "--user" "0:0" "--network" "none" "ghcr.io/rust-lang/crates-build-env/linux@sha256:34b6a614d2c27851fe6cbf88fbd1137609cefab8b10d0615aaeb6fd47975d74e" "/opt/rustwide/cargo-home/bin/cargo" "+beta-2021-08-01" "build" "--frozen" "--message-format=json", kill_on_drop: false }`
[INFO] [stderr] WARNING: Your kernel does not support swap limit capabilities or the cgroup is not mounted. Memory limited without swap.
[INFO] [stdout] c027e1ceae9bab83c91619238d10a23ab95192000e9a8d7405bb743f05b834a9
[INFO] running `Command { std: "docker" "start" "-a" "c027e1ceae9bab83c91619238d10a23ab95192000e9a8d7405bb743f05b834a9", kill_on_drop: false }`
[INFO] [stderr] warning: /opt/rustwide/workdir/contracts/jsoncell/Cargo.toml: unused manifest key: dependencies.lite-json.defaults
[INFO] [stderr]    Compiling libc v0.2.93
[INFO] [stderr]    Compiling serde v1.0.125
[INFO] [stderr]    Compiling buddy-alloc v0.4.1
[INFO] [stderr]    Compiling blake2b-ref v0.3.0
[INFO] [stderr]    Compiling crossbeam-utils v0.8.3
[INFO] [stderr]    Compiling futures-channel v0.3.14
[INFO] [stderr]    Compiling lru v0.6.5
[INFO] [stderr]    Compiling want v0.2.0
[INFO] [stderr]    Compiling ckb-logger v0.37.0
[INFO] [stderr]    Compiling hyper v0.12.36
[INFO] [stderr]    Compiling paste-impl v0.1.18
[INFO] [stderr]    Compiling sized-chunks v0.1.3
[INFO] [stderr]    Compiling serde_derive v1.0.125
[INFO] [stderr]    Compiling thiserror-impl v1.0.24
[INFO] [stderr]    Compiling numext-constructor v0.1.6
[INFO] [stderr]    Compiling enum-display-derive v0.1.1
[INFO] [stderr]    Compiling url v2.2.1
[INFO] [stderr]    Compiling scroll_derive v0.10.5
[INFO] [stderr]    Compiling derive_more v0.99.13
[INFO] [stderr]    Compiling tokio-timer v0.2.13
[INFO] [stderr]    Compiling sha2 v0.8.2
[INFO] [stderr]    Compiling tracing-futures v0.2.5
[INFO] [stderr]    Compiling futures-util v0.3.14
[INFO] [stderr]    Compiling im v12.3.4
[INFO] [stderr]    Compiling publicsuffix v1.5.6
[INFO] [stderr]    Compiling paste v0.1.18
[INFO] [stderr]    Compiling lite-parser v0.1.2
[INFO] [stderr]    Compiling num_cpus v1.13.0
[INFO] [stderr]    Compiling iovec v0.1.4
[INFO] [stderr]    Compiling rand_os v0.1.3
[INFO] [stderr]    Compiling backtrace v0.3.56
[INFO] [stderr]    Compiling getrandom v0.1.16
[INFO] [stderr]    Compiling net2 v0.2.37
[INFO] [stderr]    Compiling flate2 v1.0.20
[INFO] [stderr]    Compiling getrandom v0.2.2
[INFO] [stderr]    Compiling parking_lot_core v0.6.2
[INFO] [stderr]    Compiling time v0.1.43
[INFO] [stderr]    Compiling atty v0.2.14
[INFO] [stderr]    Compiling hostname v0.1.5
[INFO] [stderr]    Compiling uname v0.1.1
[INFO] [stderr]    Compiling socket2 v0.3.19
[INFO] [stderr]    Compiling mapr v0.8.0
[INFO] [stderr]    Compiling lite-json v0.1.3
[INFO] [stderr]    Compiling bytes v0.4.12
[INFO] [stderr]    Compiling crossbeam-epoch v0.9.3
[INFO] [stderr]    Compiling crossbeam-channel v0.5.1
[INFO] [stderr]    Compiling rand v0.6.5
[INFO] [stderr]    Compiling tokio-threadpool v0.1.18
[INFO] [stderr]    Compiling futures-cpupool v0.1.8
[INFO] [stderr]    Compiling rand_core v0.5.1
[INFO] [stderr]    Compiling rand_core v0.6.2
[INFO] [stderr]    Compiling mio v0.6.23
[INFO] [stderr]    Compiling env_logger v0.6.2
[INFO] [stderr]    Compiling clap v2.33.3
[INFO] [stderr]    Compiling includedir v0.5.0
[INFO] [stderr]    Compiling scroll v0.10.2
[INFO] [stderr]    Compiling failure v0.1.8
[INFO] [stderr]    Compiling parking_lot v0.9.0
[INFO] [stderr]    Compiling cookie v0.12.0
[INFO] [stderr]    Compiling thiserror v1.0.24
[INFO] [stderr]    Compiling crossbeam-deque v0.8.0
[INFO] [stderr]    Compiling tokio-io v0.1.13
[INFO] [stderr]    Compiling http v0.1.21
[INFO] [stderr]    Compiling tokio-buf v0.1.1
[INFO] [stderr]    Compiling string v0.2.1
[INFO] [stderr]    Compiling rand_chacha v0.2.2
[INFO] [stderr]    Compiling rand_chacha v0.3.0
[INFO] [stderr]    Compiling phf_generator v0.7.24
[INFO] [stderr]    Compiling parking_lot_core v0.4.0
[INFO] [stderr]    Compiling goblin v0.2.3
[INFO] [stderr]    Compiling futures-executor v0.3.14
[INFO] [stderr]    Compiling rayon-core v1.9.0
[INFO] [stderr]    Compiling tokio-reactor v0.1.12
[INFO] [stderr]    Compiling phf_codegen v0.7.24
[INFO] [stderr]    Compiling rand v0.8.3
[INFO] [stderr]    Compiling rand v0.7.3
[INFO] [stderr]    Compiling parking_lot v0.7.1
[INFO] [stderr]    Compiling futures v0.3.14
[INFO] [stderr]    Compiling includedir_codegen v0.5.0
[INFO] [stderr]    Compiling tokio-tcp v0.1.4
[INFO] [stderr]    Compiling rayon v1.5.0
[INFO] [stderr]    Compiling ckb-util v0.37.0
[INFO] [stderr]    Compiling tokio v0.1.22
[INFO] [stderr]    Compiling tempfile v3.2.0
[INFO] [stderr]    Compiling faketime v0.2.1
[INFO] [stderr]    Compiling http-body v0.1.0
[INFO] [stderr]    Compiling h2 v0.1.26
[INFO] [stderr]    Compiling cc v1.0.41
[INFO] [stderr]    Compiling blake2b-rs v0.1.5
[INFO] [stderr]    Compiling openssl-sys v0.9.61
[INFO] [stderr]    Compiling ckb-std v0.7.3
[INFO] [stderr]    Compiling secp256k1-sys v0.1.2
[INFO] [stderr]    Compiling ring v0.16.12
[INFO] [stderr]    Compiling ckb-librocksdb-sys v6.7.4
[INFO] [stderr]    Compiling ckb-vm v0.19.3
[INFO] [stderr]    Compiling ckb-hash v0.37.0
[INFO] [stderr]    Compiling openssl v0.10.33
[INFO] [stderr]    Compiling native-tls v0.2.7
[INFO] [stderr]    Compiling ckb-system-scripts v0.5.1
[INFO] [stderr]    Compiling secp256k1 v0.17.2
[INFO] [stderr] error: could not compile `hyper`
[INFO] [stderr] 
[INFO] [stderr] Caused by:
[INFO] [stderr]   process didn't exit successfully: `rustc --crate-name hyper /opt/rustwide/cargo-home/registry/src/github.com-1ecc6299db9ec823/hyper-0.12.36/src/lib.rs --error-format=json --json=diagnostic-rendered-ansi,artifacts --crate-type lib --emit=dep-info,metadata,link -C embed-bitcode=no -C debuginfo=2 --cfg 'feature="__internal_flaky_tests"' --cfg 'feature="default"' --cfg 'feature="futures-cpupool"' --cfg 'feature="net2"' --cfg 'feature="runtime"' --cfg 'feature="tokio"' --cfg 'feature="tokio-executor"' --cfg 'feature="tokio-reactor"' --cfg 'feature="tokio-tcp"' --cfg 'feature="tokio-threadpool"' --cfg 'feature="tokio-timer"' -C metadata=1e50d076cf84e5cb -C extra-filename=-1e50d076cf84e5cb --out-dir /opt/rustwide/target/debug/deps -L dependency=/opt/rustwide/target/debug/deps --extern bytes=/opt/rustwide/target/debug/deps/libbytes-6217e2cb33bb4d2b.rmeta --extern futures=/opt/rustwide/target/debug/deps/libfutures-c39dff430ac81ac9.rmeta --extern futures_cpupool=/opt/rustwide/target/debug/deps/libfutures_cpupool-7bc0c66ea9165cb9.rmeta --extern h2=/opt/rustwide/target/debug/deps/libh2-26021af8c6e6e77e.rmeta --extern http=/opt/rustwide/target/debug/deps/libhttp-f6e5383e43f2a7e1.rmeta --extern http_body=/opt/rustwide/target/debug/deps/libhttp_body-7e6b888bdf26aaea.rmeta --extern httparse=/opt/rustwide/target/debug/deps/libhttparse-13bcf05139ae32b5.rmeta --extern iovec=/opt/rustwide/target/debug/deps/libiovec-625261040bc90ddb.rmeta --extern itoa=/opt/rustwide/target/debug/deps/libitoa-f0883342bffd153c.rmeta --extern log=/opt/rustwide/target/debug/deps/liblog-18e19f5b5787b169.rmeta --extern net2=/opt/rustwide/target/debug/deps/libnet2-d66f32a072fb3be7.rmeta --extern time=/opt/rustwide/target/debug/deps/libtime-856769486a41afb7.rmeta --extern tokio=/opt/rustwide/target/debug/deps/libtokio-f1e8bd7dd5a8defe.rmeta --extern tokio_buf=/opt/rustwide/target/debug/deps/libtokio_buf-7f5eac4787d701bf.rmeta --extern tokio_executor=/opt/rustwide/target/debug/deps/libtokio_executor-b84e4b9407f610cf.rmeta --extern tokio_io=/opt/rustwide/target/debug/deps/libtokio_io-3c16e4a27008b1c1.rmeta --extern tokio_reactor=/opt/rustwide/target/debug/deps/libtokio_reactor-9f9eea816eb5e719.rmeta --extern tokio_tcp=/opt/rustwide/target/debug/deps/libtokio_tcp-54692030f6f94ff7.rmeta --extern tokio_threadpool=/opt/rustwide/target/debug/deps/libtokio_threadpool-01f69a8e9ed7e7f2.rmeta --extern tokio_timer=/opt/rustwide/target/debug/deps/libtokio_timer-c50662490633beeb.rmeta --extern want=/opt/rustwide/target/debug/deps/libwant-c42dfdd982d61a23.rmeta --cap-lints allow --cap-lints=warn --cfg error_source --cfg try_from` (signal: 9, SIGKILL: kill)
[INFO] [stderr] warning: build failed, waiting for other jobs to finish...
[INFO] [stderr] The following warnings were emitted during compilation:
[INFO] [stderr] 
[INFO] [stderr] warning: c++: fatal error: Killed signal terminated program cc1plus
[INFO] [stderr] warning: compilation terminated.
[INFO] [stderr] warning: c++: fatal error: Killed signal terminated program cc1plus
[INFO] [stderr] warning: compilation terminated.
[INFO] [stderr] warning: c++: fatal error: Killed signal terminated program cc1plus
[INFO] [stderr] warning: compilation terminated.
[INFO] [stderr] warning: c++: fatal error: Killed signal terminated program cc1plus
[INFO] [stderr] warning: compilation terminated.
[INFO] [stderr] warning: c++: fatal error: Killed signal terminated program cc1plus
[INFO] [stderr] warning: compilation terminated.
[INFO] [stderr] 
[INFO] [stderr] error: build failed
[INFO] running `Command { std: "docker" "inspect" "c027e1ceae9bab83c91619238d10a23ab95192000e9a8d7405bb743f05b834a9", kill_on_drop: false }`
[INFO] running `Command { std: "docker" "rm" "-f" "c027e1ceae9bab83c91619238d10a23ab95192000e9a8d7405bb743f05b834a9", kill_on_drop: false }`
[INFO] [stdout] c027e1ceae9bab83c91619238d10a23ab95192000e9a8d7405bb743f05b834a9
