[INFO] cloning repository https://github.com/joppich/csvgen
[INFO] running `Command { std: "git" "-c" "credential.helper=" "-c" "credential.helper=/workspace/cargo-home/bin/git-credential-null" "clone" "--bare" "https://github.com/joppich/csvgen" "/workspace/cache/git-repos/https%3A%2F%2Fgithub.com%2Fjoppich%2Fcsvgen", kill_on_drop: false }`
[INFO] [stderr] Cloning into bare repository '/workspace/cache/git-repos/https%3A%2F%2Fgithub.com%2Fjoppich%2Fcsvgen'...
[INFO] running `Command { std: "git" "rev-parse" "HEAD", kill_on_drop: false }`
[INFO] [stdout] 14234d9b2948578b8f475cb6ff474066bea2ff2b
[INFO] testing joppich/csvgen against 1.54.0 for beta-1.55-1
[INFO] running `Command { std: "git" "clone" "/workspace/cache/git-repos/https%3A%2F%2Fgithub.com%2Fjoppich%2Fcsvgen" "/workspace/builds/worker-5/source", kill_on_drop: false }`
[INFO] [stderr] Cloning into '/workspace/builds/worker-5/source'...
[INFO] [stderr] done.
[INFO] validating manifest of git repo https://github.com/joppich/csvgen on toolchain 1.54.0
[INFO] running `Command { std: "/workspace/cargo-home/bin/cargo" "+1.54.0" "metadata" "--manifest-path" "Cargo.toml" "--no-deps", kill_on_drop: false }`
[INFO] started tweaking git repo https://github.com/joppich/csvgen
[INFO] finished tweaking git repo https://github.com/joppich/csvgen
[INFO] tweaked toml for git repo https://github.com/joppich/csvgen written to /workspace/builds/worker-5/source/Cargo.toml
[INFO] crate git repo https://github.com/joppich/csvgen already has a lockfile, it will not be regenerated
[INFO] running `Command { std: "/workspace/cargo-home/bin/cargo" "+1.54.0" "fetch" "--manifest-path" "Cargo.toml", kill_on_drop: false }`
[INFO] [stderr]     Blocking waiting for file lock on package cache
[INFO] running `Command { std: "docker" "create" "-v" "/var/lib/crater-agent-workspace/builds/worker-5/target:/opt/rustwide/target:rw,Z" "-v" "/var/lib/crater-agent-workspace/builds/worker-5/source:/opt/rustwide/workdir:ro,Z" "-v" "/var/lib/crater-agent-workspace/cargo-home:/opt/rustwide/cargo-home:ro,Z" "-v" "/var/lib/crater-agent-workspace/rustup-home:/opt/rustwide/rustup-home:ro,Z" "-e" "SOURCE_DIR=/opt/rustwide/workdir" "-e" "CARGO_TARGET_DIR=/opt/rustwide/target" "-e" "CARGO_HOME=/opt/rustwide/cargo-home" "-e" "RUSTUP_HOME=/opt/rustwide/rustup-home" "-w" "/opt/rustwide/workdir" "-m" "1610612736" "--user" "0:0" "--network" "none" "ghcr.io/rust-lang/crates-build-env/linux@sha256:34b6a614d2c27851fe6cbf88fbd1137609cefab8b10d0615aaeb6fd47975d74e" "/opt/rustwide/cargo-home/bin/cargo" "+1.54.0" "metadata" "--no-deps" "--format-version=1", kill_on_drop: false }`
[INFO] [stdout] 875edd737e5916cb462605a0ab4cd414be843c0312b38c860117c4eb199fedae
[INFO] [stderr] WARNING: Your kernel does not support swap limit capabilities or the cgroup is not mounted. Memory limited without swap.
[INFO] running `Command { std: "docker" "start" "-a" "875edd737e5916cb462605a0ab4cd414be843c0312b38c860117c4eb199fedae", kill_on_drop: false }`
[INFO] running `Command { std: "docker" "inspect" "875edd737e5916cb462605a0ab4cd414be843c0312b38c860117c4eb199fedae", kill_on_drop: false }`
[INFO] running `Command { std: "docker" "rm" "-f" "875edd737e5916cb462605a0ab4cd414be843c0312b38c860117c4eb199fedae", kill_on_drop: false }`
[INFO] [stdout] 875edd737e5916cb462605a0ab4cd414be843c0312b38c860117c4eb199fedae
[INFO] running `Command { std: "docker" "create" "-v" "/var/lib/crater-agent-workspace/builds/worker-5/target:/opt/rustwide/target:rw,Z" "-v" "/var/lib/crater-agent-workspace/builds/worker-5/source:/opt/rustwide/workdir:ro,Z" "-v" "/var/lib/crater-agent-workspace/cargo-home:/opt/rustwide/cargo-home:ro,Z" "-v" "/var/lib/crater-agent-workspace/rustup-home:/opt/rustwide/rustup-home:ro,Z" "-e" "SOURCE_DIR=/opt/rustwide/workdir" "-e" "CARGO_TARGET_DIR=/opt/rustwide/target" "-e" "CARGO_INCREMENTAL=0" "-e" "RUST_BACKTRACE=full" "-e" "RUSTFLAGS=--cap-lints=warn" "-e" "CARGO_HOME=/opt/rustwide/cargo-home" "-e" "RUSTUP_HOME=/opt/rustwide/rustup-home" "-w" "/opt/rustwide/workdir" "-m" "1610612736" "--user" "0:0" "--network" "none" "ghcr.io/rust-lang/crates-build-env/linux@sha256:34b6a614d2c27851fe6cbf88fbd1137609cefab8b10d0615aaeb6fd47975d74e" "/opt/rustwide/cargo-home/bin/cargo" "+1.54.0" "build" "--frozen" "--message-format=json", kill_on_drop: false }`
[INFO] [stdout] 60da3537552c00b58820ff1e47e513d222ae18ffd91dc9e278cdffd70d0adc7f
[INFO] [stderr] WARNING: Your kernel does not support swap limit capabilities or the cgroup is not mounted. Memory limited without swap.
[INFO] running `Command { std: "docker" "start" "-a" "60da3537552c00b58820ff1e47e513d222ae18ffd91dc9e278cdffd70d0adc7f", kill_on_drop: false }`
[INFO] [stderr]    Compiling textwrap v0.11.0
[INFO] [stderr]    Compiling getrandom v0.2.0
[INFO] [stderr]    Compiling atty v0.2.10
[INFO] [stderr]    Compiling clap v2.33.3
[INFO] [stderr]    Compiling rand_core v0.6.0
[INFO] [stderr]    Compiling rand_chacha v0.3.0
[INFO] [stderr]    Compiling rand v0.8.4
[INFO] [stderr]    Compiling csvgen v0.1.1 (/opt/rustwide/workdir)
[INFO] [stdout] error[E0554]: `#![feature]` may not be used on the stable release channel
[INFO] [stdout]  --> src/main.rs:2:1
[INFO] [stdout]   |
[INFO] [stdout] 2 | #![feature(rand)]
[INFO] [stdout]   | ^^^^^^^^^^^^^^^^^
[INFO] [stdout] 
[INFO] [stdout] 
[INFO] [stdout] error[E0061]: this function takes 1 argument but 2 arguments were supplied
[INFO] [stdout]    --> src/generator.rs:34:51
[INFO] [stdout]     |
[INFO] [stdout] 34  |                     let r_val: f64 = thread_rng().gen_range(-429.842,765.123);
[INFO] [stdout]     |                                                   ^^^^^^^^^ -------- ------- supplied 2 arguments
[INFO] [stdout]     |                                                   |
[INFO] [stdout]     |                                                   expected 1 argument
[INFO] [stdout]     |
[INFO] [stdout] note: associated function defined here
[INFO] [stdout]    --> /opt/rustwide/cargo-home/registry/src/github.com-1ecc6299db9ec823/rand-0.8.4/src/rng.rs:129:8
[INFO] [stdout]     |
[INFO] [stdout] 129 |     fn gen_range<T, R>(&mut self, range: R) -> T
[INFO] [stdout]     |        ^^^^^^^^^
[INFO] [stdout] 
[INFO] [stdout] 
[INFO] [stdout] error[E0061]: this function takes 1 argument but 2 arguments were supplied
[INFO] [stdout]    --> src/generator.rs:42:38
[INFO] [stdout]     |
[INFO] [stdout] 42  |                     for _s in 0..rng.gen_range(1,5) {
[INFO] [stdout]     |                                      ^^^^^^^^^ - - supplied 2 arguments
[INFO] [stdout]     |                                      |
[INFO] [stdout]     |                                      expected 1 argument
[INFO] [stdout]     |
[INFO] [stdout] note: associated function defined here
[INFO] [stdout]    --> /opt/rustwide/cargo-home/registry/src/github.com-1ecc6299db9ec823/rand-0.8.4/src/rng.rs:129:8
[INFO] [stdout]     |
[INFO] [stdout] 129 |     fn gen_range<T, R>(&mut self, range: R) -> T
[INFO] [stdout]     |        ^^^^^^^^^
[INFO] [stdout] 
[INFO] [stdout] 
[INFO] [stdout] error[E0599]: no method named `choose` found for struct `ThreadRng` in the current scope
[INFO] [stdout]   --> src/generator.rs:43:40
[INFO] [stdout]    |
[INFO] [stdout] 43 |                         r_val.push(rng.choose(&STR_SOURCE).unwrap());
[INFO] [stdout]    |                                        ^^^^^^ method not found in `ThreadRng`
[INFO] [stdout] 
[INFO] [stdout] 
[INFO] [stdout] error[E0061]: this function takes 1 argument but 2 arguments were supplied
[INFO] [stdout]    --> src/generator.rs:49:53
[INFO] [stdout]     |
[INFO] [stdout] 49  |                     let r_val: isize = thread_rng().gen_range(-2e6,2e6) as isize;
[INFO] [stdout]     |                                                     ^^^^^^^^^ ---- --- supplied 2 arguments
[INFO] [stdout]     |                                                     |
[INFO] [stdout]     |                                                     expected 1 argument
[INFO] [stdout]     |
[INFO] [stdout] note: associated function defined here
[INFO] [stdout]    --> /opt/rustwide/cargo-home/registry/src/github.com-1ecc6299db9ec823/rand-0.8.4/src/rng.rs:129:8
[INFO] [stdout]     |
[INFO] [stdout] 129 |     fn gen_range<T, R>(&mut self, range: R) -> T
[INFO] [stdout]     |        ^^^^^^^^^
[INFO] [stdout] 
[INFO] [stdout] 
[INFO] [stdout] error: aborting due to 5 previous errors
[INFO] [stdout] 
[INFO] [stdout] 
[INFO] [stdout] Some errors have detailed explanations: E0061, E0554, E0599.
[INFO] [stdout] 
[INFO] [stdout] For more information about an error, try `rustc --explain E0061`.
[INFO] [stdout] 
[INFO] [stderr] error: could not compile `csvgen`
[INFO] [stderr] 
[INFO] [stderr] To learn more, run the command again with --verbose.
[INFO] running `Command { std: "docker" "inspect" "60da3537552c00b58820ff1e47e513d222ae18ffd91dc9e278cdffd70d0adc7f", kill_on_drop: false }`
[INFO] running `Command { std: "docker" "rm" "-f" "60da3537552c00b58820ff1e47e513d222ae18ffd91dc9e278cdffd70d0adc7f", kill_on_drop: false }`
[INFO] [stdout] 60da3537552c00b58820ff1e47e513d222ae18ffd91dc9e278cdffd70d0adc7f
