[INFO] cloning repository https://github.com/jonlamb-gh/rpi4-rust-workspace
[INFO] running `Command { std: "git" "-c" "credential.helper=" "-c" "credential.helper=/workspace/cargo-home/bin/git-credential-null" "clone" "--bare" "https://github.com/jonlamb-gh/rpi4-rust-workspace" "/workspace/cache/git-repos/https%3A%2F%2Fgithub.com%2Fjonlamb-gh%2Frpi4-rust-workspace", kill_on_drop: false }`
[INFO] [stderr] Cloning into bare repository '/workspace/cache/git-repos/https%3A%2F%2Fgithub.com%2Fjonlamb-gh%2Frpi4-rust-workspace'...
[INFO] running `Command { std: "git" "rev-parse" "HEAD", kill_on_drop: false }`
[INFO] [stdout] d3060d2b198673b4b1db1115da559632d5cb6b34
[INFO] testing jonlamb-gh/rpi4-rust-workspace against 1.54.0 for beta-1.55-1
[INFO] running `Command { std: "git" "clone" "/workspace/cache/git-repos/https%3A%2F%2Fgithub.com%2Fjonlamb-gh%2Frpi4-rust-workspace" "/workspace/builds/worker-9/source", kill_on_drop: false }`
[INFO] [stderr] Cloning into '/workspace/builds/worker-9/source'...
[INFO] [stderr] done.
[INFO] validating manifest of git repo https://github.com/jonlamb-gh/rpi4-rust-workspace on toolchain 1.54.0
[INFO] running `Command { std: "/workspace/cargo-home/bin/cargo" "+1.54.0" "metadata" "--manifest-path" "Cargo.toml" "--no-deps", kill_on_drop: false }`
[INFO] removed /workspace/builds/worker-9/source/.cargo/config
[INFO] removed /workspace/builds/worker-9/source/rust-toolchain
[INFO] started tweaking git repo https://github.com/jonlamb-gh/rpi4-rust-workspace
[INFO] finished tweaking git repo https://github.com/jonlamb-gh/rpi4-rust-workspace
[INFO] tweaked toml for git repo https://github.com/jonlamb-gh/rpi4-rust-workspace written to /workspace/builds/worker-9/source/Cargo.toml
[INFO] crate git repo https://github.com/jonlamb-gh/rpi4-rust-workspace already has a lockfile, it will not be regenerated
[INFO] running `Command { std: "/workspace/cargo-home/bin/cargo" "+1.54.0" "fetch" "--manifest-path" "Cargo.toml", kill_on_drop: false }`
[INFO] [stderr]     Blocking waiting for file lock on package cache
[INFO] [stderr]     Updating git repository `https://github.com/jonlamb-gh/nanojpeg-rs`
[INFO] [stderr]     Updating git repository `https://github.com/jonlamb-gh/linked-list-allocator.git`
[INFO] [stderr]  Downloading crates ...
[INFO] [stderr]   Downloaded as-slice v0.1.3
[INFO] [stderr]   Downloaded heapless v0.5.3
[INFO] [stderr]   Downloaded tock-registers v0.5.0
[INFO] [stderr]   Downloaded png v0.16.2
[INFO] [stderr]   Downloaded embedded-graphics-simulator v0.2.0
[INFO] [stderr]   Downloaded smoltcp v0.6.0
[INFO] [stderr]   Downloaded micromath v1.0.0
[INFO] [stderr]   Downloaded ctor v0.1.13
[INFO] [stderr]   Downloaded embedded-graphics v0.6.2
[INFO] [stderr]   Downloaded deflate v0.8.4
[INFO] [stderr]   Downloaded arr_macro_impl v0.1.3
[INFO] [stderr]   Downloaded arr_macro v0.1.3
[INFO] [stderr]   Downloaded memoffset v0.5.4
[INFO] [stderr]   Downloaded cortex-a v2.9.0
[INFO] [stderr]   Downloaded register v0.5.0
[INFO] [stderr]   Downloaded image v0.23.3
[INFO] [stderr]   Downloaded panic-abort v0.3.2
[INFO] [stderr]   Downloaded generic-array v0.14.1
[INFO] [stderr]   Downloaded bounded-registers v0.1.1
[INFO] running `Command { std: "docker" "create" "-v" "/var/lib/crater-agent-workspace/builds/worker-9/target:/opt/rustwide/target:rw,Z" "-v" "/var/lib/crater-agent-workspace/builds/worker-9/source:/opt/rustwide/workdir:ro,Z" "-v" "/var/lib/crater-agent-workspace/cargo-home:/opt/rustwide/cargo-home:ro,Z" "-v" "/var/lib/crater-agent-workspace/rustup-home:/opt/rustwide/rustup-home:ro,Z" "-e" "SOURCE_DIR=/opt/rustwide/workdir" "-e" "CARGO_TARGET_DIR=/opt/rustwide/target" "-e" "CARGO_HOME=/opt/rustwide/cargo-home" "-e" "RUSTUP_HOME=/opt/rustwide/rustup-home" "-w" "/opt/rustwide/workdir" "-m" "1610612736" "--user" "0:0" "--network" "none" "ghcr.io/rust-lang/crates-build-env/linux@sha256:34b6a614d2c27851fe6cbf88fbd1137609cefab8b10d0615aaeb6fd47975d74e" "/opt/rustwide/cargo-home/bin/cargo" "+1.54.0" "metadata" "--no-deps" "--format-version=1", kill_on_drop: false }`
[INFO] [stdout] 6bbdaed22ced2792c1de5369bcd1fc8a75d9ae584f01f7aa5bae27c07ac395a2
[INFO] [stderr] WARNING: Your kernel does not support swap limit capabilities or the cgroup is not mounted. Memory limited without swap.
[INFO] running `Command { std: "docker" "start" "-a" "6bbdaed22ced2792c1de5369bcd1fc8a75d9ae584f01f7aa5bae27c07ac395a2", kill_on_drop: false }`
[INFO] running `Command { std: "docker" "inspect" "6bbdaed22ced2792c1de5369bcd1fc8a75d9ae584f01f7aa5bae27c07ac395a2", kill_on_drop: false }`
[INFO] running `Command { std: "docker" "rm" "-f" "6bbdaed22ced2792c1de5369bcd1fc8a75d9ae584f01f7aa5bae27c07ac395a2", kill_on_drop: false }`
[INFO] [stdout] 6bbdaed22ced2792c1de5369bcd1fc8a75d9ae584f01f7aa5bae27c07ac395a2
[INFO] running `Command { std: "docker" "create" "-v" "/var/lib/crater-agent-workspace/builds/worker-9/target:/opt/rustwide/target:rw,Z" "-v" "/var/lib/crater-agent-workspace/builds/worker-9/source:/opt/rustwide/workdir:ro,Z" "-v" "/var/lib/crater-agent-workspace/cargo-home:/opt/rustwide/cargo-home:ro,Z" "-v" "/var/lib/crater-agent-workspace/rustup-home:/opt/rustwide/rustup-home:ro,Z" "-e" "SOURCE_DIR=/opt/rustwide/workdir" "-e" "CARGO_TARGET_DIR=/opt/rustwide/target" "-e" "CARGO_INCREMENTAL=0" "-e" "RUST_BACKTRACE=full" "-e" "RUSTFLAGS=--cap-lints=warn" "-e" "CARGO_HOME=/opt/rustwide/cargo-home" "-e" "RUSTUP_HOME=/opt/rustwide/rustup-home" "-w" "/opt/rustwide/workdir" "-m" "1610612736" "--user" "0:0" "--network" "none" "ghcr.io/rust-lang/crates-build-env/linux@sha256:34b6a614d2c27851fe6cbf88fbd1137609cefab8b10d0615aaeb6fd47975d74e" "/opt/rustwide/cargo-home/bin/cargo" "+1.54.0" "build" "--frozen" "--message-format=json", kill_on_drop: false }`
[INFO] [stderr] WARNING: Your kernel does not support swap limit capabilities or the cgroup is not mounted. Memory limited without swap.
[INFO] [stdout] 30b8ed07acf5bf7d08a065b63dfff9eae20960bb891da6690dc9023223562946
[INFO] running `Command { std: "docker" "start" "-a" "30b8ed07acf5bf7d08a065b63dfff9eae20960bb891da6690dc9023223562946", kill_on_drop: false }`
[INFO] [stderr]    Compiling proc-macro2 v1.0.10
[INFO] [stderr]    Compiling syn v1.0.17
[INFO] [stderr]    Compiling tock-registers v0.5.0
[INFO] [stderr]    Compiling nb v0.1.2
[INFO] [stderr]    Compiling heapless v0.5.3
[INFO] [stderr]    Compiling stable_deref_trait v1.1.1
[INFO] [stderr]    Compiling managed v0.7.1
[INFO] [stderr]    Compiling linked_list_allocator v0.8.1 (https://github.com/jonlamb-gh/linked-list-allocator.git?branch=master#79ea7853)
[INFO] [stderr]    Compiling micromath v1.0.0
[INFO] [stderr]    Compiling nanojpeg-rs v0.1.0 (https://github.com/jonlamb-gh/nanojpeg-rs?branch=master#adf131a8)
[INFO] [stderr]    Compiling nom v5.1.1
[INFO] [stderr]    Compiling bounded-registers v0.1.1
[INFO] [stderr]    Compiling embedded-graphics v0.6.2
[INFO] [stderr]    Compiling rtp v0.1.0 (/opt/rustwide/workdir/rtp)
[INFO] [stderr]    Compiling generic-array v0.14.1
[INFO] [stderr]    Compiling embedded-hal v0.2.3
[INFO] [stdout] error[E0557]: feature has been removed
[INFO] [stdout]  --> /opt/rustwide/cargo-home/git/checkouts/linked-list-allocator-fd4ab21d68d744a1/79ea785/src/lib.rs:1:12
[INFO] [stdout]   |
[INFO] [stdout] 1 | #![feature(const_fn)]
[INFO] [stdout]   |            ^^^^^^^^ feature has been removed
[INFO] [stdout]   |
[INFO] [stdout]   = note: split into finer-grained feature gates
[INFO] [stdout] 
[INFO] [stdout] 
[INFO] [stdout] error[E0554]: `#![feature]` may not be used on the stable release channel
[INFO] [stdout]  --> /opt/rustwide/cargo-home/git/checkouts/linked-list-allocator-fd4ab21d68d744a1/79ea785/src/lib.rs:1:1
[INFO] [stdout]   |
[INFO] [stdout] 1 | #![feature(const_fn)]
[INFO] [stdout]   | ^^^^^^^^^^^^^^^^^^^^^
[INFO] [stdout] 
[INFO] [stdout] 
[INFO] [stderr]    Compiling rtp-h264-decoder v0.1.0 (/opt/rustwide/workdir/rtp-h264-decoder)
[INFO] [stdout] error: aborting due to 2 previous errors
[INFO] [stdout] 
[INFO] [stdout] 
[INFO] [stdout] Some errors have detailed explanations: E0554, E0557.
[INFO] [stdout] 
[INFO] [stdout] For more information about an error, try `rustc --explain E0554`.
[INFO] [stdout] 
[INFO] [stdout] error[E0557]: feature has been removed
[INFO] [stdout]    --> /opt/rustwide/cargo-home/registry/src/github.com-1ecc6299db9ec823/bounded-registers-0.1.1/src/lib.rs:315:12
[INFO] [stdout]     |
[INFO] [stdout] 315 | #![feature(const_fn)]
[INFO] [stdout]     |            ^^^^^^^^ feature has been removed
[INFO] [stdout]     |
[INFO] [stdout]     = note: split into finer-grained feature gates
[INFO] [stdout] 
[INFO] [stdout] 
[INFO] [stderr]    Compiling as-slice v0.1.3
[INFO] [stderr] error: could not compile `linked_list_allocator`
[INFO] [stderr] 
[INFO] [stderr] To learn more, run the command again with --verbose.
[INFO] [stderr] warning: build failed, waiting for other jobs to finish...
[INFO] [stdout] error[E0557]: feature has been removed
[INFO] [stdout]  --> /opt/rustwide/cargo-home/registry/src/github.com-1ecc6299db9ec823/tock-registers-0.5.0/src/lib.rs:5:12
[INFO] [stdout]   |
[INFO] [stdout] 5 | #![feature(const_fn)]
[INFO] [stdout]   |            ^^^^^^^^ feature has been removed
[INFO] [stdout]   |
[INFO] [stdout]   = note: split into finer-grained feature gates
[INFO] [stdout] 
[INFO] [stdout] 
[INFO] [stdout] error[E0554]: `#![feature]` may not be used on the stable release channel
[INFO] [stdout]  --> /opt/rustwide/cargo-home/registry/src/github.com-1ecc6299db9ec823/tock-registers-0.5.0/src/lib.rs:5:1
[INFO] [stdout]   |
[INFO] [stdout] 5 | #![feature(const_fn)]
[INFO] [stdout]   | ^^^^^^^^^^^^^^^^^^^^^
[INFO] [stdout] 
[INFO] [stdout] 
[INFO] [stdout] error[E0554]: `#![feature]` may not be used on the stable release channel
[INFO] [stdout]    --> /opt/rustwide/cargo-home/registry/src/github.com-1ecc6299db9ec823/bounded-registers-0.1.1/src/lib.rs:315:1
[INFO] [stdout]     |
[INFO] [stdout] 315 | #![feature(const_fn)]
[INFO] [stdout]     | ^^^^^^^^^^^^^^^^^^^^^
[INFO] [stdout] 
[INFO] [stdout] 
[INFO] [stdout] error: aborting due to 2 previous errors
[INFO] [stdout] 
[INFO] [stdout] 
[INFO] [stdout] error: aborting due to 2 previous errors
[INFO] [stdout] 
[INFO] [stdout] 
[INFO] [stdout] Some errors have detailed explanations: E0554, E0557.
[INFO] [stdout] 
[INFO] [stdout] For more information about an error, try `rustc --explain E0554`.
[INFO] [stdout] 
[INFO] [stdout] Some errors have detailed explanations: E0554, E0557.
[INFO] [stdout] 
[INFO] [stdout] For more information about an error, try `rustc --explain E0554`.
[INFO] [stdout] 
[INFO] [stderr] error: build failed
[INFO] running `Command { std: "docker" "inspect" "30b8ed07acf5bf7d08a065b63dfff9eae20960bb891da6690dc9023223562946", kill_on_drop: false }`
[INFO] running `Command { std: "docker" "rm" "-f" "30b8ed07acf5bf7d08a065b63dfff9eae20960bb891da6690dc9023223562946", kill_on_drop: false }`
[INFO] [stdout] 30b8ed07acf5bf7d08a065b63dfff9eae20960bb891da6690dc9023223562946
