[INFO] cloning repository https://github.com/jonay2000/aoc2020
[INFO] running `Command { std: "git" "-c" "credential.helper=" "-c" "credential.helper=/workspace/cargo-home/bin/git-credential-null" "clone" "--bare" "https://github.com/jonay2000/aoc2020" "/workspace/cache/git-repos/https%3A%2F%2Fgithub.com%2Fjonay2000%2Faoc2020", kill_on_drop: false }`
[INFO] [stderr] Cloning into bare repository '/workspace/cache/git-repos/https%3A%2F%2Fgithub.com%2Fjonay2000%2Faoc2020'...
[INFO] running `Command { std: "git" "rev-parse" "HEAD", kill_on_drop: false }`
[INFO] [stdout] 97c88277fd8cb5812deebdeb724d81b79222a8c9
[INFO] testing jonay2000/aoc2020 against beta-2021-08-01 for beta-1.55-1
[INFO] running `Command { std: "git" "clone" "/workspace/cache/git-repos/https%3A%2F%2Fgithub.com%2Fjonay2000%2Faoc2020" "/workspace/builds/worker-12/source", kill_on_drop: false }`
[INFO] [stderr] Cloning into '/workspace/builds/worker-12/source'...
[INFO] [stderr] done.
[INFO] validating manifest of git repo https://github.com/jonay2000/aoc2020 on toolchain beta-2021-08-01
[INFO] running `Command { std: "/workspace/cargo-home/bin/cargo" "+beta-2021-08-01" "metadata" "--manifest-path" "Cargo.toml" "--no-deps", kill_on_drop: false }`
[INFO] started tweaking git repo https://github.com/jonay2000/aoc2020
[INFO] finished tweaking git repo https://github.com/jonay2000/aoc2020
[INFO] tweaked toml for git repo https://github.com/jonay2000/aoc2020 written to /workspace/builds/worker-12/source/Cargo.toml
[INFO] crate git repo https://github.com/jonay2000/aoc2020 already has a lockfile, it will not be regenerated
[INFO] running `Command { std: "/workspace/cargo-home/bin/cargo" "+beta-2021-08-01" "fetch" "--manifest-path" "Cargo.toml", kill_on_drop: false }`
[INFO] [stderr]  Downloading crates ...
[INFO] [stderr]   Downloaded cached_proc_macro v0.6.0
[INFO] [stderr]   Downloaded cached v0.22.0
[INFO] [stderr]   Downloaded cached_proc_macro_types v0.1.0
[INFO] running `Command { std: "docker" "create" "-v" "/var/lib/crater-agent-workspace/builds/worker-12/target:/opt/rustwide/target:rw,Z" "-v" "/var/lib/crater-agent-workspace/builds/worker-12/source:/opt/rustwide/workdir:ro,Z" "-v" "/var/lib/crater-agent-workspace/cargo-home:/opt/rustwide/cargo-home:ro,Z" "-v" "/var/lib/crater-agent-workspace/rustup-home:/opt/rustwide/rustup-home:ro,Z" "-e" "SOURCE_DIR=/opt/rustwide/workdir" "-e" "CARGO_TARGET_DIR=/opt/rustwide/target" "-e" "CARGO_HOME=/opt/rustwide/cargo-home" "-e" "RUSTUP_HOME=/opt/rustwide/rustup-home" "-w" "/opt/rustwide/workdir" "-m" "1610612736" "--user" "0:0" "--network" "none" "ghcr.io/rust-lang/crates-build-env/linux@sha256:34b6a614d2c27851fe6cbf88fbd1137609cefab8b10d0615aaeb6fd47975d74e" "/opt/rustwide/cargo-home/bin/cargo" "+beta-2021-08-01" "metadata" "--no-deps" "--format-version=1", kill_on_drop: false }`
[INFO] [stdout] dca3afb1cecffc6b2defaed68c2909e5108f1c222d386c7eb3d5544907e8eb47
[INFO] [stderr] WARNING: Your kernel does not support swap limit capabilities or the cgroup is not mounted. Memory limited without swap.
[INFO] running `Command { std: "docker" "start" "-a" "dca3afb1cecffc6b2defaed68c2909e5108f1c222d386c7eb3d5544907e8eb47", kill_on_drop: false }`
[INFO] running `Command { std: "docker" "inspect" "dca3afb1cecffc6b2defaed68c2909e5108f1c222d386c7eb3d5544907e8eb47", kill_on_drop: false }`
[INFO] running `Command { std: "docker" "rm" "-f" "dca3afb1cecffc6b2defaed68c2909e5108f1c222d386c7eb3d5544907e8eb47", kill_on_drop: false }`
[INFO] [stdout] dca3afb1cecffc6b2defaed68c2909e5108f1c222d386c7eb3d5544907e8eb47
[INFO] running `Command { std: "docker" "create" "-v" "/var/lib/crater-agent-workspace/builds/worker-12/target:/opt/rustwide/target:rw,Z" "-v" "/var/lib/crater-agent-workspace/builds/worker-12/source:/opt/rustwide/workdir:ro,Z" "-v" "/var/lib/crater-agent-workspace/cargo-home:/opt/rustwide/cargo-home:ro,Z" "-v" "/var/lib/crater-agent-workspace/rustup-home:/opt/rustwide/rustup-home:ro,Z" "-e" "SOURCE_DIR=/opt/rustwide/workdir" "-e" "CARGO_TARGET_DIR=/opt/rustwide/target" "-e" "CARGO_INCREMENTAL=0" "-e" "RUST_BACKTRACE=full" "-e" "RUSTFLAGS=--cap-lints=warn" "-e" "CARGO_HOME=/opt/rustwide/cargo-home" "-e" "RUSTUP_HOME=/opt/rustwide/rustup-home" "-w" "/opt/rustwide/workdir" "-m" "1610612736" "--user" "0:0" "--network" "none" "ghcr.io/rust-lang/crates-build-env/linux@sha256:34b6a614d2c27851fe6cbf88fbd1137609cefab8b10d0615aaeb6fd47975d74e" "/opt/rustwide/cargo-home/bin/cargo" "+beta-2021-08-01" "build" "--frozen" "--message-format=json", kill_on_drop: false }`
[INFO] [stdout] 79361f660ef0014838c3c7347bf2631745a38acfcb1b6b7937964e7a0926a5eb
[INFO] [stderr] WARNING: Your kernel does not support swap limit capabilities or the cgroup is not mounted. Memory limited without swap.
[INFO] running `Command { std: "docker" "start" "-a" "79361f660ef0014838c3c7347bf2631745a38acfcb1b6b7937964e7a0926a5eb", kill_on_drop: false }`
[INFO] [stderr]    Compiling syn v1.0.53
[INFO] [stderr]    Compiling cached_proc_macro_types v0.1.0
[INFO] [stderr]    Compiling darling_core v0.10.2
[INFO] [stderr]    Compiling serde_derive v1.0.117
[INFO] [stderr]    Compiling darling_macro v0.10.2
[INFO] [stderr]    Compiling darling v0.10.2
[INFO] [stderr]    Compiling cached_proc_macro v0.6.0
[INFO] [stderr]    Compiling cached v0.22.0
[INFO] [stderr]    Compiling serde v1.0.117
[INFO] [stderr]    Compiling aoc2020 v0.1.0 (/opt/rustwide/workdir)
[INFO] [stdout] error[E0583]: file not found for module `day13`
[INFO] [stdout]   --> src/main.rs:15:1
[INFO] [stdout]    |
[INFO] [stdout] 15 | mod day13;
[INFO] [stdout]    | ^^^^^^^^^^
[INFO] [stdout]    |
[INFO] [stdout]    = help: to create the module `day13`, create file "src/day13.rs" or "src/day13/mod.rs"
[INFO] [stdout] 
[INFO] [stdout] 
[INFO] [stdout] error[E0425]: cannot find function `main` in module `day13`
[INFO] [stdout]   --> src/main.rs:23:43
[INFO] [stdout]    |
[INFO] [stdout] 23 |                   stringify!($day) => $day::main(),
[INFO] [stdout]    |                                             ^^^^ not found in `day13`
[INFO] [stdout] ...
[INFO] [stdout] 47 |           Some(i) => day!(&format!("day{}", i),
[INFO] [stdout]    |  ____________________-
[INFO] [stdout] 48 | |                 day1, 
[INFO] [stdout] 49 | |                 day2,
[INFO] [stdout] 50 | |                 day3,
[INFO] [stdout] ...  |
[INFO] [stdout] 60 | |                 day13,
[INFO] [stdout] 61 | |         ) 
[INFO] [stdout]    | |_________- in this macro invocation
[INFO] [stdout]    |
[INFO] [stdout]    = note: this error originates in the macro `day` (in Nightly builds, run with -Z macro-backtrace for more info)
[INFO] [stdout] help: consider importing one of these items
[INFO] [stdout]    |
[INFO] [stdout] 17 | use crate::day10::main;
[INFO] [stdout]    |
[INFO] [stdout] 17 | use crate::day11::main;
[INFO] [stdout]    |
[INFO] [stdout] 17 | use crate::day12::main;
[INFO] [stdout]    |
[INFO] [stdout] 17 | use crate::day1::main;
[INFO] [stdout]    |
[INFO] [stdout]      and 8 other candidates
[INFO] [stdout] 
[INFO] [stdout] 
[INFO] [stdout] error[E0425]: cannot find function `main` in module `day13`
[INFO] [stdout]   --> src/main.rs:26:23
[INFO] [stdout]    |
[INFO] [stdout] 26 |                   $day::main();
[INFO] [stdout]    |                         ^^^^ not found in `day13`
[INFO] [stdout] ...
[INFO] [stdout] 47 |           Some(i) => day!(&format!("day{}", i),
[INFO] [stdout]    |  ____________________-
[INFO] [stdout] 48 | |                 day1, 
[INFO] [stdout] 49 | |                 day2,
[INFO] [stdout] 50 | |                 day3,
[INFO] [stdout] ...  |
[INFO] [stdout] 60 | |                 day13,
[INFO] [stdout] 61 | |         ) 
[INFO] [stdout]    | |_________- in this macro invocation
[INFO] [stdout]    |
[INFO] [stdout]    = note: this error originates in the macro `day` (in Nightly builds, run with -Z macro-backtrace for more info)
[INFO] [stdout] help: consider importing one of these items
[INFO] [stdout]    |
[INFO] [stdout] 17 | use crate::day10::main;
[INFO] [stdout]    |
[INFO] [stdout] 17 | use crate::day11::main;
[INFO] [stdout]    |
[INFO] [stdout] 17 | use crate::day12::main;
[INFO] [stdout]    |
[INFO] [stdout] 17 | use crate::day1::main;
[INFO] [stdout]    |
[INFO] [stdout]      and 8 other candidates
[INFO] [stdout] 
[INFO] [stdout] 
[INFO] [stdout] error: aborting due to 3 previous errors
[INFO] [stdout] 
[INFO] [stdout] 
[INFO] [stdout] Some errors have detailed explanations: E0425, E0583.
[INFO] [stdout] 
[INFO] [stdout] For more information about an error, try `rustc --explain E0425`.
[INFO] [stdout] 
[INFO] [stderr] error: could not compile `aoc2020` due to 4 previous errors
[INFO] running `Command { std: "docker" "inspect" "79361f660ef0014838c3c7347bf2631745a38acfcb1b6b7937964e7a0926a5eb", kill_on_drop: false }`
[INFO] running `Command { std: "docker" "rm" "-f" "79361f660ef0014838c3c7347bf2631745a38acfcb1b6b7937964e7a0926a5eb", kill_on_drop: false }`
[INFO] [stdout] 79361f660ef0014838c3c7347bf2631745a38acfcb1b6b7937964e7a0926a5eb
