[INFO] cloning repository https://github.com/join3r/kurz5
[INFO] running `Command { std: "git" "-c" "credential.helper=" "-c" "credential.helper=/workspace/cargo-home/bin/git-credential-null" "clone" "--bare" "https://github.com/join3r/kurz5" "/workspace/cache/git-repos/https%3A%2F%2Fgithub.com%2Fjoin3r%2Fkurz5", kill_on_drop: false }`
[INFO] [stderr] Cloning into bare repository '/workspace/cache/git-repos/https%3A%2F%2Fgithub.com%2Fjoin3r%2Fkurz5'...
[INFO] running `Command { std: "git" "rev-parse" "HEAD", kill_on_drop: false }`
[INFO] [stdout] 8f1a68e18fb4172ec273ee8cbfc1349eaa3181ea
[INFO] testing join3r/kurz5 against beta-2021-08-01 for beta-1.55-1
[INFO] running `Command { std: "git" "clone" "/workspace/cache/git-repos/https%3A%2F%2Fgithub.com%2Fjoin3r%2Fkurz5" "/workspace/builds/worker-2/source", kill_on_drop: false }`
[INFO] [stderr] Cloning into '/workspace/builds/worker-2/source'...
[INFO] [stderr] done.
[INFO] validating manifest of git repo https://github.com/join3r/kurz5 on toolchain beta-2021-08-01
[INFO] running `Command { std: "/workspace/cargo-home/bin/cargo" "+beta-2021-08-01" "metadata" "--manifest-path" "Cargo.toml" "--no-deps", kill_on_drop: false }`
[INFO] started tweaking git repo https://github.com/join3r/kurz5
[INFO] finished tweaking git repo https://github.com/join3r/kurz5
[INFO] tweaked toml for git repo https://github.com/join3r/kurz5 written to /workspace/builds/worker-2/source/Cargo.toml
[INFO] crate git repo https://github.com/join3r/kurz5 already has a lockfile, it will not be regenerated
[INFO] running `Command { std: "/workspace/cargo-home/bin/cargo" "+beta-2021-08-01" "fetch" "--manifest-path" "Cargo.toml", kill_on_drop: false }`
[INFO] [stderr]     Blocking waiting for file lock on package cache
[INFO] running `Command { std: "docker" "create" "-v" "/var/lib/crater-agent-workspace/builds/worker-2/target:/opt/rustwide/target:rw,Z" "-v" "/var/lib/crater-agent-workspace/builds/worker-2/source:/opt/rustwide/workdir:ro,Z" "-v" "/var/lib/crater-agent-workspace/cargo-home:/opt/rustwide/cargo-home:ro,Z" "-v" "/var/lib/crater-agent-workspace/rustup-home:/opt/rustwide/rustup-home:ro,Z" "-e" "SOURCE_DIR=/opt/rustwide/workdir" "-e" "CARGO_TARGET_DIR=/opt/rustwide/target" "-e" "CARGO_HOME=/opt/rustwide/cargo-home" "-e" "RUSTUP_HOME=/opt/rustwide/rustup-home" "-w" "/opt/rustwide/workdir" "-m" "1610612736" "--user" "0:0" "--network" "none" "ghcr.io/rust-lang/crates-build-env/linux@sha256:34b6a614d2c27851fe6cbf88fbd1137609cefab8b10d0615aaeb6fd47975d74e" "/opt/rustwide/cargo-home/bin/cargo" "+beta-2021-08-01" "metadata" "--no-deps" "--format-version=1", kill_on_drop: false }`
[INFO] [stdout] 7ab8c421bd59c98f673786a127c28279ce802b0e500ab47f9f43591bf19dfadc
[INFO] [stderr] WARNING: Your kernel does not support swap limit capabilities or the cgroup is not mounted. Memory limited without swap.
[INFO] running `Command { std: "docker" "start" "-a" "7ab8c421bd59c98f673786a127c28279ce802b0e500ab47f9f43591bf19dfadc", kill_on_drop: false }`
[INFO] running `Command { std: "docker" "inspect" "7ab8c421bd59c98f673786a127c28279ce802b0e500ab47f9f43591bf19dfadc", kill_on_drop: false }`
[INFO] running `Command { std: "docker" "rm" "-f" "7ab8c421bd59c98f673786a127c28279ce802b0e500ab47f9f43591bf19dfadc", kill_on_drop: false }`
[INFO] [stdout] 7ab8c421bd59c98f673786a127c28279ce802b0e500ab47f9f43591bf19dfadc
[INFO] running `Command { std: "docker" "create" "-v" "/var/lib/crater-agent-workspace/builds/worker-2/target:/opt/rustwide/target:rw,Z" "-v" "/var/lib/crater-agent-workspace/builds/worker-2/source:/opt/rustwide/workdir:ro,Z" "-v" "/var/lib/crater-agent-workspace/cargo-home:/opt/rustwide/cargo-home:ro,Z" "-v" "/var/lib/crater-agent-workspace/rustup-home:/opt/rustwide/rustup-home:ro,Z" "-e" "SOURCE_DIR=/opt/rustwide/workdir" "-e" "CARGO_TARGET_DIR=/opt/rustwide/target" "-e" "CARGO_INCREMENTAL=0" "-e" "RUST_BACKTRACE=full" "-e" "RUSTFLAGS=--cap-lints=warn" "-e" "CARGO_HOME=/opt/rustwide/cargo-home" "-e" "RUSTUP_HOME=/opt/rustwide/rustup-home" "-w" "/opt/rustwide/workdir" "-m" "1610612736" "--user" "0:0" "--network" "none" "ghcr.io/rust-lang/crates-build-env/linux@sha256:34b6a614d2c27851fe6cbf88fbd1137609cefab8b10d0615aaeb6fd47975d74e" "/opt/rustwide/cargo-home/bin/cargo" "+beta-2021-08-01" "build" "--frozen" "--message-format=json", kill_on_drop: false }`
[INFO] [stdout] 4de751717c264201ab751f411567339cfcb89a479225825a7d88744346640380
[INFO] [stderr] WARNING: Your kernel does not support swap limit capabilities or the cgroup is not mounted. Memory limited without swap.
[INFO] running `Command { std: "docker" "start" "-a" "4de751717c264201ab751f411567339cfcb89a479225825a7d88744346640380", kill_on_drop: false }`
[INFO] [stderr]    Compiling kurz5 v0.1.0 (/opt/rustwide/workdir)
[INFO] [stdout] error[E0532]: expected unit struct, unit variant or constant, found tuple variant `Operacia::Obsah`
[INFO] [stdout]   --> src/osiris3.rs:66:9
[INFO] [stdout]    |
[INFO] [stdout] 66 |         Operacia::Obsah => println!("Obsah je {}", obdlznik.obsah()),
[INFO] [stdout]    |         ^^^^^^^^^^^^^^^
[INFO] [stdout] ...
[INFO] [stdout] 83 |     Obsah(u32),
[INFO] [stdout]    |     ---------- `Operacia::Obsah` defined here
[INFO] [stdout]    |
[INFO] [stdout] help: use the tuple variant pattern syntax instead
[INFO] [stdout]    |
[INFO] [stdout] 66 |         Operacia::Obsah(_) => println!("Obsah je {}", obdlznik.obsah()),
[INFO] [stdout]    |         ^^^^^^^^^^^^^^^^^^
[INFO] [stdout] help: consider importing one of these items instead
[INFO] [stdout]    |
[INFO] [stdout] 19 | use crate::bachi3::Operacie::Obsah;
[INFO] [stdout]    |
[INFO] [stdout] 19 | use crate::evie3::Vypocet::Obsah;
[INFO] [stdout]    |
[INFO] [stdout] 19 | use crate::hydrant3::Porataj::Obsah;
[INFO] [stdout]    |
[INFO] [stdout] 
[INFO] [stdout] 
[INFO] [stdout] error[E0532]: expected unit struct, unit variant or constant, found tuple variant `Operacia::Obvod`
[INFO] [stdout]   --> src/osiris3.rs:67:9
[INFO] [stdout]    |
[INFO] [stdout] 67 |         Operacia::Obvod => println!("Obvod je {}", obdlznik.obvod()),
[INFO] [stdout]    |         ^^^^^^^^^^^^^^^
[INFO] [stdout] ...
[INFO] [stdout] 82 |     Obvod(u32),
[INFO] [stdout]    |     ---------- `Operacia::Obvod` defined here
[INFO] [stdout]    |
[INFO] [stdout] help: use the tuple variant pattern syntax instead
[INFO] [stdout]    |
[INFO] [stdout] 67 |         Operacia::Obvod(_) => println!("Obvod je {}", obdlznik.obvod()),
[INFO] [stdout]    |         ^^^^^^^^^^^^^^^^^^
[INFO] [stdout] help: consider importing one of these items instead
[INFO] [stdout]    |
[INFO] [stdout] 19 | use crate::bachi3::Operacie::Obvod;
[INFO] [stdout]    |
[INFO] [stdout] 19 | use crate::evie3::Vypocet::Obvod;
[INFO] [stdout]    |
[INFO] [stdout] 19 | use crate::hydrant3::Porataj::Obvod;
[INFO] [stdout]    |
[INFO] [stdout] 
[INFO] [stdout] 
[INFO] [stdout] error[E0609]: no field `inner` on type `&Vypocet`
[INFO] [stdout]   --> src/evie3.rs:69:20
[INFO] [stdout]    |
[INFO] [stdout] 69 |         match self.inner.as_str() {
[INFO] [stdout]    |                    ^^^^^
[INFO] [stdout] 
[INFO] [stdout] 
[INFO] [stdout] error[E0308]: mismatched types
[INFO] [stdout]   --> src/osiris3.rs:75:24
[INFO] [stdout]    |
[INFO] [stdout] 73 |     fn parse_to_enum(&self) -> Operacia {
[INFO] [stdout]    |                                -------- expected `Operacia` because of return type
[INFO] [stdout] 74 |         match self.inner.as_str() {
[INFO] [stdout] 75 |             "obvod" => Operacia::Obvod,
[INFO] [stdout]    |                        ^^^^^^^^^^^^^^^ expected enum `Operacia`, found fn item
[INFO] [stdout] ...
[INFO] [stdout] 82 |     Obvod(u32),
[INFO] [stdout]    |     ---------- fn(u32) -> Operacia {Operacia::Obvod} defined here
[INFO] [stdout]    |
[INFO] [stdout]    = note: expected enum `Operacia`
[INFO] [stdout]            found fn item `fn(u32) -> Operacia {Operacia::Obvod}`
[INFO] [stdout] help: use parentheses to instantiate this tuple variant
[INFO] [stdout]    |
[INFO] [stdout] 75 |             "obvod" => Operacia::Obvod(_),
[INFO] [stdout]    |                                       ^^^
[INFO] [stdout] 
[INFO] [stdout] 
[INFO] [stdout] error: aborting due to 4 previous errors
[INFO] [stdout] 
[INFO] [stdout] 
[INFO] [stdout] Some errors have detailed explanations: E0308, E0532, E0609.
[INFO] [stdout] 
[INFO] [stdout] For more information about an error, try `rustc --explain E0308`.
[INFO] [stdout] 
[INFO] [stderr] error: could not compile `kurz5` due to 5 previous errors
[INFO] running `Command { std: "docker" "inspect" "4de751717c264201ab751f411567339cfcb89a479225825a7d88744346640380", kill_on_drop: false }`
[INFO] running `Command { std: "docker" "rm" "-f" "4de751717c264201ab751f411567339cfcb89a479225825a7d88744346640380", kill_on_drop: false }`
[INFO] [stdout] 4de751717c264201ab751f411567339cfcb89a479225825a7d88744346640380
