[INFO] cloning repository https://github.com/jofas/keycloak_proxy
[INFO] running `Command { std: "git" "-c" "credential.helper=" "-c" "credential.helper=/workspace/cargo-home/bin/git-credential-null" "clone" "--bare" "https://github.com/jofas/keycloak_proxy" "/workspace/cache/git-repos/https%3A%2F%2Fgithub.com%2Fjofas%2Fkeycloak_proxy", kill_on_drop: false }`
[INFO] [stderr] Cloning into bare repository '/workspace/cache/git-repos/https%3A%2F%2Fgithub.com%2Fjofas%2Fkeycloak_proxy'...
[INFO] running `Command { std: "git" "rev-parse" "HEAD", kill_on_drop: false }`
[INFO] [stdout] d037915862d6272753094e2c35b9cbf95ad21dbc
[INFO] testing jofas/keycloak_proxy against beta-2021-08-01 for beta-1.55-1
[INFO] running `Command { std: "git" "clone" "/workspace/cache/git-repos/https%3A%2F%2Fgithub.com%2Fjofas%2Fkeycloak_proxy" "/workspace/builds/worker-13/source", kill_on_drop: false }`
[INFO] [stderr] Cloning into '/workspace/builds/worker-13/source'...
[INFO] [stderr] done.
[INFO] validating manifest of git repo https://github.com/jofas/keycloak_proxy on toolchain beta-2021-08-01
[INFO] running `Command { std: "/workspace/cargo-home/bin/cargo" "+beta-2021-08-01" "metadata" "--manifest-path" "Cargo.toml" "--no-deps", kill_on_drop: false }`
[INFO] started tweaking git repo https://github.com/jofas/keycloak_proxy
[INFO] finished tweaking git repo https://github.com/jofas/keycloak_proxy
[INFO] tweaked toml for git repo https://github.com/jofas/keycloak_proxy written to /workspace/builds/worker-13/source/Cargo.toml
[INFO] crate git repo https://github.com/jofas/keycloak_proxy already has a lockfile, it will not be regenerated
[INFO] running `Command { std: "/workspace/cargo-home/bin/cargo" "+beta-2021-08-01" "fetch" "--manifest-path" "Cargo.toml", kill_on_drop: false }`
[INFO] [stderr]     Updating git repository `https://github.com/jofas/actix_jwt_validator_middleware`
[INFO] [stderr]     Updating git repository `https://github.com/jofas/actix_oidc_token`
[INFO] [stderr]     Updating git repository `https://github.com/jofas/actix_proxy`
[INFO] [stderr]     Updating git repository `https://github.com/jofas/display_json`
[INFO] [stderr]     Updating git repository `https://github.com/jofas/jonases_tracing_util`
[INFO] [stderr]  Downloading crates ...
[INFO] [stderr]   Downloaded wasm-bindgen-backend v0.2.72
[INFO] [stderr]   Downloaded wasm-bindgen-shared v0.2.72
[INFO] [stderr]   Downloaded actix-cors v0.5.4
[INFO] [stderr]   Downloaded const_fn v0.4.6
[INFO] [stderr]   Downloaded js-sys v0.3.49
[INFO] [stderr]   Downloaded web-sys v0.3.49
[INFO] [stderr]   Downloaded actix-web-httpauth v0.5.1
[INFO] [stderr]   Downloaded jwks-client v0.2.0
[INFO] [stderr]   Downloaded syn v1.0.67
[INFO] [stderr]   Downloaded wasm-bindgen v0.2.72
[INFO] [stderr]   Downloaded wasm-bindgen-futures v0.4.22
[INFO] [stderr]   Downloaded sha-1 v0.9.4
[INFO] [stderr]   Downloaded wasm-bindgen-macro-support v0.2.72
[INFO] [stderr]   Downloaded wasm-bindgen-macro v0.2.72
[INFO] running `Command { std: "docker" "create" "-v" "/var/lib/crater-agent-workspace/builds/worker-13/target:/opt/rustwide/target:rw,Z" "-v" "/var/lib/crater-agent-workspace/builds/worker-13/source:/opt/rustwide/workdir:ro,Z" "-v" "/var/lib/crater-agent-workspace/cargo-home:/opt/rustwide/cargo-home:ro,Z" "-v" "/var/lib/crater-agent-workspace/rustup-home:/opt/rustwide/rustup-home:ro,Z" "-e" "SOURCE_DIR=/opt/rustwide/workdir" "-e" "CARGO_TARGET_DIR=/opt/rustwide/target" "-e" "CARGO_HOME=/opt/rustwide/cargo-home" "-e" "RUSTUP_HOME=/opt/rustwide/rustup-home" "-w" "/opt/rustwide/workdir" "-m" "1610612736" "--user" "0:0" "--network" "none" "ghcr.io/rust-lang/crates-build-env/linux@sha256:34b6a614d2c27851fe6cbf88fbd1137609cefab8b10d0615aaeb6fd47975d74e" "/opt/rustwide/cargo-home/bin/cargo" "+beta-2021-08-01" "metadata" "--no-deps" "--format-version=1", kill_on_drop: false }`
[INFO] [stdout] 2032db162e677b1279d0d23133cc36bb3c783b974e15fa2f6e10ec5dad8e40a1
[INFO] [stderr] WARNING: Your kernel does not support swap limit capabilities or the cgroup is not mounted. Memory limited without swap.
[INFO] running `Command { std: "docker" "start" "-a" "2032db162e677b1279d0d23133cc36bb3c783b974e15fa2f6e10ec5dad8e40a1", kill_on_drop: false }`
[INFO] running `Command { std: "docker" "inspect" "2032db162e677b1279d0d23133cc36bb3c783b974e15fa2f6e10ec5dad8e40a1", kill_on_drop: false }`
[INFO] running `Command { std: "docker" "rm" "-f" "2032db162e677b1279d0d23133cc36bb3c783b974e15fa2f6e10ec5dad8e40a1", kill_on_drop: false }`
[INFO] [stdout] 2032db162e677b1279d0d23133cc36bb3c783b974e15fa2f6e10ec5dad8e40a1
[INFO] running `Command { std: "docker" "create" "-v" "/var/lib/crater-agent-workspace/builds/worker-13/target:/opt/rustwide/target:rw,Z" "-v" "/var/lib/crater-agent-workspace/builds/worker-13/source:/opt/rustwide/workdir:ro,Z" "-v" "/var/lib/crater-agent-workspace/cargo-home:/opt/rustwide/cargo-home:ro,Z" "-v" "/var/lib/crater-agent-workspace/rustup-home:/opt/rustwide/rustup-home:ro,Z" "-e" "SOURCE_DIR=/opt/rustwide/workdir" "-e" "CARGO_TARGET_DIR=/opt/rustwide/target" "-e" "CARGO_INCREMENTAL=0" "-e" "RUST_BACKTRACE=full" "-e" "RUSTFLAGS=--cap-lints=warn" "-e" "CARGO_HOME=/opt/rustwide/cargo-home" "-e" "RUSTUP_HOME=/opt/rustwide/rustup-home" "-w" "/opt/rustwide/workdir" "-m" "1610612736" "--user" "0:0" "--network" "none" "ghcr.io/rust-lang/crates-build-env/linux@sha256:34b6a614d2c27851fe6cbf88fbd1137609cefab8b10d0615aaeb6fd47975d74e" "/opt/rustwide/cargo-home/bin/cargo" "+beta-2021-08-01" "build" "--frozen" "--message-format=json", kill_on_drop: false }`
[INFO] [stderr] WARNING: Your kernel does not support swap limit capabilities or the cgroup is not mounted. Memory limited without swap.
[INFO] [stdout] 474944e57af360ab87ac01b7947d5ebc186fb273699cc3b8e1a2426731424576
[INFO] running `Command { std: "docker" "start" "-a" "474944e57af360ab87ac01b7947d5ebc186fb273699cc3b8e1a2426731424576", kill_on_drop: false }`
[INFO] [stderr]    Compiling syn v1.0.67
[INFO] [stderr]    Compiling libc v0.2.91
[INFO] [stderr]    Compiling log v0.4.14
[INFO] [stderr]    Compiling version_check v0.9.3
[INFO] [stderr]    Compiling proc-macro-hack v0.5.19
[INFO] [stderr]    Compiling futures-core v0.3.13
[INFO] [stderr]    Compiling pin-project-lite v0.2.6
[INFO] [stderr]    Compiling cc v1.0.67
[INFO] [stderr]    Compiling futures-sink v0.3.13
[INFO] [stderr]    Compiling bytes v0.5.6
[INFO] [stderr]    Compiling proc-macro-nested v0.1.7
[INFO] [stderr]    Compiling pin-project-lite v0.1.12
[INFO] [stderr]    Compiling futures-task v0.3.13
[INFO] [stderr]    Compiling futures-io v0.3.13
[INFO] [stderr]    Compiling pkg-config v0.3.19
[INFO] [stderr]    Compiling itoa v0.4.7
[INFO] [stderr]    Compiling serde_derive v1.0.125
[INFO] [stderr]    Compiling smallvec v1.6.1
[INFO] [stderr]    Compiling once_cell v1.7.2
[INFO] [stderr]    Compiling serde v1.0.125
[INFO] [stderr]    Compiling pin-project-internal v0.4.28
[INFO] [stderr]    Compiling openssl v0.10.33
[INFO] [stderr]    Compiling bytes v1.0.1
[INFO] [stderr]    Compiling tinyvec_macros v0.1.0
[INFO] [stderr]    Compiling getrandom v0.1.16
[INFO] [stderr]    Compiling convert_case v0.4.0
[INFO] [stderr]    Compiling serde_json v1.0.64
[INFO] [stderr]    Compiling typenum v1.13.0
[INFO] [stderr]    Compiling hashbrown v0.9.1
[INFO] [stderr]    Compiling regex-syntax v0.6.23
[INFO] [stderr]    Compiling copyless v0.1.5
[INFO] [stderr]    Compiling httparse v1.3.5
[INFO] [stderr]    Compiling either v1.6.1
[INFO] [stderr]    Compiling ppv-lite86 v0.2.10
[INFO] [stderr]    Compiling unicode-segmentation v1.7.1
[INFO] [stderr]    Compiling async-trait v0.1.48
[INFO] [stderr]    Compiling const_fn v0.4.6
[INFO] [stderr]    Compiling encoding_rs v0.8.28
[INFO] [stderr]    Compiling byteorder v1.4.3
[INFO] [stderr]    Compiling match_cfg v0.1.0
[INFO] [stderr]    Compiling crc32fast v1.2.1
[INFO] [stderr]    Compiling linked-hash-map v0.5.4
[INFO] [stderr]    Compiling adler v1.0.2
[INFO] [stderr]    Compiling base64 v0.13.0
[INFO] [stderr]    Compiling cpuid-bool v0.1.2
[INFO] [stderr]    Compiling opaque-debug v0.3.0
[INFO] [stderr]    Compiling language-tags v0.2.2
[INFO] [stderr]    Compiling native-tls v0.2.7
[INFO] [stderr]    Compiling try-lock v0.2.3
[INFO] [stderr]    Compiling httpdate v0.3.2
[INFO] [stderr]    Compiling getrandom v0.2.2
[INFO] [stderr]    Compiling tower-service v0.3.1
[INFO] [stderr]    Compiling spin v0.5.2
[INFO] [stderr]    Compiling ipnet v2.3.0
[INFO] [stderr]    Compiling untrusted v0.7.1
[INFO] [stderr]    Compiling ansi_term v0.12.1
[INFO] [stderr]    Compiling instant v0.1.9
[INFO] [stderr]    Compiling indexmap v1.6.2
[INFO] [stderr]    Compiling miniz_oxide v0.4.4
[INFO] [stderr]    Compiling num-traits v0.2.14
[INFO] [stderr]    Compiling num-integer v0.1.44
[INFO] [stderr]    Compiling tokio v1.4.0
[INFO] [stderr]    Compiling tracing-core v0.1.17
[INFO] [stderr]    Compiling sharded-slab v0.1.1
[INFO] [stderr]    Compiling futures-channel v0.3.13
[INFO] [stderr]    Compiling thread_local v1.1.3
[INFO] [stderr]    Compiling form_urlencoded v1.0.1
[INFO] [stderr]    Compiling lock_api v0.4.2
[INFO] [stderr]    Compiling tinyvec v1.1.1
[INFO] [stderr]    Compiling standback v0.2.17
[INFO] [stderr]    Compiling generic-array v0.14.4
[INFO] [stderr]    Compiling time v0.2.26
[INFO] [stderr]    Compiling cookie v0.14.4
[INFO] [stderr]    Compiling unicase v2.6.0
[INFO] [stderr]    Compiling http v0.2.3
[INFO] [stderr]    Compiling bytestring v1.0.0
[INFO] [stderr]    Compiling lru-cache v0.1.2
[INFO] [stderr]    Compiling fxhash v0.2.1
[INFO] [stderr]    Compiling heck v0.3.2
[INFO] [stderr]    Compiling openssl-sys v0.9.61
[INFO] [stderr]    Compiling brotli-sys v0.3.2
[INFO] [stderr]    Compiling ring v0.16.20
[INFO] [stderr]    Compiling quote v1.0.9
[INFO] [stderr]    Compiling want v0.3.0
[INFO] [stderr]    Compiling tracing-log v0.1.2
[INFO] [stderr]    Compiling unicode-normalization v0.1.17
[INFO] [stderr]    Compiling net2 v0.2.37
[INFO] [stderr]    Compiling iovec v0.1.4
[INFO] [stderr]    Compiling signal-hook-registry v1.3.0
[INFO] [stderr]    Compiling num_cpus v1.13.0
[INFO] [stderr]    Compiling parking_lot_core v0.8.3
[INFO] [stderr]    Compiling socket2 v0.3.19
[INFO] [stderr]    Compiling hostname v0.3.1
[INFO] [stderr]    Compiling mio v0.6.23
[INFO] [stderr]    Compiling flate2 v1.0.20
[INFO] [stderr]    Compiling regex v1.4.5
[INFO] [stderr]    Compiling regex-automata v0.1.9
[INFO] [stderr]    Compiling threadpool v1.8.1
[INFO] [stderr]    Compiling parking_lot v0.11.1
[INFO] [stderr]    Compiling http-body v0.3.1
[INFO] [stderr]    Compiling rand_core v0.5.1
[INFO] [stderr]    Compiling resolv-conf v0.7.0
[INFO] [stderr]    Compiling idna v0.2.2
[INFO] [stderr]    Compiling digest v0.9.0
[INFO] [stderr]    Compiling block-buffer v0.9.0
[INFO] [stderr]    Compiling mime_guess v2.0.3
[INFO] [stderr]    Compiling chrono v0.4.19
[INFO] [stderr]    Compiling rand_chacha v0.2.2
[INFO] [stderr]    Compiling sha-1 v0.9.4
[INFO] [stderr]    Compiling mio-uds v0.6.8
[INFO] [stderr]    Compiling rand v0.7.3
[INFO] [stderr]    Compiling url v2.2.1
[INFO] [stderr]    Compiling matchers v0.0.1
[INFO] [stderr]    Compiling tokio v0.2.25
[INFO] [stderr]    Compiling brotli2 v0.3.2
[INFO] [stderr]    Compiling tokio-util v0.3.1
[INFO] [stderr]    Compiling tokio-openssl v0.4.0
[INFO] [stderr]    Compiling tokio-tls v0.3.1
[INFO] [stderr]    Compiling futures-macro v0.3.13
[INFO] [stderr]    Compiling tracing-attributes v0.1.15
[INFO] [stderr]    Compiling pin-project-internal v1.0.6
[INFO] [stderr]    Compiling derive_more v0.99.13
[INFO] [stderr]    Compiling actix-macros v0.1.3
[INFO] [stderr]    Compiling thiserror-impl v1.0.24
[INFO] [stderr]    Compiling enum-as-inner v0.3.3
[INFO] [stderr]    Compiling time-macros-impl v0.1.1
[INFO] [stderr]    Compiling actix-web-codegen v0.4.0
[INFO] [stderr]    Compiling display_json_derive v0.1.0 (https://github.com/jofas/display_json#62ca1c0e)
[INFO] [stderr]    Compiling derive-new v0.5.9
[INFO] [stderr]    Compiling time-macros v0.1.1
[INFO] [stderr]    Compiling futures-util v0.3.13
[INFO] [stderr]    Compiling pin-project v1.0.6
[INFO] [stderr]    Compiling tracing v0.1.25
[INFO] [stderr]    Compiling thiserror v1.0.24
[INFO] [stderr]    Compiling pin-project v0.4.28
[INFO] [stderr]    Compiling tracing-futures v0.2.5
[INFO] [stderr]    Compiling actix-codec v0.3.0
[INFO] [stderr]    Compiling actix-threadpool v0.3.3
[INFO] [stderr]    Compiling actix-service v1.0.6
[INFO] [stderr]    Compiling futures-executor v0.3.13
[INFO] [stderr]    Compiling h2 v0.2.7
[INFO] [stderr]    Compiling actix-rt v1.1.1
[INFO] [stderr]    Compiling futures v0.3.13
[INFO] [stderr]    Compiling trust-dns-proto v0.19.7
[INFO] [stderr]    Compiling actix-utils v2.0.0
[INFO] [stderr]    Compiling actix-tls v2.0.0
[INFO] [stderr]    Compiling actix-server v1.0.4
[INFO] [stderr]    Compiling actix-testing v1.0.1
[INFO] [stderr]    Compiling trust-dns-resolver v0.19.7
[INFO] [stderr]    Compiling actix-connect v2.0.0
[INFO] [stderr]    Compiling hyper v0.13.10
[INFO] [stderr]    Compiling serde_urlencoded v0.7.0
[INFO] [stderr]    Compiling actix-router v0.2.7
[INFO] [stderr]    Compiling tracing-serde v0.1.2
[INFO] [stderr]    Compiling uuid v0.8.2
[INFO] [stderr]    Compiling actix-http v2.2.0
[INFO] [stderr]    Compiling tracing-subscriber v0.2.17
[INFO] [stderr]    Compiling display_json v0.1.0 (https://github.com/jofas/display_json#62ca1c0e)
[INFO] [stderr]    Compiling hyper-tls v0.4.3
[INFO] [stderr]    Compiling reqwest v0.10.10
[INFO] [stderr]    Compiling awc v2.0.3
[INFO] [stderr]    Compiling actix-web v3.3.2
[INFO] [stderr]    Compiling jwks-client v0.2.0
[INFO] [stderr]    Compiling actix-web-httpauth v0.5.1
[INFO] [stderr]    Compiling jonases-tracing-util v0.1.0 (https://github.com/jofas/jonases_tracing_util#e1888a9a)
[INFO] [stderr]    Compiling actix-cors v0.5.4
[INFO] [stderr]    Compiling actix-proxy v0.1.0 (https://github.com/jofas/actix_proxy#362e70d3)
[INFO] [stderr]    Compiling actix-jwt-validator-middleware v0.1.0 (https://github.com/jofas/actix_jwt_validator_middleware#522d578f)
[INFO] [stderr]    Compiling actix-oidc-token v0.1.0 (https://github.com/jofas/actix_oidc_token#a6a963be)
[INFO] [stdout] error[E0432]: unresolved import `std::option::NoneError`
[INFO] [stdout]   --> /opt/rustwide/cargo-home/git/checkouts/actix_jwt_validator_middleware-4815cbbc30b648e1/522d578/src/lib.rs:28:5
[INFO] [stdout]    |
[INFO] [stdout] 28 | use std::option::NoneError;
[INFO] [stdout]    |     ^^^^^^^^^^^^^^^^^^^^^^ no `NoneError` in `option`
[INFO] [stdout] 
[INFO] [stdout] 
[INFO] [stdout] error[E0554]: `#![feature]` may not be used on the beta release channel
[INFO] [stdout]  --> /opt/rustwide/cargo-home/git/checkouts/actix_jwt_validator_middleware-4815cbbc30b648e1/522d578/src/lib.rs:1:1
[INFO] [stdout]   |
[INFO] [stdout] 1 | #![feature(try_trait)]
[INFO] [stdout]   | ^^^^^^^^^^^^^^^^^^^^^^
[INFO] [stdout] 
[INFO] [stdout] 
[INFO] [stdout] error[E0432]: unresolved import `std::option::NoneError`
[INFO] [stdout]   --> /opt/rustwide/cargo-home/git/checkouts/actix_oidc_token-89ca4de62124215d/a6a963b/src/lib.rs:13:5
[INFO] [stdout]    |
[INFO] [stdout] 13 | use std::option::NoneError;
[INFO] [stdout]    |     ^^^^^^^^^^^^^^^^^^^^^^ no `NoneError` in `option`
[INFO] [stdout] 
[INFO] [stdout] 
[INFO] [stdout] error[E0554]: `#![feature]` may not be used on the beta release channel
[INFO] [stdout]  --> /opt/rustwide/cargo-home/git/checkouts/actix_oidc_token-89ca4de62124215d/a6a963b/src/lib.rs:1:1
[INFO] [stdout]   |
[INFO] [stdout] 1 | #![feature(try_trait)]
[INFO] [stdout]   | ^^^^^^^^^^^^^^^^^^^^^^
[INFO] [stdout] 
[INFO] [stdout] 
[INFO] [stdout] error: aborting due to 2 previous errors
[INFO] [stdout] 
[INFO] [stdout] 
[INFO] [stdout] Some errors have detailed explanations: E0432, E0554.
[INFO] [stdout] 
[INFO] [stdout] For more information about an error, try `rustc --explain E0432`.
[INFO] [stdout] 
[INFO] [stderr] error: could not compile `actix-jwt-validator-middleware` due to 3 previous errors
[INFO] [stderr] warning: build failed, waiting for other jobs to finish...
[INFO] [stdout] error: aborting due to 2 previous errors
[INFO] [stdout] 
[INFO] [stdout] 
[INFO] [stdout] Some errors have detailed explanations: E0432, E0554.
[INFO] [stdout] 
[INFO] [stdout] For more information about an error, try `rustc --explain E0432`.
[INFO] [stdout] 
[INFO] [stderr] error: build failed
[INFO] running `Command { std: "docker" "inspect" "474944e57af360ab87ac01b7947d5ebc186fb273699cc3b8e1a2426731424576", kill_on_drop: false }`
[INFO] running `Command { std: "docker" "rm" "-f" "474944e57af360ab87ac01b7947d5ebc186fb273699cc3b8e1a2426731424576", kill_on_drop: false }`
[INFO] [stdout] 474944e57af360ab87ac01b7947d5ebc186fb273699cc3b8e1a2426731424576
