[INFO] cloning repository https://github.com/joel-simon/dna_to_protein
[INFO] running `Command { std: "git" "-c" "credential.helper=" "-c" "credential.helper=/workspace/cargo-home/bin/git-credential-null" "clone" "--bare" "https://github.com/joel-simon/dna_to_protein" "/workspace/cache/git-repos/https%3A%2F%2Fgithub.com%2Fjoel-simon%2Fdna_to_protein", kill_on_drop: false }`
[INFO] [stderr] Cloning into bare repository '/workspace/cache/git-repos/https%3A%2F%2Fgithub.com%2Fjoel-simon%2Fdna_to_protein'...
[INFO] running `Command { std: "git" "rev-parse" "HEAD", kill_on_drop: false }`
[INFO] [stdout] 1968e6b0f5d16063f3cc15ce8e315a16252d3fd0
[INFO] testing joel-simon/dna_to_protein against beta-2021-08-01 for beta-1.55-1
[INFO] running `Command { std: "git" "clone" "/workspace/cache/git-repos/https%3A%2F%2Fgithub.com%2Fjoel-simon%2Fdna_to_protein" "/workspace/builds/worker-14/source", kill_on_drop: false }`
[INFO] [stderr] Cloning into '/workspace/builds/worker-14/source'...
[INFO] [stderr] done.
[INFO] validating manifest of git repo https://github.com/joel-simon/dna_to_protein on toolchain beta-2021-08-01
[INFO] running `Command { std: "/workspace/cargo-home/bin/cargo" "+beta-2021-08-01" "metadata" "--manifest-path" "Cargo.toml" "--no-deps", kill_on_drop: false }`
[INFO] started tweaking git repo https://github.com/joel-simon/dna_to_protein
[INFO] finished tweaking git repo https://github.com/joel-simon/dna_to_protein
[INFO] tweaked toml for git repo https://github.com/joel-simon/dna_to_protein written to /workspace/builds/worker-14/source/Cargo.toml
[INFO] crate git repo https://github.com/joel-simon/dna_to_protein already has a lockfile, it will not be regenerated
[INFO] running `Command { std: "/workspace/cargo-home/bin/cargo" "+beta-2021-08-01" "fetch" "--manifest-path" "Cargo.toml", kill_on_drop: false }`
[INFO] running `Command { std: "docker" "create" "-v" "/var/lib/crater-agent-workspace/builds/worker-14/target:/opt/rustwide/target:rw,Z" "-v" "/var/lib/crater-agent-workspace/builds/worker-14/source:/opt/rustwide/workdir:ro,Z" "-v" "/var/lib/crater-agent-workspace/cargo-home:/opt/rustwide/cargo-home:ro,Z" "-v" "/var/lib/crater-agent-workspace/rustup-home:/opt/rustwide/rustup-home:ro,Z" "-e" "SOURCE_DIR=/opt/rustwide/workdir" "-e" "CARGO_TARGET_DIR=/opt/rustwide/target" "-e" "CARGO_HOME=/opt/rustwide/cargo-home" "-e" "RUSTUP_HOME=/opt/rustwide/rustup-home" "-w" "/opt/rustwide/workdir" "-m" "1610612736" "--user" "0:0" "--network" "none" "ghcr.io/rust-lang/crates-build-env/linux@sha256:34b6a614d2c27851fe6cbf88fbd1137609cefab8b10d0615aaeb6fd47975d74e" "/opt/rustwide/cargo-home/bin/cargo" "+beta-2021-08-01" "metadata" "--no-deps" "--format-version=1", kill_on_drop: false }`
[INFO] [stderr] WARNING: Your kernel does not support swap limit capabilities or the cgroup is not mounted. Memory limited without swap.
[INFO] [stdout] 25ac74d683c1f8ca9ce8c16cd7bf08bc8e93140a56e6fa172f1876d83e4eebae
[INFO] running `Command { std: "docker" "start" "-a" "25ac74d683c1f8ca9ce8c16cd7bf08bc8e93140a56e6fa172f1876d83e4eebae", kill_on_drop: false }`
[INFO] running `Command { std: "docker" "inspect" "25ac74d683c1f8ca9ce8c16cd7bf08bc8e93140a56e6fa172f1876d83e4eebae", kill_on_drop: false }`
[INFO] running `Command { std: "docker" "rm" "-f" "25ac74d683c1f8ca9ce8c16cd7bf08bc8e93140a56e6fa172f1876d83e4eebae", kill_on_drop: false }`
[INFO] [stdout] 25ac74d683c1f8ca9ce8c16cd7bf08bc8e93140a56e6fa172f1876d83e4eebae
[INFO] running `Command { std: "docker" "create" "-v" "/var/lib/crater-agent-workspace/builds/worker-14/target:/opt/rustwide/target:rw,Z" "-v" "/var/lib/crater-agent-workspace/builds/worker-14/source:/opt/rustwide/workdir:ro,Z" "-v" "/var/lib/crater-agent-workspace/cargo-home:/opt/rustwide/cargo-home:ro,Z" "-v" "/var/lib/crater-agent-workspace/rustup-home:/opt/rustwide/rustup-home:ro,Z" "-e" "SOURCE_DIR=/opt/rustwide/workdir" "-e" "CARGO_TARGET_DIR=/opt/rustwide/target" "-e" "CARGO_INCREMENTAL=0" "-e" "RUST_BACKTRACE=full" "-e" "RUSTFLAGS=--cap-lints=warn" "-e" "CARGO_HOME=/opt/rustwide/cargo-home" "-e" "RUSTUP_HOME=/opt/rustwide/rustup-home" "-w" "/opt/rustwide/workdir" "-m" "1610612736" "--user" "0:0" "--network" "none" "ghcr.io/rust-lang/crates-build-env/linux@sha256:34b6a614d2c27851fe6cbf88fbd1137609cefab8b10d0615aaeb6fd47975d74e" "/opt/rustwide/cargo-home/bin/cargo" "+beta-2021-08-01" "build" "--frozen" "--message-format=json", kill_on_drop: false }`
[INFO] [stdout] 7835e0f9b1f84012ed9247f82918e1e230af18a8d09b9d4bedfb5ecb9c2b05d1
[INFO] [stderr] WARNING: Your kernel does not support swap limit capabilities or the cgroup is not mounted. Memory limited without swap.
[INFO] running `Command { std: "docker" "start" "-a" "7835e0f9b1f84012ed9247f82918e1e230af18a8d09b9d4bedfb5ecb9c2b05d1", kill_on_drop: false }`
[INFO] [stderr]    Compiling dna_to_protien v0.0.1 (/opt/rustwide/workdir)
[INFO] [stdout] error[E0432]: unresolved import `std::old_io`
[INFO] [stdout]  --> src/main.rs:2:10
[INFO] [stdout]   |
[INFO] [stdout] 2 | use std::old_io::File;
[INFO] [stdout]   |          ^^^^^^ could not find `old_io` in `std`
[INFO] [stdout] 
[INFO] [stdout] 
[INFO] [stdout] error[E0432]: unresolved import `std::old_io`
[INFO] [stdout]  --> src/main.rs:4:10
[INFO] [stdout]   |
[INFO] [stdout] 4 | use std::old_io::BufferedReader;
[INFO] [stdout]   |          ^^^^^^ could not find `old_io` in `std`
[INFO] [stdout] 
[INFO] [stdout] 
[INFO] [stdout] error[E0433]: failed to resolve: could not find `old_io` in `std`
[INFO] [stdout]   --> src/main.rs:11:28
[INFO] [stdout]    |
[INFO] [stdout] 11 |     file: BufferedReader<std::old_io::fs::File>,
[INFO] [stdout]    |                               ^^^^^^ could not find `old_io` in `std`
[INFO] [stdout] 
[INFO] [stdout] 
[INFO] [stdout] error[E0425]: cannot find function `args` in module `os`
[INFO] [stdout]    --> src/main.rs:109:30
[INFO] [stdout]     |
[INFO] [stdout] 109 |     let args: Vec<String> = os::args();
[INFO] [stdout]     |                                 ^^^^ not found in `os`
[INFO] [stdout]     |
[INFO] [stdout] help: consider importing this function
[INFO] [stdout]     |
[INFO] [stdout] 2   | use std::env::args;
[INFO] [stdout]     |
[INFO] [stdout] 
[INFO] [stdout] 
[INFO] [stdout] error[E0433]: failed to resolve: use of undeclared type `Path`
[INFO] [stdout]    --> src/main.rs:111:39
[INFO] [stdout]     |
[INFO] [stdout] 111 |         (Some(file_in), Some(file_out)) => (Path::new(file_in), Path::new(file_out)),
[INFO] [stdout]     |                                             ^^^^ not found in this scope
[INFO] [stdout]     |
[INFO] [stdout] help: consider importing this struct
[INFO] [stdout]     |
[INFO] [stdout] 2   | use std::path::Path;
[INFO] [stdout]     |
[INFO] [stdout] 
[INFO] [stdout] 
[INFO] [stdout] error[E0433]: failed to resolve: use of undeclared type `Path`
[INFO] [stdout]    --> src/main.rs:111:59
[INFO] [stdout]     |
[INFO] [stdout] 111 |         (Some(file_in), Some(file_out)) => (Path::new(file_in), Path::new(file_out)),
[INFO] [stdout]     |                                                                 ^^^^ not found in this scope
[INFO] [stdout]     |
[INFO] [stdout] help: consider importing this struct
[INFO] [stdout]     |
[INFO] [stdout] 2   | use std::path::Path;
[INFO] [stdout]     |
[INFO] [stdout] 
[INFO] [stdout] 
[INFO] [stdout] error[E0554]: `#![feature]` may not be used on the beta release channel
[INFO] [stdout]  --> src/main.rs:1:1
[INFO] [stdout]   |
[INFO] [stdout] 1 | #![feature(os,path,io,collections)]
[INFO] [stdout]   | ^^^^^^^^^^^^^^^^^^^^^^^^^^^^^^^^^^^
[INFO] [stdout] 
[INFO] [stdout] 
[INFO] [stdout] error: aborting due to 7 previous errors
[INFO] [stdout] 
[INFO] [stdout] 
[INFO] [stdout] Some errors have detailed explanations: E0425, E0432, E0433, E0554.
[INFO] [stdout] 
[INFO] [stdout] For more information about an error, try `rustc --explain E0425`.
[INFO] [stdout] 
[INFO] [stderr] error: could not compile `dna_to_protien` due to 8 previous errors
[INFO] running `Command { std: "docker" "inspect" "7835e0f9b1f84012ed9247f82918e1e230af18a8d09b9d4bedfb5ecb9c2b05d1", kill_on_drop: false }`
[INFO] running `Command { std: "docker" "rm" "-f" "7835e0f9b1f84012ed9247f82918e1e230af18a8d09b9d4bedfb5ecb9c2b05d1", kill_on_drop: false }`
[INFO] [stdout] 7835e0f9b1f84012ed9247f82918e1e230af18a8d09b9d4bedfb5ecb9c2b05d1
