[INFO] cloning repository https://github.com/jkcclemens/tetra_master
[INFO] running `Command { std: "git" "-c" "credential.helper=" "-c" "credential.helper=/workspace/cargo-home/bin/git-credential-null" "clone" "--bare" "https://github.com/jkcclemens/tetra_master" "/workspace/cache/git-repos/https%3A%2F%2Fgithub.com%2Fjkcclemens%2Ftetra_master", kill_on_drop: false }`
[INFO] [stderr] Cloning into bare repository '/workspace/cache/git-repos/https%3A%2F%2Fgithub.com%2Fjkcclemens%2Ftetra_master'...
[INFO] running `Command { std: "git" "rev-parse" "HEAD", kill_on_drop: false }`
[INFO] [stdout] 624a0793e56eb99deff4a11420df202f0c615a13
[INFO] testing jkcclemens/tetra_master against beta-2021-08-01 for beta-1.55-1
[INFO] running `Command { std: "git" "clone" "/workspace/cache/git-repos/https%3A%2F%2Fgithub.com%2Fjkcclemens%2Ftetra_master" "/workspace/builds/worker-88/source", kill_on_drop: false }`
[INFO] [stderr] Cloning into '/workspace/builds/worker-88/source'...
[INFO] [stderr] done.
[INFO] validating manifest of git repo https://github.com/jkcclemens/tetra_master on toolchain beta-2021-08-01
[INFO] running `Command { std: "/workspace/cargo-home/bin/cargo" "+beta-2021-08-01" "metadata" "--manifest-path" "Cargo.toml" "--no-deps", kill_on_drop: false }`
[INFO] removed /workspace/builds/worker-88/source/.cargo/config
[INFO] started tweaking git repo https://github.com/jkcclemens/tetra_master
[INFO] finished tweaking git repo https://github.com/jkcclemens/tetra_master
[INFO] tweaked toml for git repo https://github.com/jkcclemens/tetra_master written to /workspace/builds/worker-88/source/Cargo.toml
[INFO] crate git repo https://github.com/jkcclemens/tetra_master already has a lockfile, it will not be regenerated
[INFO] running `Command { std: "/workspace/cargo-home/bin/cargo" "+beta-2021-08-01" "fetch" "--manifest-path" "Cargo.toml", kill_on_drop: false }`
[INFO] [stderr]     Blocking waiting for file lock on package cache
[INFO] [stderr]     Blocking waiting for file lock on package cache
[INFO] [stderr]  Downloading crates ...
[INFO] [stderr]   Downloaded petgraph v0.2.9
[INFO] [stderr]   Downloaded byteorder v1.0.0
[INFO] [stderr]   Downloaded rustc-demangle v0.1.4
[INFO] [stderr]   Downloaded khronos_api v1.0.1
[INFO] [stderr]   Downloaded tempfile v2.1.5
[INFO] [stderr]   Downloaded core-graphics v0.4.2
[INFO] [stderr]   Downloaded fixedbitset v0.1.6
[INFO] [stderr]   Downloaded gleam v0.2.32
[INFO] [stderr]   Downloaded pistoncore-input v0.18.0
[INFO] [stderr]   Downloaded piston-viewport v0.3.0
[INFO] [stderr]   Downloaded jpeg-decoder v0.1.12
[INFO] [stderr]   Downloaded arrayvec v0.3.23
[INFO] [stderr]   Downloaded gif v0.9.1
[INFO] [stderr]   Downloaded serde v0.7.15
[INFO] [stderr]   Downloaded cocoa v0.3.3
[INFO] [stderr]   Downloaded wayland-sys v0.7.8
[INFO] [stderr]   Downloaded wayland-scanner v0.7.8
[INFO] [stderr]   Downloaded daggy v0.4.1
[INFO] [stderr]   Downloaded cocoa v0.5.2
[INFO] [stderr]   Downloaded nodrop v0.1.9
[INFO] [stderr]   Downloaded stb_truetype v0.2.1
[INFO] [stderr]   Downloaded gcc v0.3.49
[INFO] [stderr]   Downloaded glutin v0.7.4
[INFO] [stderr]   Downloaded linked-hash-map v0.0.10
[INFO] [stderr]   Downloaded cgl v0.1.5
[INFO] [stderr]   Downloaded cpal v0.4.5
[INFO] [stderr]   Downloaded shared_library v0.1.5
[INFO] [stderr]   Downloaded alsa-sys v0.1.1
[INFO] [stderr]   Downloaded wayland-kbd v0.6.3
[INFO] [stderr]   Downloaded android_glue v0.2.2
[INFO] [stderr]   Downloaded gl_generator v0.5.3
[INFO] [stderr]   Downloaded smallvec v0.1.8
[INFO] [stderr]   Downloaded odds v0.2.25
[INFO] [stderr]   Downloaded bitflags v0.8.2
[INFO] [stderr]   Downloaded num-complex v0.1.37
[INFO] [stderr]   Downloaded rusttype v0.2.1
[INFO] [stderr]   Downloaded scoped_threadpool v0.1.7
[INFO] [stderr]   Downloaded glium v0.16.0
[INFO] [stderr]   Downloaded conrod v0.52.0
[INFO] [stderr]   Downloaded num-rational v0.1.36
[INFO] [stderr]   Downloaded rayon-core v1.0.0
[INFO] [stderr]   Downloaded claxon v0.3.0
[INFO] [stderr]   Downloaded num-integer v0.1.34
[INFO] [stderr]   Downloaded futures v0.1.13
[INFO] [stderr]   Downloaded wayland-window v0.4.4
[INFO] [stderr]   Downloaded target_build_utils v0.3.1
[INFO] [stderr]   Downloaded png v0.7.0
[INFO] [stderr]   Downloaded x11-dl v2.14.0
[INFO] [stderr]   Downloaded core-graphics v0.3.2
[INFO] [stderr]   Downloaded num_cpus v1.5.0
[INFO] [stderr]   Downloaded deque v0.3.2
[INFO] [stderr]   Downloaded rayon v0.7.0
[INFO] [stderr]   Downloaded num-bigint v0.1.37
[INFO] [stderr]   Downloaded adler32 v1.0.0
[INFO] [stderr]   Downloaded wayland-client v0.7.8
[INFO] [stderr]   Downloaded coreaudio-rs v0.6.0
[INFO] [stderr]   Downloaded winit v0.5.11
[INFO] [stderr]   Downloaded rodio v0.5.0
[INFO] [stderr]   Downloaded backtrace-sys v0.1.11
[INFO] [stderr]   Downloaded deflate v0.7.11
[INFO] [stderr]   Downloaded serde v0.9.15
[INFO] [stderr]   Downloaded serde_json v0.9.10
[INFO] [stderr]   Downloaded libloading v0.3.4
[INFO] [stderr]   Downloaded dlib v0.3.1
[INFO] [stderr]   Downloaded inflate v0.2.0
[INFO] [stderr]   Downloaded image v0.13.0
[INFO] running `Command { std: "docker" "create" "-v" "/var/lib/crater-agent-workspace/builds/worker-88/target:/opt/rustwide/target:rw,Z" "-v" "/var/lib/crater-agent-workspace/builds/worker-88/source:/opt/rustwide/workdir:ro,Z" "-v" "/var/lib/crater-agent-workspace/cargo-home:/opt/rustwide/cargo-home:ro,Z" "-v" "/var/lib/crater-agent-workspace/rustup-home:/opt/rustwide/rustup-home:ro,Z" "-e" "SOURCE_DIR=/opt/rustwide/workdir" "-e" "CARGO_TARGET_DIR=/opt/rustwide/target" "-e" "CARGO_HOME=/opt/rustwide/cargo-home" "-e" "RUSTUP_HOME=/opt/rustwide/rustup-home" "-w" "/opt/rustwide/workdir" "-m" "1610612736" "--user" "0:0" "--network" "none" "ghcr.io/rust-lang/crates-build-env/linux@sha256:34b6a614d2c27851fe6cbf88fbd1137609cefab8b10d0615aaeb6fd47975d74e" "/opt/rustwide/cargo-home/bin/cargo" "+beta-2021-08-01" "metadata" "--no-deps" "--format-version=1", kill_on_drop: false }`
[INFO] [stdout] f5fed8a9e2d3f17fd27bb5205ab2102eccc7e44665f69e7db6b7c7044a0f0b66
[INFO] running `Command { std: "docker" "start" "-a" "f5fed8a9e2d3f17fd27bb5205ab2102eccc7e44665f69e7db6b7c7044a0f0b66", kill_on_drop: false }`
[INFO] running `Command { std: "docker" "inspect" "f5fed8a9e2d3f17fd27bb5205ab2102eccc7e44665f69e7db6b7c7044a0f0b66", kill_on_drop: false }`
[INFO] running `Command { std: "docker" "rm" "-f" "f5fed8a9e2d3f17fd27bb5205ab2102eccc7e44665f69e7db6b7c7044a0f0b66", kill_on_drop: false }`
[INFO] [stdout] f5fed8a9e2d3f17fd27bb5205ab2102eccc7e44665f69e7db6b7c7044a0f0b66
[INFO] running `Command { std: "docker" "create" "-v" "/var/lib/crater-agent-workspace/builds/worker-88/target:/opt/rustwide/target:rw,Z" "-v" "/var/lib/crater-agent-workspace/builds/worker-88/source:/opt/rustwide/workdir:ro,Z" "-v" "/var/lib/crater-agent-workspace/cargo-home:/opt/rustwide/cargo-home:ro,Z" "-v" "/var/lib/crater-agent-workspace/rustup-home:/opt/rustwide/rustup-home:ro,Z" "-e" "SOURCE_DIR=/opt/rustwide/workdir" "-e" "CARGO_TARGET_DIR=/opt/rustwide/target" "-e" "CARGO_INCREMENTAL=0" "-e" "RUST_BACKTRACE=full" "-e" "RUSTFLAGS=--cap-lints=warn" "-e" "CARGO_HOME=/opt/rustwide/cargo-home" "-e" "RUSTUP_HOME=/opt/rustwide/rustup-home" "-w" "/opt/rustwide/workdir" "-m" "1610612736" "--user" "0:0" "--network" "none" "ghcr.io/rust-lang/crates-build-env/linux@sha256:34b6a614d2c27851fe6cbf88fbd1137609cefab8b10d0615aaeb6fd47975d74e" "/opt/rustwide/cargo-home/bin/cargo" "+beta-2021-08-01" "build" "--frozen" "--message-format=json", kill_on_drop: false }`
[INFO] [stdout] bb8c8fcadc633284ff2f850c13cf69602db7a3c2078555b5fed6564b0254ac29
[INFO] running `Command { std: "docker" "start" "-a" "bb8c8fcadc633284ff2f850c13cf69602db7a3c2078555b5fed6564b0254ac29", kill_on_drop: false }`
[INFO] [stderr]     Blocking waiting for file lock on package cache
[INFO] [stderr]    Compiling libc v0.2.23
[INFO] [stderr]    Compiling num-traits v0.1.37
[INFO] [stderr]    Compiling siphasher v0.2.2
[INFO] [stderr]    Compiling lazy_static v0.2.8
[INFO] [stderr]    Compiling bitflags v0.7.0
[INFO] [stderr]    Compiling winapi-build v0.1.1
[INFO] [stderr]    Compiling serde v0.9.15
[INFO] [stderr]    Compiling dtoa v0.4.1
[INFO] [stderr]    Compiling itoa v0.3.1
[INFO] [stderr]    Compiling byteorder v1.0.0
[INFO] [stderr]    Compiling pkg-config v0.3.9
[INFO] [stderr]    Compiling winapi v0.2.8
[INFO] [stderr]    Compiling semver v0.1.20
[INFO] [stderr]    Compiling khronos_api v1.0.1
[INFO] [stderr]    Compiling log v0.3.8
[INFO] [stderr]    Compiling rustc-serialize v0.3.24
[INFO] [stderr]    Compiling gcc v0.3.49
[INFO] [stderr]    Compiling rayon-core v1.0.0
[INFO] [stderr]    Compiling odds v0.2.25
[INFO] [stderr]    Compiling deque v0.3.2
[INFO] [stderr]    Compiling backtrace v0.2.3
[INFO] [stderr]    Compiling fixedbitset v0.1.6
[INFO] [stderr]    Compiling piston-float v0.3.0
[INFO] [stderr]    Compiling rustc-demangle v0.1.4
[INFO] [stderr]    Compiling adler32 v1.0.0
[INFO] [stderr]    Compiling byteorder v0.4.2
[INFO] [stderr]    Compiling cfg-if v0.1.0
[INFO] [stderr]    Compiling color_quant v1.0.0
[INFO] [stderr]    Compiling futures v0.1.13
[INFO] [stderr]    Compiling linked-hash-map v0.0.10
[INFO] [stderr]    Compiling bitflags v0.8.2
[INFO] [stderr]    Compiling smallvec v0.1.8
[INFO] [stderr]    Compiling inflate v0.2.0
[INFO] [stderr]    Compiling fnv v1.0.5
[INFO] [stderr]    Compiling hound v1.1.0
[INFO] [stderr]    Compiling lazy_static v0.1.16
[INFO] [stderr]    Compiling scoped_threadpool v0.1.7
[INFO] [stderr]    Compiling claxon v0.3.0
[INFO] [stderr]    Compiling find_folder v0.3.0
[INFO] [stderr]    Compiling xml-rs v0.3.6
[INFO] [stderr]    Compiling rustc_version v0.1.7
[INFO] [stderr]    Compiling piston-viewport v0.3.0
[INFO] [stderr]    Compiling rand v0.3.15
[INFO] [stderr]    Compiling shared_library v0.1.5
[INFO] [stderr]    Compiling num_cpus v1.5.0
[INFO] [stderr]    Compiling phf_shared v0.7.21
[INFO] [stderr]    Compiling nodrop v0.1.9
[INFO] [stderr]    Compiling stb_truetype v0.2.1
[INFO] [stderr]    Compiling gif v0.9.1
[INFO] [stderr]    Compiling petgraph v0.2.9
[INFO] [stderr]    Compiling backtrace-sys v0.1.11
[INFO] [stderr]    Compiling tempfile v2.1.5
[INFO] [stderr]    Compiling x11-dl v2.14.0
[INFO] [stderr]    Compiling alsa-sys v0.1.1
[INFO] [stdout] error[E0034]: multiple applicable items in scope
[INFO] [stdout]    --> /opt/rustwide/cargo-home/registry/src/github.com-1ecc6299db9ec823/petgraph-0.2.9/src/graph.rs:421:21
[INFO] [stdout]     |
[INFO] [stdout] 421 |         assert!(Ix::max().index() == !0 || NodeIndex::end() != node_idx);
[INFO] [stdout]     |                     ^^^ multiple `max` found
[INFO] [stdout]     |
[INFO] [stdout] note: candidate #1 is defined in the trait `IndexType`
[INFO] [stdout]    --> /opt/rustwide/cargo-home/registry/src/github.com-1ecc6299db9ec823/petgraph-0.2.9/src/graph.rs:31:5
[INFO] [stdout]     |
[INFO] [stdout] 31  |     fn max() -> Self;
[INFO] [stdout]     |     ^^^^^^^^^^^^^^^^^
[INFO] [stdout] note: candidate #2 is defined in the trait `Ord`
[INFO] [stdout] help: disambiguate the associated function for candidate #1
[INFO] [stdout]     |
[INFO] [stdout] 421 |         assert!(IndexType::max().index() == !0 || NodeIndex::end() != node_idx);
[INFO] [stdout]     |                 ^^^^^^^^^^^^^^
[INFO] [stdout] help: disambiguate the associated function for candidate #2
[INFO] [stdout]     |
[INFO] [stdout] 421 |         assert!(Ord::max().index() == !0 || NodeIndex::end() != node_idx);
[INFO] [stdout]     |                 ^^^^^^^^
[INFO] [stdout] 
[INFO] [stdout] 
[INFO] [stdout] error[E0308]: mismatched types
[INFO] [stdout]    --> /opt/rustwide/cargo-home/registry/src/github.com-1ecc6299db9ec823/petgraph-0.2.9/src/graph.rs:421:38
[INFO] [stdout]     |
[INFO] [stdout] 374 | impl<N, E, Ty, Ix> Graph<N, E, Ty, Ix>
[INFO] [stdout]     |                -- this type parameter
[INFO] [stdout] ...
[INFO] [stdout] 421 |         assert!(Ix::max().index() == !0 || NodeIndex::end() != node_idx);
[INFO] [stdout]     |                                      ^^ expected type parameter `Ix`, found integer
[INFO] [stdout]     |
[INFO] [stdout]     = note: expected type parameter `Ix`
[INFO] [stdout]                          found type `{integer}`
[INFO] [stdout] 
[INFO] [stdout] 
[INFO] [stdout] error[E0034]: multiple applicable items in scope
[INFO] [stdout]    --> /opt/rustwide/cargo-home/registry/src/github.com-1ecc6299db9ec823/petgraph-0.2.9/src/graph.rs:458:21
[INFO] [stdout]     |
[INFO] [stdout] 458 |         assert!(Ix::max().index() == !0 || EdgeIndex::end() != edge_idx);
[INFO] [stdout]     |                     ^^^ multiple `max` found
[INFO] [stdout]     |
[INFO] [stdout] note: candidate #1 is defined in the trait `IndexType`
[INFO] [stdout]    --> /opt/rustwide/cargo-home/registry/src/github.com-1ecc6299db9ec823/petgraph-0.2.9/src/graph.rs:31:5
[INFO] [stdout]     |
[INFO] [stdout] 31  |     fn max() -> Self;
[INFO] [stdout]     |     ^^^^^^^^^^^^^^^^^
[INFO] [stdout] note: candidate #2 is defined in the trait `Ord`
[INFO] [stdout] help: disambiguate the associated function for candidate #1
[INFO] [stdout]     |
[INFO] [stdout] 458 |         assert!(IndexType::max().index() == !0 || EdgeIndex::end() != edge_idx);
[INFO] [stdout]     |                 ^^^^^^^^^^^^^^
[INFO] [stdout] help: disambiguate the associated function for candidate #2
[INFO] [stdout]     |
[INFO] [stdout] 458 |         assert!(Ord::max().index() == !0 || EdgeIndex::end() != edge_idx);
[INFO] [stdout]     |                 ^^^^^^^^
[INFO] [stdout] 
[INFO] [stdout] 
[INFO] [stdout] error[E0308]: mismatched types
[INFO] [stdout]    --> /opt/rustwide/cargo-home/registry/src/github.com-1ecc6299db9ec823/petgraph-0.2.9/src/graph.rs:458:38
[INFO] [stdout]     |
[INFO] [stdout] 374 | impl<N, E, Ty, Ix> Graph<N, E, Ty, Ix>
[INFO] [stdout]     |                -- this type parameter
[INFO] [stdout] ...
[INFO] [stdout] 458 |         assert!(Ix::max().index() == !0 || EdgeIndex::end() != edge_idx);
[INFO] [stdout]     |                                      ^^ expected type parameter `Ix`, found integer
[INFO] [stdout]     |
[INFO] [stdout]     = note: expected type parameter `Ix`
[INFO] [stdout]                          found type `{integer}`
[INFO] [stdout] 
[INFO] [stdout] 
[INFO] [stderr]    Compiling deflate v0.7.11
[INFO] [stderr]    Compiling ogg v0.4.1
[INFO] [stdout] error: aborting due to 4 previous errors
[INFO] [stdout] 
[INFO] [stdout] 
[INFO] [stdout] Some errors have detailed explanations: E0034, E0308.
[INFO] [stdout] 
[INFO] [stdout] For more information about an error, try `rustc --explain E0034`.
[INFO] [stdout] 
[INFO] [stderr] error: could not compile `petgraph` due to 5 previous errors
[INFO] [stderr] warning: build failed, waiting for other jobs to finish...
[INFO] [stderr] error: build failed
[INFO] running `Command { std: "docker" "inspect" "bb8c8fcadc633284ff2f850c13cf69602db7a3c2078555b5fed6564b0254ac29", kill_on_drop: false }`
[INFO] running `Command { std: "docker" "rm" "-f" "bb8c8fcadc633284ff2f850c13cf69602db7a3c2078555b5fed6564b0254ac29", kill_on_drop: false }`
[INFO] [stdout] bb8c8fcadc633284ff2f850c13cf69602db7a3c2078555b5fed6564b0254ac29
