[INFO] cloning repository https://github.com/jkarns275/gba-mp
[INFO] running `Command { std: "git" "-c" "credential.helper=" "-c" "credential.helper=/workspace/cargo-home/bin/git-credential-null" "clone" "--bare" "https://github.com/jkarns275/gba-mp" "/workspace/cache/git-repos/https%3A%2F%2Fgithub.com%2Fjkarns275%2Fgba-mp", kill_on_drop: false }`
[INFO] [stderr] Cloning into bare repository '/workspace/cache/git-repos/https%3A%2F%2Fgithub.com%2Fjkarns275%2Fgba-mp'...
[INFO] running `Command { std: "git" "rev-parse" "HEAD", kill_on_drop: false }`
[INFO] [stdout] d079184ae018a3d6a801d491a8b141df68decb3e
[INFO] testing jkarns275/gba-mp against beta-2021-08-01 for beta-1.55-1
[INFO] running `Command { std: "git" "clone" "/workspace/cache/git-repos/https%3A%2F%2Fgithub.com%2Fjkarns275%2Fgba-mp" "/workspace/builds/worker-31/source", kill_on_drop: false }`
[INFO] [stderr] Cloning into '/workspace/builds/worker-31/source'...
[INFO] [stderr] done.
[INFO] validating manifest of git repo https://github.com/jkarns275/gba-mp on toolchain beta-2021-08-01
[INFO] running `Command { std: "/workspace/cargo-home/bin/cargo" "+beta-2021-08-01" "metadata" "--manifest-path" "Cargo.toml" "--no-deps", kill_on_drop: false }`
[INFO] started tweaking git repo https://github.com/jkarns275/gba-mp
[INFO] finished tweaking git repo https://github.com/jkarns275/gba-mp
[INFO] tweaked toml for git repo https://github.com/jkarns275/gba-mp written to /workspace/builds/worker-31/source/Cargo.toml
[INFO] crate git repo https://github.com/jkarns275/gba-mp already has a lockfile, it will not be regenerated
[INFO] running `Command { std: "/workspace/cargo-home/bin/cargo" "+beta-2021-08-01" "fetch" "--manifest-path" "Cargo.toml", kill_on_drop: false }`
[INFO] [stderr]  Downloading crates ...
[INFO] [stderr]   Downloaded num-rational v0.1.40
[INFO] [stderr]   Downloaded jpeg-decoder v0.1.13
[INFO] [stderr]   Downloaded deflate v0.7.17
[INFO] [stderr]   Downloaded scoped_threadpool v0.1.8
[INFO] [stderr]   Downloaded inflate v0.3.3
[INFO] running `Command { std: "docker" "create" "-v" "/var/lib/crater-agent-workspace/builds/worker-31/target:/opt/rustwide/target:rw,Z" "-v" "/var/lib/crater-agent-workspace/builds/worker-31/source:/opt/rustwide/workdir:ro,Z" "-v" "/var/lib/crater-agent-workspace/cargo-home:/opt/rustwide/cargo-home:ro,Z" "-v" "/var/lib/crater-agent-workspace/rustup-home:/opt/rustwide/rustup-home:ro,Z" "-e" "SOURCE_DIR=/opt/rustwide/workdir" "-e" "CARGO_TARGET_DIR=/opt/rustwide/target" "-e" "CARGO_HOME=/opt/rustwide/cargo-home" "-e" "RUSTUP_HOME=/opt/rustwide/rustup-home" "-w" "/opt/rustwide/workdir" "-m" "1610612736" "--user" "0:0" "--network" "none" "ghcr.io/rust-lang/crates-build-env/linux@sha256:34b6a614d2c27851fe6cbf88fbd1137609cefab8b10d0615aaeb6fd47975d74e" "/opt/rustwide/cargo-home/bin/cargo" "+beta-2021-08-01" "metadata" "--no-deps" "--format-version=1", kill_on_drop: false }`
[INFO] [stdout] b3ec0b6a9333d538a6b68672370bba206b64680c1434e07707b200a5550502ad
[INFO] running `Command { std: "docker" "start" "-a" "b3ec0b6a9333d538a6b68672370bba206b64680c1434e07707b200a5550502ad", kill_on_drop: false }`
[INFO] running `Command { std: "docker" "inspect" "b3ec0b6a9333d538a6b68672370bba206b64680c1434e07707b200a5550502ad", kill_on_drop: false }`
[INFO] running `Command { std: "docker" "rm" "-f" "b3ec0b6a9333d538a6b68672370bba206b64680c1434e07707b200a5550502ad", kill_on_drop: false }`
[INFO] [stdout] b3ec0b6a9333d538a6b68672370bba206b64680c1434e07707b200a5550502ad
[INFO] running `Command { std: "docker" "create" "-v" "/var/lib/crater-agent-workspace/builds/worker-31/target:/opt/rustwide/target:rw,Z" "-v" "/var/lib/crater-agent-workspace/builds/worker-31/source:/opt/rustwide/workdir:ro,Z" "-v" "/var/lib/crater-agent-workspace/cargo-home:/opt/rustwide/cargo-home:ro,Z" "-v" "/var/lib/crater-agent-workspace/rustup-home:/opt/rustwide/rustup-home:ro,Z" "-e" "SOURCE_DIR=/opt/rustwide/workdir" "-e" "CARGO_TARGET_DIR=/opt/rustwide/target" "-e" "CARGO_INCREMENTAL=0" "-e" "RUST_BACKTRACE=full" "-e" "RUSTFLAGS=--cap-lints=warn" "-e" "CARGO_HOME=/opt/rustwide/cargo-home" "-e" "RUSTUP_HOME=/opt/rustwide/rustup-home" "-w" "/opt/rustwide/workdir" "-m" "1610612736" "--user" "0:0" "--network" "none" "ghcr.io/rust-lang/crates-build-env/linux@sha256:34b6a614d2c27851fe6cbf88fbd1137609cefab8b10d0615aaeb6fd47975d74e" "/opt/rustwide/cargo-home/bin/cargo" "+beta-2021-08-01" "build" "--frozen" "--message-format=json", kill_on_drop: false }`
[INFO] [stdout] 959e8bd8d141501735b0f4304125b7efee48e40b2898652e1b815c2ce915651c
[INFO] running `Command { std: "docker" "start" "-a" "959e8bd8d141501735b0f4304125b7efee48e40b2898652e1b815c2ce915651c", kill_on_drop: false }`
[INFO] [stderr]     Blocking waiting for file lock on package cache
[INFO] [stderr]    Compiling num-traits v0.1.41
[INFO] [stderr]    Compiling libc v0.2.34
[INFO] [stderr]    Compiling rayon-core v1.3.0
[INFO] [stderr]    Compiling scopeguard v0.3.3
[INFO] [stderr]    Compiling either v1.4.0
[INFO] [stderr]    Compiling lazy_static v0.2.11
[INFO] [stderr]    Compiling byteorder v1.2.1
[INFO] [stderr]    Compiling adler32 v1.0.2
[INFO] [stderr]    Compiling lzw v0.10.0
[INFO] [stderr]    Compiling bitflags v1.0.1
[INFO] [stderr]    Compiling unicode-xid v0.0.4
[INFO] [stderr]    Compiling color_quant v1.0.0
[INFO] [stderr]    Compiling scoped_threadpool v0.1.8
[INFO] [stderr]    Compiling quote v0.3.15
[INFO] [stderr]    Compiling g v0.1.0 (/opt/rustwide/workdir)
[INFO] [stderr]    Compiling gbalib v0.1.0 (/opt/rustwide/workdir/gbalib)
[INFO] [stdout] error[E0557]: feature has been removed
[INFO] [stdout]  --> gbalib/src/lib.rs:1:63
[INFO] [stdout]   |
[INFO] [stdout] 1 | #![feature(i128_type, asm, lang_items, core, core_intrinsics, const_fn, untagged_unions, arbitrary_self_types)]
[INFO] [stdout]   |                                                               ^^^^^^^^ feature has been removed
[INFO] [stdout]   |
[INFO] [stdout]   = note: split into finer-grained feature gates
[INFO] [stdout] 
[INFO] [stdout] 
[INFO] [stdout] error: the legacy LLVM-style asm! syntax is no longer supported
[INFO] [stdout]   --> gbalib/src/collections/arr.rs:42:13
[INFO] [stdout]    |
[INFO] [stdout] 42 |               asm!("mov $0, $1"
[INFO] [stdout]    |               ^---
[INFO] [stdout]    |               |
[INFO] [stdout]    |  _____________help: replace with: `llvm_asm!`
[INFO] [stdout]    | |
[INFO] [stdout] 43 | |             : "=&r" (y)
[INFO] [stdout] 44 | |             : "r"(x)
[INFO] [stdout] 45 | |             :
[INFO] [stdout] 46 | |             : );
[INFO] [stdout]    | |________________^
[INFO] [stdout]    |
[INFO] [stdout]    = note: consider migrating to the new asm! syntax specified in RFC 2873
[INFO] [stdout]    = note: alternatively, switch to llvm_asm! to keep your code working as it is
[INFO] [stdout] 
[INFO] [stdout] 
[INFO] [stdout] error: the legacy LLVM-style asm! syntax is no longer supported
[INFO] [stdout]   --> gbalib/src/collections/arr.rs:61:13
[INFO] [stdout]    |
[INFO] [stdout] 61 |               asm!("mov $0, $1"
[INFO] [stdout]    |               ^---
[INFO] [stdout]    |               |
[INFO] [stdout]    |  _____________help: replace with: `llvm_asm!`
[INFO] [stdout]    | |
[INFO] [stdout] 62 | |             : "=&r" (y)
[INFO] [stdout] 63 | |             : "r"(x)
[INFO] [stdout] 64 | |             :
[INFO] [stdout] 65 | |             : );
[INFO] [stdout]    | |________________^
[INFO] [stdout]    |
[INFO] [stdout]    = note: consider migrating to the new asm! syntax specified in RFC 2873
[INFO] [stdout]    = note: alternatively, switch to llvm_asm! to keep your code working as it is
[INFO] [stdout] 
[INFO] [stdout] 
[INFO] [stdout] error[E0554]: `#![feature]` may not be used on the beta release channel
[INFO] [stdout]  --> gbalib/src/lib.rs:1:1
[INFO] [stdout]   |
[INFO] [stdout] 1 | #![feature(i128_type, asm, lang_items, core, core_intrinsics, const_fn, untagged_unions, arbitrary_self_types)]
[INFO] [stdout]   | ^^^^^^^^^^^^^^^^^^^^^^^^^^^^^^^^^^^^^^^^^^^^^^^^^^^^^^^^^^^^^^^^^^^^^^^^^^^^^^^^^^^^^^^^^^^^^^^^^^^^^^^^^^^^^^^
[INFO] [stdout]   |
[INFO] [stdout]   = help: the feature `i128_type` has been stable since 1.26.0 and no longer requires an attribute to enable
[INFO] [stdout] 
[INFO] [stdout] 
[INFO] [stdout] warning: unused imports: `alloc`, `free`
[INFO] [stdout]  --> gbalib/src/collections/static_arr.rs:5:14
[INFO] [stdout]   |
[INFO] [stdout] 5 | use alloc::{ alloc, free };
[INFO] [stdout]   |              ^^^^^  ^^^^
[INFO] [stdout]   |
[INFO] [stdout]   = note: `#[warn(unused_imports)]` on by default
[INFO] [stdout] 
[INFO] [stdout] 
[INFO] [stdout] warning: unused import: `transmute`
[INFO] [stdout]  --> gbalib/src/mem/mod.rs:2:27
[INFO] [stdout]   |
[INFO] [stdout] 2 | use core::mem::{ size_of, transmute };
[INFO] [stdout]   |                           ^^^^^^^^^
[INFO] [stdout] 
[INFO] [stdout] 
[INFO] [stdout] warning: unused import: `core::mem`
[INFO] [stdout]  --> gbalib/src/graphics/sprites.rs:2:5
[INFO] [stdout]   |
[INFO] [stdout] 2 | use core::mem;
[INFO] [stdout]   |     ^^^^^^^^^
[INFO] [stdout] 
[INFO] [stdout] 
[INFO] [stdout] warning: unused import: `collections::Arr`
[INFO] [stdout]  --> gbalib/src/graphics/sprites.rs:3:5
[INFO] [stdout]   |
[INFO] [stdout] 3 | use collections::Arr;
[INFO] [stdout]   |     ^^^^^^^^^^^^^^^^
[INFO] [stdout] 
[INFO] [stdout] 
[INFO] [stdout] error[E0522]: definition of an unknown language item: `panic_fmt`
[INFO] [stdout]  --> gbalib/src/lang.rs:3:1
[INFO] [stdout]   |
[INFO] [stdout] 3 | #[lang = "panic_fmt"]
[INFO] [stdout]   | ^^^^^^^^^^^^^^^^^^^^^ definition of unknown language item `panic_fmt`
[INFO] [stdout] 
[INFO] [stdout] 
[INFO] [stderr]    Compiling inflate v0.3.3
[INFO] [stderr]    Compiling synom v0.11.3
[INFO] [stdout] error: aborting due to 5 previous errors; 4 warnings emitted
[INFO] [stdout] 
[INFO] [stdout] 
[INFO] [stdout] Some errors have detailed explanations: E0522, E0554, E0557.
[INFO] [stdout] 
[INFO] [stdout] For more information about an error, try `rustc --explain E0522`.
[INFO] [stdout] 
[INFO] [stderr] error: could not compile `gbalib` due to 6 previous errors; 4 warnings emitted
[INFO] [stderr] warning: build failed, waiting for other jobs to finish...
[INFO] [stderr] error: build failed
[INFO] running `Command { std: "docker" "inspect" "959e8bd8d141501735b0f4304125b7efee48e40b2898652e1b815c2ce915651c", kill_on_drop: false }`
[INFO] running `Command { std: "docker" "rm" "-f" "959e8bd8d141501735b0f4304125b7efee48e40b2898652e1b815c2ce915651c", kill_on_drop: false }`
[INFO] [stdout] 959e8bd8d141501735b0f4304125b7efee48e40b2898652e1b815c2ce915651c
