[INFO] cloning repository https://github.com/jimmychu0807/heartbeat-stream
[INFO] running `Command { std: "git" "-c" "credential.helper=" "-c" "credential.helper=/workspace/cargo-home/bin/git-credential-null" "clone" "--bare" "https://github.com/jimmychu0807/heartbeat-stream" "/workspace/cache/git-repos/https%3A%2F%2Fgithub.com%2Fjimmychu0807%2Fheartbeat-stream", kill_on_drop: false }`
[INFO] [stderr] Cloning into bare repository '/workspace/cache/git-repos/https%3A%2F%2Fgithub.com%2Fjimmychu0807%2Fheartbeat-stream'...
[INFO] running `Command { std: "git" "rev-parse" "HEAD", kill_on_drop: false }`
[INFO] [stdout] 373697d0a4ee5f0a900ceade6c1a6dda0cda0c09
[INFO] testing jimmychu0807/heartbeat-stream against beta-2021-08-01 for beta-1.55-1
[INFO] running `Command { std: "git" "clone" "/workspace/cache/git-repos/https%3A%2F%2Fgithub.com%2Fjimmychu0807%2Fheartbeat-stream" "/workspace/builds/worker-5/source", kill_on_drop: false }`
[INFO] [stderr] Cloning into '/workspace/builds/worker-5/source'...
[INFO] [stderr] done.
[INFO] validating manifest of git repo https://github.com/jimmychu0807/heartbeat-stream on toolchain beta-2021-08-01
[INFO] running `Command { std: "/workspace/cargo-home/bin/cargo" "+beta-2021-08-01" "metadata" "--manifest-path" "Cargo.toml" "--no-deps", kill_on_drop: false }`
[INFO] started tweaking git repo https://github.com/jimmychu0807/heartbeat-stream
[INFO] finished tweaking git repo https://github.com/jimmychu0807/heartbeat-stream
[INFO] tweaked toml for git repo https://github.com/jimmychu0807/heartbeat-stream written to /workspace/builds/worker-5/source/Cargo.toml
[INFO] crate git repo https://github.com/jimmychu0807/heartbeat-stream already has a lockfile, it will not be regenerated
[INFO] running `Command { std: "/workspace/cargo-home/bin/cargo" "+beta-2021-08-01" "fetch" "--manifest-path" "Cargo.toml", kill_on_drop: false }`
[INFO] [stderr]     Blocking waiting for file lock on package cache
[INFO] [stderr]     Blocking waiting for file lock on package cache
[INFO] running `Command { std: "docker" "create" "-v" "/var/lib/crater-agent-workspace/builds/worker-5/target:/opt/rustwide/target:rw,Z" "-v" "/var/lib/crater-agent-workspace/builds/worker-5/source:/opt/rustwide/workdir:ro,Z" "-v" "/var/lib/crater-agent-workspace/cargo-home:/opt/rustwide/cargo-home:ro,Z" "-v" "/var/lib/crater-agent-workspace/rustup-home:/opt/rustwide/rustup-home:ro,Z" "-e" "SOURCE_DIR=/opt/rustwide/workdir" "-e" "CARGO_TARGET_DIR=/opt/rustwide/target" "-e" "CARGO_HOME=/opt/rustwide/cargo-home" "-e" "RUSTUP_HOME=/opt/rustwide/rustup-home" "-w" "/opt/rustwide/workdir" "-m" "1610612736" "--user" "0:0" "--network" "none" "ghcr.io/rust-lang/crates-build-env/linux@sha256:34b6a614d2c27851fe6cbf88fbd1137609cefab8b10d0615aaeb6fd47975d74e" "/opt/rustwide/cargo-home/bin/cargo" "+beta-2021-08-01" "metadata" "--no-deps" "--format-version=1", kill_on_drop: false }`
[INFO] [stdout] 4484fd1e9c98a9b16fd6fc0e7fc0e18a19f3cf49c4d7df640f466cf887010b49
[INFO] running `Command { std: "docker" "start" "-a" "4484fd1e9c98a9b16fd6fc0e7fc0e18a19f3cf49c4d7df640f466cf887010b49", kill_on_drop: false }`
[INFO] running `Command { std: "docker" "inspect" "4484fd1e9c98a9b16fd6fc0e7fc0e18a19f3cf49c4d7df640f466cf887010b49", kill_on_drop: false }`
[INFO] running `Command { std: "docker" "rm" "-f" "4484fd1e9c98a9b16fd6fc0e7fc0e18a19f3cf49c4d7df640f466cf887010b49", kill_on_drop: false }`
[INFO] [stdout] 4484fd1e9c98a9b16fd6fc0e7fc0e18a19f3cf49c4d7df640f466cf887010b49
[INFO] running `Command { std: "docker" "create" "-v" "/var/lib/crater-agent-workspace/builds/worker-5/target:/opt/rustwide/target:rw,Z" "-v" "/var/lib/crater-agent-workspace/builds/worker-5/source:/opt/rustwide/workdir:ro,Z" "-v" "/var/lib/crater-agent-workspace/cargo-home:/opt/rustwide/cargo-home:ro,Z" "-v" "/var/lib/crater-agent-workspace/rustup-home:/opt/rustwide/rustup-home:ro,Z" "-e" "SOURCE_DIR=/opt/rustwide/workdir" "-e" "CARGO_TARGET_DIR=/opt/rustwide/target" "-e" "CARGO_INCREMENTAL=0" "-e" "RUST_BACKTRACE=full" "-e" "RUSTFLAGS=--cap-lints=warn" "-e" "CARGO_HOME=/opt/rustwide/cargo-home" "-e" "RUSTUP_HOME=/opt/rustwide/rustup-home" "-w" "/opt/rustwide/workdir" "-m" "1610612736" "--user" "0:0" "--network" "none" "ghcr.io/rust-lang/crates-build-env/linux@sha256:34b6a614d2c27851fe6cbf88fbd1137609cefab8b10d0615aaeb6fd47975d74e" "/opt/rustwide/cargo-home/bin/cargo" "+beta-2021-08-01" "build" "--frozen" "--message-format=json", kill_on_drop: false }`
[INFO] [stdout] 32c041e76e74de529ee0c3961585c143c4c85cbfd7d6ca83e0d9337f75bd7782
[INFO] running `Command { std: "docker" "start" "-a" "32c041e76e74de529ee0c3961585c143c4c85cbfd7d6ca83e0d9337f75bd7782", kill_on_drop: false }`
[INFO] [stderr]     Blocking waiting for file lock on package cache
[INFO] [stderr]    Compiling libc v0.2.79
[INFO] [stderr]    Compiling cfg-if v0.1.10
[INFO] [stderr]    Compiling proc-macro2 v1.0.24
[INFO] [stderr]    Compiling unicode-xid v0.2.1
[INFO] [stderr]    Compiling getrandom v0.1.15
[INFO] [stderr]    Compiling syn v1.0.46
[INFO] [stderr]    Compiling log v0.4.11
[INFO] [stderr]    Compiling smallvec v1.4.2
[INFO] [stderr]    Compiling scopeguard v1.1.0
[INFO] [stderr]    Compiling memchr v2.3.3
[INFO] [stderr]    Compiling arc-swap v0.4.7
[INFO] [stderr]    Compiling ppv-lite86 v0.2.9
[INFO] [stderr]    Compiling lazy_static v1.4.0
[INFO] [stderr]    Compiling fnv v1.0.7
[INFO] [stderr]    Compiling slab v0.4.2
[INFO] [stderr]    Compiling futures-core v0.3.6
[INFO] [stderr]    Compiling bytes v0.6.0
[INFO] [stderr]    Compiling pin-project-lite v0.1.11
[INFO] [stderr]    Compiling futures-timer v3.0.2
[INFO] [stderr]    Compiling instant v0.1.7
[INFO] [stderr]    Compiling lock_api v0.4.1
[INFO] [stderr]    Compiling num_cpus v1.13.0
[INFO] [stderr]    Compiling parking_lot_core v0.8.0
[INFO] [stderr]    Compiling signal-hook-registry v1.2.1
[INFO] [stderr]    Compiling parking_lot v0.11.0
[INFO] [stderr]    Compiling mio v0.7.4
[INFO] [stderr]    Compiling quote v1.0.7
[INFO] [stderr]    Compiling rand_core v0.5.1
[INFO] [stderr]    Compiling rand_chacha v0.2.2
[INFO] [stderr]    Compiling rand v0.7.3
[INFO] [stderr]    Compiling tokio-macros v0.3.0
[INFO] [stderr]    Compiling tokio v0.3.1
[INFO] [stderr]    Compiling heartbeat-sim v0.1.0 (/opt/rustwide/workdir)
[INFO] [stdout] warning: unused import: `heartbeat::HeartbeatStream`
[INFO] [stdout]   --> src/main.rs:10:5
[INFO] [stdout]    |
[INFO] [stdout] 10 | use heartbeat::HeartbeatStream;
[INFO] [stdout]    |     ^^^^^^^^^^^^^^^^^^^^^^^^^^
[INFO] [stdout]    |
[INFO] [stdout]    = note: `#[warn(unused_imports)]` on by default
[INFO] [stdout] 
[INFO] [stdout] 
[INFO] [stdout] error[E0759]: `self` has an anonymous lifetime `'_` but it needs to satisfy a `'static` lifetime requirement
[INFO] [stdout]   --> src/heartbeat.rs:59:14
[INFO] [stdout]    |
[INFO] [stdout] 52 |     fn poll_next(mut self: Pin<&mut Self>, cx: &mut Context<'_>) -> Poll<Option<Self::Item>> {
[INFO] [stdout]    |                            -------------- this data with an anonymous lifetime `'_`...
[INFO] [stdout] ...
[INFO] [stdout] 59 |         match &mut self.next_heartbeat {
[INFO] [stdout]    |                    ^^^^ ...is captured here...
[INFO] [stdout] ...
[INFO] [stdout] 62 |                 tokio::spawn(async move {
[INFO] [stdout]    |                 ------------ ...and is required to live as long as `'static` here
[INFO] [stdout] 
[INFO] [stdout] 
[INFO] [stdout] error[E0759]: `self` has an anonymous lifetime `'_` but it needs to satisfy a `'static` lifetime requirement
[INFO] [stdout]   --> src/heartbeat.rs:62:29
[INFO] [stdout]    |
[INFO] [stdout] 52 |       fn poll_next(mut self: Pin<&mut Self>, cx: &mut Context<'_>) -> Poll<Option<Self::Item>> {
[INFO] [stdout]    |                              -------------- this data with an anonymous lifetime `'_`...
[INFO] [stdout] ...
[INFO] [stdout] 62 |                   tokio::spawn(async move {
[INFO] [stdout]    |  _________________________________________^
[INFO] [stdout] 63 | |                     tokio::select! {
[INFO] [stdout] 64 | |                         Some(char) = stream1.next(), if self.cooldown.map_or(true, |cd| since_last_signal > cd) => {
[INFO] [stdout] 65 | |                             self.reset_last_signal_next_heartbeat();
[INFO] [stdout] ...  |
[INFO] [stdout] 77 | |                     }
[INFO] [stdout] 78 | |                 });
[INFO] [stdout]    | |_________________^ ...is captured here...
[INFO] [stdout]    |
[INFO] [stdout] note: ...and is required to live as long as `'static` here
[INFO] [stdout]   --> src/heartbeat.rs:62:5
[INFO] [stdout]    |
[INFO] [stdout] 62 |                 tokio::spawn(async move {
[INFO] [stdout]    |                 ^^^^^^^^^^^^
[INFO] [stdout] 
[INFO] [stdout] 
[INFO] [stdout] error[E0759]: `self` has an anonymous lifetime `'_` but it needs to satisfy a `'static` lifetime requirement
[INFO] [stdout]   --> src/heartbeat.rs:81:29
[INFO] [stdout]    |
[INFO] [stdout] 52 |       fn poll_next(mut self: Pin<&mut Self>, cx: &mut Context<'_>) -> Poll<Option<Self::Item>> {
[INFO] [stdout]    |                              -------------- this data with an anonymous lifetime `'_`...
[INFO] [stdout] ...
[INFO] [stdout] 81 |                   tokio::spawn(async move {
[INFO] [stdout]    |  _________________________________________^
[INFO] [stdout] 82 | |                     tokio::select! {
[INFO] [stdout] 83 | |                         Some(char) = stream1.next(), if self.cooldown.map_or(true, |cd| since_last_signal > cd) => {
[INFO] [stdout] 84 | |                             self.reset_last_signal_next_heartbeat();
[INFO] [stdout] ...  |
[INFO] [stdout] 92 | |                     }
[INFO] [stdout] 93 | |                 });
[INFO] [stdout]    | |_________________^ ...is captured here...
[INFO] [stdout]    |
[INFO] [stdout] note: ...and is required to live as long as `'static` here
[INFO] [stdout]   --> src/heartbeat.rs:81:5
[INFO] [stdout]    |
[INFO] [stdout] 81 |                 tokio::spawn(async move {
[INFO] [stdout]    |                 ^^^^^^^^^^^^
[INFO] [stdout] 
[INFO] [stdout] 
[INFO] [stdout] error: aborting due to 3 previous errors; 1 warning emitted
[INFO] [stdout] 
[INFO] [stdout] 
[INFO] [stdout] For more information about this error, try `rustc --explain E0759`.
[INFO] [stdout] 
[INFO] [stderr] error: could not compile `heartbeat-sim` due to 4 previous errors; 1 warning emitted
[INFO] running `Command { std: "docker" "inspect" "32c041e76e74de529ee0c3961585c143c4c85cbfd7d6ca83e0d9337f75bd7782", kill_on_drop: false }`
[INFO] running `Command { std: "docker" "rm" "-f" "32c041e76e74de529ee0c3961585c143c4c85cbfd7d6ca83e0d9337f75bd7782", kill_on_drop: false }`
[INFO] [stdout] 32c041e76e74de529ee0c3961585c143c4c85cbfd7d6ca83e0d9337f75bd7782
