[INFO] cloning repository https://github.com/jedisct1/edgedns
[INFO] running `Command { std: "git" "-c" "credential.helper=" "-c" "credential.helper=/workspace/cargo-home/bin/git-credential-null" "clone" "--bare" "https://github.com/jedisct1/edgedns" "/workspace/cache/git-repos/https%3A%2F%2Fgithub.com%2Fjedisct1%2Fedgedns", kill_on_drop: false }`
[INFO] [stderr] Cloning into bare repository '/workspace/cache/git-repos/https%3A%2F%2Fgithub.com%2Fjedisct1%2Fedgedns'...
[INFO] running `Command { std: "git" "rev-parse" "HEAD", kill_on_drop: false }`
[INFO] [stdout] c501833eb08edce517400bff956b18da6cf0f192
[INFO] testing jedisct1/edgedns against beta-2021-08-01 for beta-1.55-1
[INFO] running `Command { std: "git" "clone" "/workspace/cache/git-repos/https%3A%2F%2Fgithub.com%2Fjedisct1%2Fedgedns" "/workspace/builds/worker-71/source", kill_on_drop: false }`
[INFO] [stderr] Cloning into '/workspace/builds/worker-71/source'...
[INFO] [stderr] done.
[INFO] validating manifest of git repo https://github.com/jedisct1/edgedns on toolchain beta-2021-08-01
[INFO] running `Command { std: "/workspace/cargo-home/bin/cargo" "+beta-2021-08-01" "metadata" "--manifest-path" "Cargo.toml" "--no-deps", kill_on_drop: false }`
[INFO] started tweaking git repo https://github.com/jedisct1/edgedns
[INFO] finished tweaking git repo https://github.com/jedisct1/edgedns
[INFO] tweaked toml for git repo https://github.com/jedisct1/edgedns written to /workspace/builds/worker-71/source/Cargo.toml
[INFO] crate git repo https://github.com/jedisct1/edgedns already has a lockfile, it will not be regenerated
[INFO] running `Command { std: "/workspace/cargo-home/bin/cargo" "+beta-2021-08-01" "fetch" "--manifest-path" "Cargo.toml", kill_on_drop: false }`
[INFO] [stderr]     Blocking waiting for file lock on package cache
[INFO] [stderr]     Updating git repository `https://github.com/pingcap/rust-prometheus`
[INFO] [stderr]     Blocking waiting for file lock on package cache
[INFO] [stderr]  Downloading crates ...
[INFO] [stderr]   Downloaded regex v1.1.5
[INFO] [stderr]   Downloaded clippy v0.0.302
[INFO] [stderr]   Downloaded unsafe_unwrap v0.1.0
[INFO] [stderr]   Downloaded coarsetime v0.1.10
[INFO] [stderr]   Downloaded protobuf v1.7.5
[INFO] [stderr]   Downloaded unicase v2.3.0
[INFO] [stderr]   Downloaded toml v0.5.0
[INFO] [stderr]   Downloaded jumphash v0.1.5
[INFO] [stderr]   Downloaded privdrop v0.3.0
[INFO] [stderr]   Downloaded clockpro-cache v0.1.7
[INFO] [stderr]   Downloaded socket-priority v0.1.4
[INFO] [stderr]   Downloaded framestream v0.1.3
[INFO] [stderr]   Downloaded bpf v0.1.2
[INFO] [stderr]   Downloaded dnstap v0.1.5
[INFO] running `Command { std: "docker" "create" "-v" "/var/lib/crater-agent-workspace/builds/worker-71/target:/opt/rustwide/target:rw,Z" "-v" "/var/lib/crater-agent-workspace/builds/worker-71/source:/opt/rustwide/workdir:ro,Z" "-v" "/var/lib/crater-agent-workspace/cargo-home:/opt/rustwide/cargo-home:ro,Z" "-v" "/var/lib/crater-agent-workspace/rustup-home:/opt/rustwide/rustup-home:ro,Z" "-e" "SOURCE_DIR=/opt/rustwide/workdir" "-e" "CARGO_TARGET_DIR=/opt/rustwide/target" "-e" "CARGO_HOME=/opt/rustwide/cargo-home" "-e" "RUSTUP_HOME=/opt/rustwide/rustup-home" "-w" "/opt/rustwide/workdir" "-m" "1610612736" "--user" "0:0" "--network" "none" "ghcr.io/rust-lang/crates-build-env/linux@sha256:34b6a614d2c27851fe6cbf88fbd1137609cefab8b10d0615aaeb6fd47975d74e" "/opt/rustwide/cargo-home/bin/cargo" "+beta-2021-08-01" "metadata" "--no-deps" "--format-version=1", kill_on_drop: false }`
[INFO] [stdout] 6572e59b5d322b257580bf4bb1c6c019d862736a54ec591b4a6538953152b617
[INFO] running `Command { std: "docker" "start" "-a" "6572e59b5d322b257580bf4bb1c6c019d862736a54ec591b4a6538953152b617", kill_on_drop: false }`
[INFO] running `Command { std: "docker" "inspect" "6572e59b5d322b257580bf4bb1c6c019d862736a54ec591b4a6538953152b617", kill_on_drop: false }`
[INFO] running `Command { std: "docker" "rm" "-f" "6572e59b5d322b257580bf4bb1c6c019d862736a54ec591b4a6538953152b617", kill_on_drop: false }`
[INFO] [stdout] 6572e59b5d322b257580bf4bb1c6c019d862736a54ec591b4a6538953152b617
[INFO] running `Command { std: "docker" "create" "-v" "/var/lib/crater-agent-workspace/builds/worker-71/target:/opt/rustwide/target:rw,Z" "-v" "/var/lib/crater-agent-workspace/builds/worker-71/source:/opt/rustwide/workdir:ro,Z" "-v" "/var/lib/crater-agent-workspace/cargo-home:/opt/rustwide/cargo-home:ro,Z" "-v" "/var/lib/crater-agent-workspace/rustup-home:/opt/rustwide/rustup-home:ro,Z" "-e" "SOURCE_DIR=/opt/rustwide/workdir" "-e" "CARGO_TARGET_DIR=/opt/rustwide/target" "-e" "CARGO_INCREMENTAL=0" "-e" "RUST_BACKTRACE=full" "-e" "RUSTFLAGS=--cap-lints=warn" "-e" "CARGO_HOME=/opt/rustwide/cargo-home" "-e" "RUSTUP_HOME=/opt/rustwide/rustup-home" "-w" "/opt/rustwide/workdir" "-m" "1610612736" "--user" "0:0" "--network" "none" "ghcr.io/rust-lang/crates-build-env/linux@sha256:34b6a614d2c27851fe6cbf88fbd1137609cefab8b10d0615aaeb6fd47975d74e" "/opt/rustwide/cargo-home/bin/cargo" "+beta-2021-08-01" "build" "--frozen" "--message-format=json", kill_on_drop: false }`
[INFO] [stdout] 6f8256e7fe9c92275c426a5565428c2059535a10f1eeced76fa6492d4f490513
[INFO] running `Command { std: "docker" "start" "-a" "6f8256e7fe9c92275c426a5565428c2059535a10f1eeced76fa6492d4f490513", kill_on_drop: false }`
[INFO] [stderr]    Compiling libc v0.2.51
[INFO] [stderr]    Compiling cfg-if v0.1.7
[INFO] [stderr]    Compiling rand_core v0.4.0
[INFO] [stderr]    Compiling lazy_static v1.3.0
[INFO] [stderr]    Compiling autocfg v0.1.2
[INFO] [stderr]    Compiling futures v0.1.26
[INFO] [stderr]    Compiling byteorder v1.3.1
[INFO] [stderr]    Compiling slab v0.4.2
[INFO] [stderr]    Compiling scopeguard v0.3.3
[INFO] [stderr]    Compiling semver-parser v0.7.0
[INFO] [stderr]    Compiling stable_deref_trait v1.1.1
[INFO] [stderr]    Compiling lazycell v1.2.1
[INFO] [stderr]    Compiling arrayvec v0.4.10
[INFO] [stderr]    Compiling fnv v1.0.6
[INFO] [stderr]    Compiling nodrop v0.1.13
[INFO] [stderr]    Compiling memoffset v0.2.1
[INFO] [stderr]    Compiling memchr v2.2.0
[INFO] [stderr]    Compiling bitflags v1.0.4
[INFO] [stderr]    Compiling regex v1.1.5
[INFO] [stderr]    Compiling quick-error v1.2.2
[INFO] [stderr]    Compiling protobuf v1.7.5
[INFO] [stderr]    Compiling httparse v1.3.3
[INFO] [stderr]    Compiling serde v1.0.89
[INFO] [stderr]    Compiling void v1.0.2
[INFO] [stderr]    Compiling nix v0.13.0
[INFO] [stderr]    Compiling ucd-util v0.1.3
[INFO] [stderr]    Compiling safemem v0.3.0
[INFO] [stderr]    Compiling utf8-ranges v1.0.2
[INFO] [stderr]    Compiling scoped-tls v0.1.2
[INFO] [stderr]    Compiling try-lock v0.1.0
[INFO] [stderr]    Compiling prometheus v0.5.0 (https://github.com/pingcap/rust-prometheus#1cff454d)
[INFO] [stderr]    Compiling slab v0.3.0
[INFO] [stderr]    Compiling bitflags v0.7.0
[INFO] [stderr]    Compiling unsafe_unwrap v0.1.0
[INFO] [stderr]    Compiling spin v0.4.10
[INFO] [stderr]    Compiling termcolor v1.0.4
[INFO] [stderr]    Compiling unicode-width v0.1.5
[INFO] [stderr]    Compiling ansi_term v0.11.0
[INFO] [stderr]    Compiling strsim v0.7.0
[INFO] [stderr]    Compiling vec_map v0.8.1
[INFO] [stderr]    Compiling siphasher v0.3.0
[INFO] [stderr]    Compiling unicase v2.3.0
[INFO] [stderr]    Compiling smallvec v0.6.13
[INFO] [stderr]    Compiling owning_ref v0.4.0
[INFO] [stderr]    Compiling log v0.4.6
[INFO] [stderr]    Compiling crossbeam-utils v0.6.5
[INFO] [stderr]    Compiling tokio-trace-core v0.1.0
[INFO] [stderr]    Compiling thread_local v0.3.6
[INFO] [stderr]    Compiling clockpro-cache v0.1.7
[INFO] [stderr]    Compiling rand_core v0.3.1
[INFO] [stderr]    Compiling rand_jitter v0.1.3
[INFO] [stdout] error[E0557]: feature has been removed
[INFO] [stdout]  --> /opt/rustwide/cargo-home/registry/src/github.com-1ecc6299db9ec823/spin-0.4.10/src/lib.rs:6:43
[INFO] [stdout]   |
[INFO] [stdout] 6 | #![cfg_attr(feature = "const_fn", feature(const_fn))]
[INFO] [stdout]   |                                           ^^^^^^^^ feature has been removed
[INFO] [stdout]   |
[INFO] [stdout]   = note: split into finer-grained feature gates
[INFO] [stdout] 
[INFO] [stdout] 
[INFO] [stdout] error[E0554]: `#![feature]` may not be used on the beta release channel
[INFO] [stdout]  --> /opt/rustwide/cargo-home/registry/src/github.com-1ecc6299db9ec823/spin-0.4.10/src/lib.rs:6:35
[INFO] [stdout]   |
[INFO] [stdout] 6 | #![cfg_attr(feature = "const_fn", feature(const_fn))]
[INFO] [stdout]   |                                   ^^^^^^^^^^^^^^^^^
[INFO] [stdout] 
[INFO] [stdout] 
[INFO] [stdout] error: aborting due to 2 previous errors
[INFO] [stdout] 
[INFO] [stdout] 
[INFO] [stdout] Some errors have detailed explanations: E0554, E0557.
[INFO] [stdout] 
[INFO] [stdout] For more information about an error, try `rustc --explain E0554`.
[INFO] [stdout] 
[INFO] [stderr] error: could not compile `spin` due to 3 previous errors
[INFO] [stderr] warning: build failed, waiting for other jobs to finish...
[INFO] [stdout] error[E0554]: `#![feature]` may not be used on the beta release channel
[INFO] [stdout]  --> /opt/rustwide/cargo-home/registry/src/github.com-1ecc6299db9ec823/clockpro-cache-0.1.7/src/lib.rs:1:1
[INFO] [stdout]   |
[INFO] [stdout] 1 | #![feature(test)]
[INFO] [stdout]   | ^^^^^^^^^^^^^^^^^
[INFO] [stdout] 
[INFO] [stdout] 
[INFO] [stdout] error: aborting due to previous error
[INFO] [stdout] 
[INFO] [stdout] 
[INFO] [stdout] For more information about this error, try `rustc --explain E0554`.
[INFO] [stdout] 
[INFO] [stderr] error: build failed
[INFO] running `Command { std: "docker" "inspect" "6f8256e7fe9c92275c426a5565428c2059535a10f1eeced76fa6492d4f490513", kill_on_drop: false }`
[INFO] running `Command { std: "docker" "rm" "-f" "6f8256e7fe9c92275c426a5565428c2059535a10f1eeced76fa6492d4f490513", kill_on_drop: false }`
[INFO] [stdout] 6f8256e7fe9c92275c426a5565428c2059535a10f1eeced76fa6492d4f490513
