[INFO] cloning repository https://github.com/jamwaffles/arduino-m0-pro-rust
[INFO] running `Command { std: "git" "-c" "credential.helper=" "-c" "credential.helper=/workspace/cargo-home/bin/git-credential-null" "clone" "--bare" "https://github.com/jamwaffles/arduino-m0-pro-rust" "/workspace/cache/git-repos/https%3A%2F%2Fgithub.com%2Fjamwaffles%2Farduino-m0-pro-rust", kill_on_drop: false }`
[INFO] [stderr] Cloning into bare repository '/workspace/cache/git-repos/https%3A%2F%2Fgithub.com%2Fjamwaffles%2Farduino-m0-pro-rust'...
[INFO] running `Command { std: "git" "rev-parse" "HEAD", kill_on_drop: false }`
[INFO] [stdout] f3f48a89c85867e72cae4984b03b89d2baaf2e3a
[INFO] testing jamwaffles/arduino-m0-pro-rust against beta-2021-08-01 for beta-1.55-1
[INFO] running `Command { std: "git" "clone" "/workspace/cache/git-repos/https%3A%2F%2Fgithub.com%2Fjamwaffles%2Farduino-m0-pro-rust" "/workspace/builds/worker-4/source", kill_on_drop: false }`
[INFO] [stderr] Cloning into '/workspace/builds/worker-4/source'...
[INFO] [stderr] done.
[INFO] validating manifest of git repo https://github.com/jamwaffles/arduino-m0-pro-rust on toolchain beta-2021-08-01
[INFO] running `Command { std: "/workspace/cargo-home/bin/cargo" "+beta-2021-08-01" "metadata" "--manifest-path" "Cargo.toml" "--no-deps", kill_on_drop: false }`
[INFO] removed /workspace/builds/worker-4/source/.cargo/config
[INFO] started tweaking git repo https://github.com/jamwaffles/arduino-m0-pro-rust
[INFO] finished tweaking git repo https://github.com/jamwaffles/arduino-m0-pro-rust
[INFO] tweaked toml for git repo https://github.com/jamwaffles/arduino-m0-pro-rust written to /workspace/builds/worker-4/source/Cargo.toml
[INFO] crate git repo https://github.com/jamwaffles/arduino-m0-pro-rust already has a lockfile, it will not be regenerated
[INFO] running `Command { std: "/workspace/cargo-home/bin/cargo" "+beta-2021-08-01" "fetch" "--manifest-path" "Cargo.toml", kill_on_drop: false }`
[INFO] [stderr]     Blocking waiting for file lock on package cache
[INFO] [stderr]     Updating git repository `https://github.com/wez/atsamd21-rs`
[INFO] [stderr]  Downloading crates ...
[INFO] [stderr]   Downloaded cortex-m-semihosting v0.3.1
[INFO] [stderr]   Downloaded bare-metal v0.2.3
[INFO] [stderr]   Downloaded cortex-m-rt v0.5.3
[INFO] [stderr]   Downloaded cortex-m v0.5.6
[INFO] [stderr]   Downloaded embedded-graphics v0.4.0
[INFO] [stderr]   Downloaded ssd1306 v0.2.0
[INFO] running `Command { std: "docker" "create" "-v" "/var/lib/crater-agent-workspace/builds/worker-4/target:/opt/rustwide/target:rw,Z" "-v" "/var/lib/crater-agent-workspace/builds/worker-4/source:/opt/rustwide/workdir:ro,Z" "-v" "/var/lib/crater-agent-workspace/cargo-home:/opt/rustwide/cargo-home:ro,Z" "-v" "/var/lib/crater-agent-workspace/rustup-home:/opt/rustwide/rustup-home:ro,Z" "-e" "SOURCE_DIR=/opt/rustwide/workdir" "-e" "CARGO_TARGET_DIR=/opt/rustwide/target" "-e" "CARGO_HOME=/opt/rustwide/cargo-home" "-e" "RUSTUP_HOME=/opt/rustwide/rustup-home" "-w" "/opt/rustwide/workdir" "-m" "1610612736" "--user" "0:0" "--network" "none" "ghcr.io/rust-lang/crates-build-env/linux@sha256:34b6a614d2c27851fe6cbf88fbd1137609cefab8b10d0615aaeb6fd47975d74e" "/opt/rustwide/cargo-home/bin/cargo" "+beta-2021-08-01" "metadata" "--no-deps" "--format-version=1", kill_on_drop: false }`
[INFO] [stdout] efaafff7801f02c7bab96663de83d5ff55c5eac1490d52cb3cc1cc784681129a
[INFO] [stderr] WARNING: Your kernel does not support swap limit capabilities or the cgroup is not mounted. Memory limited without swap.
[INFO] running `Command { std: "docker" "start" "-a" "efaafff7801f02c7bab96663de83d5ff55c5eac1490d52cb3cc1cc784681129a", kill_on_drop: false }`
[INFO] running `Command { std: "docker" "inspect" "efaafff7801f02c7bab96663de83d5ff55c5eac1490d52cb3cc1cc784681129a", kill_on_drop: false }`
[INFO] running `Command { std: "docker" "rm" "-f" "efaafff7801f02c7bab96663de83d5ff55c5eac1490d52cb3cc1cc784681129a", kill_on_drop: false }`
[INFO] [stdout] efaafff7801f02c7bab96663de83d5ff55c5eac1490d52cb3cc1cc784681129a
[INFO] running `Command { std: "docker" "create" "-v" "/var/lib/crater-agent-workspace/builds/worker-4/target:/opt/rustwide/target:rw,Z" "-v" "/var/lib/crater-agent-workspace/builds/worker-4/source:/opt/rustwide/workdir:ro,Z" "-v" "/var/lib/crater-agent-workspace/cargo-home:/opt/rustwide/cargo-home:ro,Z" "-v" "/var/lib/crater-agent-workspace/rustup-home:/opt/rustwide/rustup-home:ro,Z" "-e" "SOURCE_DIR=/opt/rustwide/workdir" "-e" "CARGO_TARGET_DIR=/opt/rustwide/target" "-e" "CARGO_INCREMENTAL=0" "-e" "RUST_BACKTRACE=full" "-e" "RUSTFLAGS=--cap-lints=warn" "-e" "CARGO_HOME=/opt/rustwide/cargo-home" "-e" "RUSTUP_HOME=/opt/rustwide/rustup-home" "-w" "/opt/rustwide/workdir" "-m" "1610612736" "--user" "0:0" "--network" "none" "ghcr.io/rust-lang/crates-build-env/linux@sha256:34b6a614d2c27851fe6cbf88fbd1137609cefab8b10d0615aaeb6fd47975d74e" "/opt/rustwide/cargo-home/bin/cargo" "+beta-2021-08-01" "build" "--frozen" "--message-format=json", kill_on_drop: false }`
[INFO] [stdout] c6f0bceb792e18fdb8b12b9ae9096bb506166b2a05569fb5a6351a65a16e5d90
[INFO] [stderr] WARNING: Your kernel does not support swap limit capabilities or the cgroup is not mounted. Memory limited without swap.
[INFO] running `Command { std: "docker" "start" "-a" "c6f0bceb792e18fdb8b12b9ae9096bb506166b2a05569fb5a6351a65a16e5d90", kill_on_drop: false }`
[INFO] [stderr]    Compiling vcell v0.1.0
[INFO] [stderr]    Compiling cortex-m v0.5.6
[INFO] [stderr]    Compiling aligned v0.2.0
[INFO] [stderr]    Compiling cortex-m-rt v0.5.3
[INFO] [stderr]    Compiling bare-metal v0.2.3
[INFO] [stderr]    Compiling atsamd21g18a v0.2.1 (https://github.com/wez/atsamd21-rs?rev=cccbff253e90cdafb685f6edfb325f49b8f1fb27#cccbff25)
[INFO] [stderr]    Compiling nb v0.1.1
[INFO] [stderr]    Compiling cortex-m-semihosting v0.3.1
[INFO] [stderr]    Compiling ssd1306 v0.2.0
[INFO] [stderr]    Compiling metro_m0 v0.1.0 (https://github.com/wez/atsamd21-rs?rev=cccbff253e90cdafb685f6edfb325f49b8f1fb27#cccbff25)
[INFO] [stderr]    Compiling arduino-m0-pro-rust v0.1.0 (/opt/rustwide/workdir)
[INFO] [stderr]    Compiling embedded-graphics v0.4.0
[INFO] [stderr]    Compiling volatile-register v0.2.0
[INFO] [stderr]    Compiling embedded-hal v0.2.1
[INFO] [stderr]    Compiling panic-semihosting v0.3.0
[INFO] [stdout] error[E0557]: feature has been removed
[INFO] [stdout]   --> /opt/rustwide/cargo-home/registry/src/github.com-1ecc6299db9ec823/panic-semihosting-0.3.0/src/lib.rs:59:12
[INFO] [stdout]    |
[INFO] [stdout] 59 | #![feature(panic_implementation)]
[INFO] [stdout]    |            ^^^^^^^^^^^^^^^^^^^^ feature has been removed
[INFO] [stdout]    |
[INFO] [stdout]    = note: subsumed by `#[panic_handler]`
[INFO] [stdout] 
[INFO] [stdout] 
[INFO] [stdout] error: cannot find attribute `panic_implementation` in this scope
[INFO] [stdout]   --> /opt/rustwide/cargo-home/registry/src/github.com-1ecc6299db9ec823/panic-semihosting-0.3.0/src/lib.rs:71:3
[INFO] [stdout]    |
[INFO] [stdout] 71 | #[panic_implementation]
[INFO] [stdout]    |   ^^^^^^^^^^^^^^^^^^^^
[INFO] [stdout] 
[INFO] [stdout] 
[INFO] [stdout] error[E0554]: `#![feature]` may not be used on the beta release channel
[INFO] [stdout]   --> /opt/rustwide/cargo-home/registry/src/github.com-1ecc6299db9ec823/panic-semihosting-0.3.0/src/lib.rs:59:1
[INFO] [stdout]    |
[INFO] [stdout] 59 | #![feature(panic_implementation)]
[INFO] [stdout]    | ^^^^^^^^^^^^^^^^^^^^^^^^^^^^^^^^^
[INFO] [stdout] 
[INFO] [stdout] 
[INFO] [stdout] error: aborting due to 3 previous errors
[INFO] [stdout] 
[INFO] [stdout] 
[INFO] [stdout] Some errors have detailed explanations: E0554, E0557.
[INFO] [stdout] 
[INFO] [stdout] For more information about an error, try `rustc --explain E0554`.
[INFO] [stdout] 
[INFO] [stderr] error: could not compile `panic-semihosting` due to 4 previous errors
[INFO] [stderr] warning: build failed, waiting for other jobs to finish...
[INFO] [stdout] error[E0554]: `#![feature]` may not be used on the beta release channel
[INFO] [stdout]  --> /opt/rustwide/cargo-home/git/checkouts/atsamd21-rs-20f8c148d9624e22/cccbff2/atsamd21g18a/src/lib.rs:6:1
[INFO] [stdout]   |
[INFO] [stdout] 6 | #![feature(untagged_unions)]
[INFO] [stdout]   | ^^^^^^^^^^^^^^^^^^^^^^^^^^^^
[INFO] [stdout] 
[INFO] [stdout] 
[INFO] [stdout] error: aborting due to previous error
[INFO] [stdout] 
[INFO] [stdout] 
[INFO] [stdout] For more information about this error, try `rustc --explain E0554`.
[INFO] [stdout] 
[INFO] [stderr] error: build failed
[INFO] running `Command { std: "docker" "inspect" "c6f0bceb792e18fdb8b12b9ae9096bb506166b2a05569fb5a6351a65a16e5d90", kill_on_drop: false }`
[INFO] running `Command { std: "docker" "rm" "-f" "c6f0bceb792e18fdb8b12b9ae9096bb506166b2a05569fb5a6351a65a16e5d90", kill_on_drop: false }`
[INFO] [stdout] c6f0bceb792e18fdb8b12b9ae9096bb506166b2a05569fb5a6351a65a16e5d90
