[INFO] cloning repository https://github.com/jamespharaoh/nono
[INFO] running `Command { std: "git" "-c" "credential.helper=" "-c" "credential.helper=/workspace/cargo-home/bin/git-credential-null" "clone" "--bare" "https://github.com/jamespharaoh/nono" "/workspace/cache/git-repos/https%3A%2F%2Fgithub.com%2Fjamespharaoh%2Fnono", kill_on_drop: false }`
[INFO] [stderr] Cloning into bare repository '/workspace/cache/git-repos/https%3A%2F%2Fgithub.com%2Fjamespharaoh%2Fnono'...
[INFO] running `Command { std: "git" "rev-parse" "HEAD", kill_on_drop: false }`
[INFO] [stdout] b03c70f8aac143086533c207747c030d8a616c48
[INFO] testing jamespharaoh/nono against 1.54.0 for beta-1.55-1
[INFO] running `Command { std: "git" "clone" "/workspace/cache/git-repos/https%3A%2F%2Fgithub.com%2Fjamespharaoh%2Fnono" "/workspace/builds/worker-4/source", kill_on_drop: false }`
[INFO] [stderr] Cloning into '/workspace/builds/worker-4/source'...
[INFO] [stderr] done.
[INFO] validating manifest of git repo https://github.com/jamespharaoh/nono on toolchain 1.54.0
[INFO] running `Command { std: "/workspace/cargo-home/bin/cargo" "+1.54.0" "metadata" "--manifest-path" "Cargo.toml" "--no-deps", kill_on_drop: false }`
[INFO] started tweaking git repo https://github.com/jamespharaoh/nono
[INFO] removed 1 missing examples
[INFO] finished tweaking git repo https://github.com/jamespharaoh/nono
[INFO] tweaked toml for git repo https://github.com/jamespharaoh/nono written to /workspace/builds/worker-4/source/Cargo.toml
[INFO] crate git repo https://github.com/jamespharaoh/nono already has a lockfile, it will not be regenerated
[INFO] running `Command { std: "/workspace/cargo-home/bin/cargo" "+1.54.0" "fetch" "--manifest-path" "Cargo.toml", kill_on_drop: false }`
[INFO] running `Command { std: "docker" "create" "-v" "/var/lib/crater-agent-workspace/builds/worker-4/target:/opt/rustwide/target:rw,Z" "-v" "/var/lib/crater-agent-workspace/builds/worker-4/source:/opt/rustwide/workdir:ro,Z" "-v" "/var/lib/crater-agent-workspace/cargo-home:/opt/rustwide/cargo-home:ro,Z" "-v" "/var/lib/crater-agent-workspace/rustup-home:/opt/rustwide/rustup-home:ro,Z" "-e" "SOURCE_DIR=/opt/rustwide/workdir" "-e" "CARGO_TARGET_DIR=/opt/rustwide/target" "-e" "CARGO_HOME=/opt/rustwide/cargo-home" "-e" "RUSTUP_HOME=/opt/rustwide/rustup-home" "-w" "/opt/rustwide/workdir" "-m" "1610612736" "--user" "0:0" "--network" "none" "ghcr.io/rust-lang/crates-build-env/linux@sha256:34b6a614d2c27851fe6cbf88fbd1137609cefab8b10d0615aaeb6fd47975d74e" "/opt/rustwide/cargo-home/bin/cargo" "+1.54.0" "metadata" "--no-deps" "--format-version=1", kill_on_drop: false }`
[INFO] [stderr] WARNING: Your kernel does not support swap limit capabilities or the cgroup is not mounted. Memory limited without swap.
[INFO] [stdout] 1fcd734c41df7217ac6d1dd79b931d0e427d447c87392c40b1a2f9b27c7d9410
[INFO] running `Command { std: "docker" "start" "-a" "1fcd734c41df7217ac6d1dd79b931d0e427d447c87392c40b1a2f9b27c7d9410", kill_on_drop: false }`
[INFO] running `Command { std: "docker" "inspect" "1fcd734c41df7217ac6d1dd79b931d0e427d447c87392c40b1a2f9b27c7d9410", kill_on_drop: false }`
[INFO] running `Command { std: "docker" "rm" "-f" "1fcd734c41df7217ac6d1dd79b931d0e427d447c87392c40b1a2f9b27c7d9410", kill_on_drop: false }`
[INFO] [stdout] 1fcd734c41df7217ac6d1dd79b931d0e427d447c87392c40b1a2f9b27c7d9410
[INFO] running `Command { std: "docker" "create" "-v" "/var/lib/crater-agent-workspace/builds/worker-4/target:/opt/rustwide/target:rw,Z" "-v" "/var/lib/crater-agent-workspace/builds/worker-4/source:/opt/rustwide/workdir:ro,Z" "-v" "/var/lib/crater-agent-workspace/cargo-home:/opt/rustwide/cargo-home:ro,Z" "-v" "/var/lib/crater-agent-workspace/rustup-home:/opt/rustwide/rustup-home:ro,Z" "-e" "SOURCE_DIR=/opt/rustwide/workdir" "-e" "CARGO_TARGET_DIR=/opt/rustwide/target" "-e" "CARGO_INCREMENTAL=0" "-e" "RUST_BACKTRACE=full" "-e" "RUSTFLAGS=--cap-lints=warn" "-e" "CARGO_HOME=/opt/rustwide/cargo-home" "-e" "RUSTUP_HOME=/opt/rustwide/rustup-home" "-w" "/opt/rustwide/workdir" "-m" "1610612736" "--user" "0:0" "--network" "none" "ghcr.io/rust-lang/crates-build-env/linux@sha256:34b6a614d2c27851fe6cbf88fbd1137609cefab8b10d0615aaeb6fd47975d74e" "/opt/rustwide/cargo-home/bin/cargo" "+1.54.0" "build" "--frozen" "--message-format=json", kill_on_drop: false }`
[INFO] [stdout] 8e2fa9a700f80ef1ae085ee74897db60ab29d52e2d9601fa5aa6fa4ee247ee8e
[INFO] [stderr] WARNING: Your kernel does not support swap limit capabilities or the cgroup is not mounted. Memory limited without swap.
[INFO] running `Command { std: "docker" "start" "-a" "8e2fa9a700f80ef1ae085ee74897db60ab29d52e2d9601fa5aa6fa4ee247ee8e", kill_on_drop: false }`
[INFO] [stderr]    Compiling nono v0.1.0 (/opt/rustwide/workdir)
[INFO] [stdout] warning: unnecessary trailing semicolon
[INFO] [stdout]   --> src/data/clues.rs:57:33
[INFO] [stdout]    |
[INFO] [stdout] 57 |         enum Mode { None, Rows, Cols };
[INFO] [stdout]    |                                       ^ help: remove this semicolon
[INFO] [stdout]    |
[INFO] [stdout]    = note: `#[warn(redundant_semicolons)]` on by default
[INFO] [stdout] 
[INFO] [stdout] 
[INFO] [stdout] warning: 1 warning emitted
[INFO] [stdout] 
[INFO] [stdout] 
[INFO] [stderr]     Finished dev [unoptimized + debuginfo] target(s) in 0.96s
[INFO] running `Command { std: "docker" "inspect" "8e2fa9a700f80ef1ae085ee74897db60ab29d52e2d9601fa5aa6fa4ee247ee8e", kill_on_drop: false }`
[INFO] running `Command { std: "docker" "rm" "-f" "8e2fa9a700f80ef1ae085ee74897db60ab29d52e2d9601fa5aa6fa4ee247ee8e", kill_on_drop: false }`
[INFO] [stdout] 8e2fa9a700f80ef1ae085ee74897db60ab29d52e2d9601fa5aa6fa4ee247ee8e
[INFO] running `Command { std: "docker" "create" "-v" "/var/lib/crater-agent-workspace/builds/worker-4/target:/opt/rustwide/target:rw,Z" "-v" "/var/lib/crater-agent-workspace/builds/worker-4/source:/opt/rustwide/workdir:ro,Z" "-v" "/var/lib/crater-agent-workspace/cargo-home:/opt/rustwide/cargo-home:ro,Z" "-v" "/var/lib/crater-agent-workspace/rustup-home:/opt/rustwide/rustup-home:ro,Z" "-e" "SOURCE_DIR=/opt/rustwide/workdir" "-e" "CARGO_TARGET_DIR=/opt/rustwide/target" "-e" "CARGO_INCREMENTAL=0" "-e" "RUST_BACKTRACE=full" "-e" "RUSTFLAGS=--cap-lints=warn" "-e" "CARGO_HOME=/opt/rustwide/cargo-home" "-e" "RUSTUP_HOME=/opt/rustwide/rustup-home" "-w" "/opt/rustwide/workdir" "-m" "1610612736" "--user" "0:0" "--network" "none" "ghcr.io/rust-lang/crates-build-env/linux@sha256:34b6a614d2c27851fe6cbf88fbd1137609cefab8b10d0615aaeb6fd47975d74e" "/opt/rustwide/cargo-home/bin/cargo" "+1.54.0" "test" "--frozen" "--no-run" "--message-format=json", kill_on_drop: false }`
[INFO] [stderr] WARNING: Your kernel does not support swap limit capabilities or the cgroup is not mounted. Memory limited without swap.
[INFO] [stdout] 04e752914ecc0b117912474708cd18c4a9553ce3dc7be02ca8de4b5175b82290
[INFO] running `Command { std: "docker" "start" "-a" "04e752914ecc0b117912474708cd18c4a9553ce3dc7be02ca8de4b5175b82290", kill_on_drop: false }`
[INFO] [stderr]    Compiling nono v0.1.0 (/opt/rustwide/workdir)
[INFO] [stdout] warning: unnecessary trailing semicolon
[INFO] [stdout]   --> src/data/clues.rs:57:33
[INFO] [stdout]    |
[INFO] [stdout] 57 |         enum Mode { None, Rows, Cols };
[INFO] [stdout]    |                                       ^ help: remove this semicolon
[INFO] [stdout]    |
[INFO] [stdout]    = note: `#[warn(redundant_semicolons)]` on by default
[INFO] [stdout] 
[INFO] [stdout] 
[INFO] [stdout] warning: 1 warning emitted
[INFO] [stdout] 
[INFO] [stdout] 
[INFO] [stdout] error[E0432]: unresolved import `cairo`
[INFO] [stdout]  --> examples/gtk.rs:3:5
[INFO] [stdout]   |
[INFO] [stdout] 3 | use cairo;
[INFO] [stdout]   |     ^^^^^ no external crate `cairo`
[INFO] [stdout] 
[INFO] [stdout] 
[INFO] [stdout] error[E0432]: unresolved import `gio`
[INFO] [stdout]  --> examples/gtk.rs:4:5
[INFO] [stdout]   |
[INFO] [stdout] 4 | use gio;
[INFO] [stdout]   |     ^^^ no external crate `gio`
[INFO] [stdout] 
[INFO] [stdout] 
[INFO] [stdout] error[E0432]: unresolved import `glib`
[INFO] [stdout]  --> examples/gtk.rs:5:5
[INFO] [stdout]   |
[INFO] [stdout] 5 | use glib;
[INFO] [stdout]   |     ^^^^ no external crate `glib`
[INFO] [stdout] 
[INFO] [stdout] 
[INFO] [stdout] error[E0432]: unresolved imports `gtk`, `gio::prelude::*`, `gtk::prelude::*`, `gtk::SettingsExt`
[INFO] [stdout]   --> examples/gtk.rs:6:5
[INFO] [stdout]    |
[INFO] [stdout] 6  | use gtk;
[INFO] [stdout]    |     ^^^ no external crate `gtk`
[INFO] [stdout] 7  | 
[INFO] [stdout] 8  | use gio::prelude::*;
[INFO] [stdout]    |     ^^^^^^^^^^^^^^^
[INFO] [stdout] 9  | use gtk::prelude::*;
[INFO] [stdout]    |     ^^^^^^^^^^^^^^^
[INFO] [stdout] 10 | use gtk::SettingsExt;
[INFO] [stdout]    |     ^^^^^^^^^^^^^^^^
[INFO] [stdout] 
[INFO] [stdout] 
[INFO] [stdout] warning: unnecessary trailing semicolon
[INFO] [stdout]   --> src/data/clues.rs:57:33
[INFO] [stdout]    |
[INFO] [stdout] 57 |         enum Mode { None, Rows, Cols };
[INFO] [stdout]    |                                       ^ help: remove this semicolon
[INFO] [stdout]    |
[INFO] [stdout]    = note: `#[warn(redundant_semicolons)]` on by default
[INFO] [stdout] 
[INFO] [stdout] 
[INFO] [stdout] error[E0432]: unresolved import `stats_alloc`
[INFO] [stdout]  --> examples/alloc.rs:8:5
[INFO] [stdout]   |
[INFO] [stdout] 8 | use stats_alloc::INSTRUMENTED_SYSTEM;
[INFO] [stdout]   |     ^^^^^^^^^^^ use of undeclared crate or module `stats_alloc`
[INFO] [stdout] 
[INFO] [stdout] 
[INFO] [stdout] error[E0432]: unresolved import `stats_alloc`
[INFO] [stdout]  --> examples/alloc.rs:9:5
[INFO] [stdout]   |
[INFO] [stdout] 9 | use stats_alloc::Region;
[INFO] [stdout]   |     ^^^^^^^^^^^ use of undeclared crate or module `stats_alloc`
[INFO] [stdout] 
[INFO] [stdout] 
[INFO] [stdout] error[E0432]: unresolved import `stats_alloc`
[INFO] [stdout]   --> examples/alloc.rs:10:5
[INFO] [stdout]    |
[INFO] [stdout] 10 | use stats_alloc::StatsAlloc;
[INFO] [stdout]    |     ^^^^^^^^^^^ use of undeclared crate or module `stats_alloc`
[INFO] [stdout] 
[INFO] [stdout] 
[INFO] [stdout] error: aborting due to 3 previous errors
[INFO] [stdout] 
[INFO] [stdout] 
[INFO] [stdout] For more information about this error, try `rustc --explain E0432`.
[INFO] [stdout] 
[INFO] [stderr] error: could not compile `nono`
[INFO] [stderr] 
[INFO] [stderr] To learn more, run the command again with --verbose.
[INFO] [stderr] warning: build failed, waiting for other jobs to finish...
[INFO] [stdout] error: aborting due to 4 previous errors
[INFO] [stdout] 
[INFO] [stdout] 
[INFO] [stdout] For more information about this error, try `rustc --explain E0432`.
[INFO] [stdout] 
[INFO] [stdout] warning: 1 warning emitted
[INFO] [stdout] 
[INFO] [stdout] 
[INFO] [stderr] error: build failed
[INFO] running `Command { std: "docker" "inspect" "04e752914ecc0b117912474708cd18c4a9553ce3dc7be02ca8de4b5175b82290", kill_on_drop: false }`
[INFO] running `Command { std: "docker" "rm" "-f" "04e752914ecc0b117912474708cd18c4a9553ce3dc7be02ca8de4b5175b82290", kill_on_drop: false }`
[INFO] [stdout] 04e752914ecc0b117912474708cd18c4a9553ce3dc7be02ca8de4b5175b82290
