[INFO] cloning repository https://github.com/jamen/tlse
[INFO] running `Command { std: "git" "-c" "credential.helper=" "-c" "credential.helper=/workspace/cargo-home/bin/git-credential-null" "clone" "--bare" "https://github.com/jamen/tlse" "/workspace/cache/git-repos/https%3A%2F%2Fgithub.com%2Fjamen%2Ftlse", kill_on_drop: false }`
[INFO] [stderr] Cloning into bare repository '/workspace/cache/git-repos/https%3A%2F%2Fgithub.com%2Fjamen%2Ftlse'...
[INFO] running `Command { std: "git" "rev-parse" "HEAD", kill_on_drop: false }`
[INFO] [stdout] 3e04c0b92a66187a90c1f8bc8d329e538b420cdd
[INFO] testing jamen/tlse against 1.54.0 for beta-1.55-1
[INFO] running `Command { std: "git" "clone" "/workspace/cache/git-repos/https%3A%2F%2Fgithub.com%2Fjamen%2Ftlse" "/workspace/builds/worker-7/source", kill_on_drop: false }`
[INFO] [stderr] Cloning into '/workspace/builds/worker-7/source'...
[INFO] [stderr] done.
[INFO] validating manifest of git repo https://github.com/jamen/tlse on toolchain 1.54.0
[INFO] running `Command { std: "/workspace/cargo-home/bin/cargo" "+1.54.0" "metadata" "--manifest-path" "Cargo.toml" "--no-deps", kill_on_drop: false }`
[INFO] removed /workspace/builds/worker-7/source/.cargo/config
[INFO] started tweaking git repo https://github.com/jamen/tlse
[INFO] finished tweaking git repo https://github.com/jamen/tlse
[INFO] tweaked toml for git repo https://github.com/jamen/tlse written to /workspace/builds/worker-7/source/Cargo.toml
[INFO] crate git repo https://github.com/jamen/tlse already has a lockfile, it will not be regenerated
[INFO] running `Command { std: "/workspace/cargo-home/bin/cargo" "+1.54.0" "fetch" "--manifest-path" "Cargo.toml", kill_on_drop: false }`
[INFO] running `Command { std: "docker" "create" "-v" "/var/lib/crater-agent-workspace/builds/worker-7/target:/opt/rustwide/target:rw,Z" "-v" "/var/lib/crater-agent-workspace/builds/worker-7/source:/opt/rustwide/workdir:ro,Z" "-v" "/var/lib/crater-agent-workspace/cargo-home:/opt/rustwide/cargo-home:ro,Z" "-v" "/var/lib/crater-agent-workspace/rustup-home:/opt/rustwide/rustup-home:ro,Z" "-e" "SOURCE_DIR=/opt/rustwide/workdir" "-e" "CARGO_TARGET_DIR=/opt/rustwide/target" "-e" "CARGO_HOME=/opt/rustwide/cargo-home" "-e" "RUSTUP_HOME=/opt/rustwide/rustup-home" "-w" "/opt/rustwide/workdir" "-m" "1610612736" "--user" "0:0" "--network" "none" "ghcr.io/rust-lang/crates-build-env/linux@sha256:34b6a614d2c27851fe6cbf88fbd1137609cefab8b10d0615aaeb6fd47975d74e" "/opt/rustwide/cargo-home/bin/cargo" "+1.54.0" "metadata" "--no-deps" "--format-version=1", kill_on_drop: false }`
[INFO] [stdout] 28e3f46dd44d4abfb57e130bb9c5371cef8523ecda34533f64f8d252d62fefcb
[INFO] [stderr] WARNING: Your kernel does not support swap limit capabilities or the cgroup is not mounted. Memory limited without swap.
[INFO] running `Command { std: "docker" "start" "-a" "28e3f46dd44d4abfb57e130bb9c5371cef8523ecda34533f64f8d252d62fefcb", kill_on_drop: false }`
[INFO] running `Command { std: "docker" "inspect" "28e3f46dd44d4abfb57e130bb9c5371cef8523ecda34533f64f8d252d62fefcb", kill_on_drop: false }`
[INFO] running `Command { std: "docker" "rm" "-f" "28e3f46dd44d4abfb57e130bb9c5371cef8523ecda34533f64f8d252d62fefcb", kill_on_drop: false }`
[INFO] [stdout] 28e3f46dd44d4abfb57e130bb9c5371cef8523ecda34533f64f8d252d62fefcb
[INFO] running `Command { std: "docker" "create" "-v" "/var/lib/crater-agent-workspace/builds/worker-7/target:/opt/rustwide/target:rw,Z" "-v" "/var/lib/crater-agent-workspace/builds/worker-7/source:/opt/rustwide/workdir:ro,Z" "-v" "/var/lib/crater-agent-workspace/cargo-home:/opt/rustwide/cargo-home:ro,Z" "-v" "/var/lib/crater-agent-workspace/rustup-home:/opt/rustwide/rustup-home:ro,Z" "-e" "SOURCE_DIR=/opt/rustwide/workdir" "-e" "CARGO_TARGET_DIR=/opt/rustwide/target" "-e" "CARGO_INCREMENTAL=0" "-e" "RUST_BACKTRACE=full" "-e" "RUSTFLAGS=--cap-lints=warn" "-e" "CARGO_HOME=/opt/rustwide/cargo-home" "-e" "RUSTUP_HOME=/opt/rustwide/rustup-home" "-w" "/opt/rustwide/workdir" "-m" "1610612736" "--user" "0:0" "--network" "none" "ghcr.io/rust-lang/crates-build-env/linux@sha256:34b6a614d2c27851fe6cbf88fbd1137609cefab8b10d0615aaeb6fd47975d74e" "/opt/rustwide/cargo-home/bin/cargo" "+1.54.0" "build" "--frozen" "--message-format=json", kill_on_drop: false }`
[INFO] [stdout] 8576918fbbf5f41af4261f6acc93450027fa9274c5680dfe56e46450e2bd919f
[INFO] [stderr] WARNING: Your kernel does not support swap limit capabilities or the cgroup is not mounted. Memory limited without swap.
[INFO] running `Command { std: "docker" "start" "-a" "8576918fbbf5f41af4261f6acc93450027fa9274c5680dfe56e46450e2bd919f", kill_on_drop: false }`
[INFO] [stderr]    Compiling winapi v0.3.9
[INFO] [stderr]    Compiling hex_table v0.1.4
[INFO] [stderr]    Compiling lua52-sys v0.1.2
[INFO] [stderr]    Compiling iced-x86 v1.13.0
[INFO] [stderr]    Compiling tlse_sys v0.1.0 (/opt/rustwide/workdir/tlse_sys)
[INFO] [stdout] error[E0433]: failed to resolve: could not find `shared` in `winapi`
[INFO] [stdout]  --> tlse_sys/src/display_manager.rs:3:13
[INFO] [stdout]   |
[INFO] [stdout] 3 | use winapi::shared::d3d9::{IDirect3D9, IDirect3DDevice9};
[INFO] [stdout]   |             ^^^^^^ could not find `shared` in `winapi`
[INFO] [stdout] 
[INFO] [stdout] 
[INFO] [stdout] error[E0433]: failed to resolve: could not find `shared` in `winapi`
[INFO] [stdout]  --> tlse_sys/src/display_manager.rs:4:13
[INFO] [stdout]   |
[INFO] [stdout] 4 | use winapi::shared::d3d9caps::D3DCAPS9;
[INFO] [stdout]   |             ^^^^^^ could not find `shared` in `winapi`
[INFO] [stdout] 
[INFO] [stdout] 
[INFO] [stdout] error[E0433]: failed to resolve: could not find `shared` in `winapi`
[INFO] [stdout]  --> tlse_sys/src/display_manager.rs:5:13
[INFO] [stdout]   |
[INFO] [stdout] 5 | use winapi::shared::d3d9types::{D3DDISPLAYMODE, D3DPRESENT_PARAMETERS};
[INFO] [stdout]   |             ^^^^^^ could not find `shared` in `winapi`
[INFO] [stdout] 
[INFO] [stdout] 
[INFO] [stdout] error[E0433]: failed to resolve: could not find `shared` in `winapi`
[INFO] [stdout]  --> tlse_sys/src/display_manager.rs:6:13
[INFO] [stdout]   |
[INFO] [stdout] 6 | use winapi::shared::windef::HWND;
[INFO] [stdout]   |             ^^^^^^ could not find `shared` in `winapi`
[INFO] [stdout] 
[INFO] [stdout] 
[INFO] [stdout] error[E0433]: failed to resolve: could not find `shared` in `winapi`
[INFO] [stdout]  --> tlse_sys/src/system_manager.rs:9:13
[INFO] [stdout]   |
[INFO] [stdout] 9 | use winapi::shared::guiddef::GUID;
[INFO] [stdout]   |             ^^^^^^ could not find `shared` in `winapi`
[INFO] [stdout] 
[INFO] [stdout] 
[INFO] [stdout] error[E0433]: failed to resolve: could not find `shared` in `winapi`
[INFO] [stdout]   --> tlse_sys/src/system_manager.rs:10:13
[INFO] [stdout]    |
[INFO] [stdout] 10 | use winapi::shared::minwindef::HINSTANCE;
[INFO] [stdout]    |             ^^^^^^ could not find `shared` in `winapi`
[INFO] [stdout] 
[INFO] [stdout] 
[INFO] [stdout] error[E0433]: failed to resolve: could not find `shared` in `winapi`
[INFO] [stdout]   --> tlse_sys/src/system_manager.rs:11:13
[INFO] [stdout]    |
[INFO] [stdout] 11 | use winapi::shared::windef::HWND;
[INFO] [stdout]    |             ^^^^^^ could not find `shared` in `winapi`
[INFO] [stdout] 
[INFO] [stdout] 
[INFO] [stdout] error[E0433]: failed to resolve: could not find `um` in `winapi`
[INFO] [stdout]   --> tlse_sys/src/system_manager.rs:12:13
[INFO] [stdout]    |
[INFO] [stdout] 12 | use winapi::um::winnt::RTL_CRITICAL_SECTION;
[INFO] [stdout]    |             ^^ could not find `um` in `winapi`
[INFO] [stdout] 
[INFO] [stdout] 
[INFO] [stdout] error[E0433]: failed to resolve: could not find `um` in `winapi`
[INFO] [stdout]   --> tlse_sys/src/system_manager.rs:13:13
[INFO] [stdout]    |
[INFO] [stdout] 13 | use winapi::um::winuser::WNDCLASSEXW;
[INFO] [stdout]    |             ^^ could not find `um` in `winapi`
[INFO] [stdout] 
[INFO] [stdout] 
[INFO] [stdout] error[E0432]: unresolved import `winapi::ctypes`
[INFO] [stdout]  --> tlse_sys/src/input_event.rs:3:13
[INFO] [stdout]   |
[INFO] [stdout] 3 | use winapi::ctypes::wchar_t;
[INFO] [stdout]   |             ^^^^^^ could not find `ctypes` in `winapi`
[INFO] [stdout] 
[INFO] [stdout] 
[INFO] [stdout] error[E0433]: failed to resolve: could not find `shared` in `winapi`
[INFO] [stdout]    --> tlse_sys/src/lib.rs:176:13
[INFO] [stdout]     |
[INFO] [stdout] 176 | use winapi::shared::minwindef::HINSTANCE;
[INFO] [stdout]     |             ^^^^^^ could not find `shared` in `winapi`
[INFO] [stdout] 
[INFO] [stdout] 
[INFO] [stdout] error[E0432]: unresolved import `winapi::ctypes`
[INFO] [stdout]  --> tlse_sys/src/wide_string.rs:9:13
[INFO] [stdout]   |
[INFO] [stdout] 9 | use winapi::ctypes::wchar_t;
[INFO] [stdout]   |             ^^^^^^ could not find `ctypes` in `winapi`
[INFO] [stdout] 
[INFO] [stdout] 
[INFO] [stdout] error[E0412]: cannot find type `IDirect3D9` in this scope
[INFO] [stdout]   --> tlse_sys/src/display_manager.rs:24:19
[INFO] [stdout]    |
[INFO] [stdout] 24 |     pub d3d: *mut IDirect3D9,
[INFO] [stdout]    |                   ^^^^^^^^^^ not found in this scope
[INFO] [stdout] 
[INFO] [stdout] 
[INFO] [stdout] error[E0412]: cannot find type `IDirect3DDevice9` in this scope
[INFO] [stdout]   --> tlse_sys/src/display_manager.rs:25:26
[INFO] [stdout]    |
[INFO] [stdout] 25 |     pub d3d_device: *mut IDirect3DDevice9,
[INFO] [stdout]    |                          ^^^^^^^^^^^^^^^^ not found in this scope
[INFO] [stdout] 
[INFO] [stdout] 
[INFO] [stdout] error[E0412]: cannot find type `D3DCAPS9` in this scope
[INFO] [stdout]   --> tlse_sys/src/display_manager.rs:26:26
[INFO] [stdout]    |
[INFO] [stdout] 26 |     pub d3d_device_caps: D3DCAPS9,
[INFO] [stdout]    |                          ^^^^^^^^ not found in this scope
[INFO] [stdout] 
[INFO] [stdout] 
[INFO] [stdout] error[E0412]: cannot find type `HWND` in this scope
[INFO] [stdout]   --> tlse_sys/src/display_manager.rs:36:24
[INFO] [stdout]    |
[INFO] [stdout] 36 |     pub window_handle: HWND,
[INFO] [stdout]    |                        ^^^^ not found in this scope
[INFO] [stdout] 
[INFO] [stdout] 
[INFO] [stdout] error[E0412]: cannot find type `D3DDISPLAYMODE` in this scope
[INFO] [stdout]   --> tlse_sys/src/display_manager.rs:37:23
[INFO] [stdout]    |
[INFO] [stdout] 37 |     pub current_mode: D3DDISPLAYMODE,
[INFO] [stdout]    |                       ^^^^^^^^^^^^^^ not found in this scope
[INFO] [stdout] 
[INFO] [stdout] 
[INFO] [stdout] error[E0412]: cannot find type `D3DPRESENT_PARAMETERS` in this scope
[INFO] [stdout]   --> tlse_sys/src/display_manager.rs:43:25
[INFO] [stdout]    |
[INFO] [stdout] 43 |     pub present_params: D3DPRESENT_PARAMETERS,
[INFO] [stdout]    |                         ^^^^^^^^^^^^^^^^^^^^^ not found in this scope
[INFO] [stdout] 
[INFO] [stdout] 
[INFO] [stdout] error[E0412]: cannot find type `HWND` in this scope
[INFO] [stdout]   --> tlse_sys/src/display_manager.rs:69:24
[INFO] [stdout]    |
[INFO] [stdout] 69 |     pub window_handle: HWND,
[INFO] [stdout]    |                        ^^^^ not found in this scope
[INFO] [stdout] 
[INFO] [stdout] 
[INFO] [stdout] error[E0412]: cannot find type `GUID` in this scope
[INFO] [stdout]   --> tlse_sys/src/system_manager.rs:22:27
[INFO] [stdout]    |
[INFO] [stdout] 22 |     pub application_guid: GUID,
[INFO] [stdout]    |                           ^^^^ not found in this scope
[INFO] [stdout] 
[INFO] [stdout] 
[INFO] [stdout] error[E0412]: cannot find type `GUID` in this scope
[INFO] [stdout]   --> tlse_sys/src/system_manager.rs:23:20
[INFO] [stdout]    |
[INFO] [stdout] 23 |     pub best_guid: GUID,
[INFO] [stdout]    |                    ^^^^ not found in this scope
[INFO] [stdout] 
[INFO] [stdout] 
[INFO] [stdout] error[E0412]: cannot find type `GUID` in this scope
[INFO] [stdout]   --> tlse_sys/src/system_manager.rs:24:27
[INFO] [stdout]    |
[INFO] [stdout] 24 |     pub p_best_guid: *mut GUID,
[INFO] [stdout]    |                           ^^^^ not found in this scope
[INFO] [stdout] 
[INFO] [stdout] 
[INFO] [stdout] error[E0412]: cannot find type `RTL_CRITICAL_SECTION` in this scope
[INFO] [stdout]   --> tlse_sys/src/system_manager.rs:26:27
[INFO] [stdout]    |
[INFO] [stdout] 26 |     pub critical_section: RTL_CRITICAL_SECTION,
[INFO] [stdout]    |                           ^^^^^^^^^^^^^^^^^^^^ not found in this scope
[INFO] [stdout] 
[INFO] [stdout] 
[INFO] [stdout] error[E0412]: cannot find type `HINSTANCE` in this scope
[INFO] [stdout]   --> tlse_sys/src/system_manager.rs:37:35
[INFO] [stdout]    |
[INFO] [stdout] 37 |     pub win_instance_handle: *mut HINSTANCE,
[INFO] [stdout]    |                                   ^^^^^^^^^ not found in this scope
[INFO] [stdout] 
[INFO] [stdout] 
[INFO] [stdout] error[E0412]: cannot find type `HWND` in this scope
[INFO] [stdout]   --> tlse_sys/src/system_manager.rs:38:38
[INFO] [stdout]    |
[INFO] [stdout] 38 |     pub application_win_handle: *mut HWND,
[INFO] [stdout]    |                                      ^^^^ not found in this scope
[INFO] [stdout] 
[INFO] [stdout] 
[INFO] [stdout] error[E0412]: cannot find type `WNDCLASSEXW` in this scope
[INFO] [stdout]   --> tlse_sys/src/system_manager.rs:42:20
[INFO] [stdout]    |
[INFO] [stdout] 42 |     pub win_class: WNDCLASSEXW,
[INFO] [stdout]    |                    ^^^^^^^^^^^ not found in this scope
[INFO] [stdout] 
[INFO] [stdout] 
[INFO] [stdout] error[E0412]: cannot find type `HINSTANCE` in this scope
[INFO] [stdout]   --> tlse_sys/src/system_manager.rs:79:31
[INFO] [stdout]    |
[INFO] [stdout] 79 |     pub instance_handle: *mut HINSTANCE,
[INFO] [stdout]    |                               ^^^^^^^^^ not found in this scope
[INFO] [stdout] 
[INFO] [stdout] 
[INFO] [stdout] error[E0412]: cannot find type `HWND` in this scope
[INFO] [stdout]   --> tlse_sys/src/system_manager.rs:88:41
[INFO] [stdout]    |
[INFO] [stdout] 88 |     pub application_window_handle: *mut HWND,
[INFO] [stdout]    |                                         ^^^^ not found in this scope
[INFO] [stdout] 
[INFO] [stdout] 
[INFO] [stdout] error[E0412]: cannot find type `HINSTANCE` in this scope
[INFO] [stdout]    --> tlse_sys/src/lib.rs:179:47
[INFO] [stdout]     |
[INFO] [stdout] 179 |     pub extern "fastcall" fn gf_main(p1: *mut HINSTANCE, p2: *mut c_char, p3: usize) = 0x00402510;
[INFO] [stdout]     |                                               ^^^^^^^^^ not found in this scope
[INFO] [stdout] 
[INFO] [stdout] 
[INFO] [stdout] error[E0554]: `#![feature]` may not be used on the stable release channel
[INFO] [stdout]  --> tlse_sys/src/lib.rs:3:1
[INFO] [stdout]   |
[INFO] [stdout] 3 | #![feature(abi_thiscall)]
[INFO] [stdout]   | ^^^^^^^^^^^^^^^^^^^^^^^^^
[INFO] [stdout] 
[INFO] [stdout] 
[INFO] [stdout] warning: unused import: `std::mem::MaybeUninit`
[INFO] [stdout]  --> tlse_sys/src/cxx.rs:3:5
[INFO] [stdout]   |
[INFO] [stdout] 3 | use std::mem::MaybeUninit;
[INFO] [stdout]   |     ^^^^^^^^^^^^^^^^^^^^^
[INFO] [stdout]   |
[INFO] [stdout]   = note: `#[warn(unused_imports)]` on by default
[INFO] [stdout] 
[INFO] [stdout] 
[INFO] [stdout] warning: unused imports: `DerefMut`, `Deref`
[INFO] [stdout]  --> tlse_sys/src/cxx.rs:4:16
[INFO] [stdout]   |
[INFO] [stdout] 4 | use std::ops::{Deref, DerefMut};
[INFO] [stdout]   |                ^^^^^  ^^^^^^^^
[INFO] [stdout] 
[INFO] [stdout] 
[INFO] [stdout] warning: unused imports: `c_long`, `c_ulong`
[INFO] [stdout]  --> tlse_sys/src/input_manager.rs:1:20
[INFO] [stdout]   |
[INFO] [stdout] 1 | use std::os::raw::{c_long, c_ulong};
[INFO] [stdout]   |                    ^^^^^^  ^^^^^^^
[INFO] [stdout] 
[INFO] [stdout] 
[INFO] [stdout] warning: unused imports: `BoostScopedPtr`, `CBaseClass`, `CCountedPointer`, `CDiskFileWin32`, `CxxVector`
[INFO] [stdout]  --> tlse_sys/src/input_manager.rs:3:13
[INFO] [stdout]   |
[INFO] [stdout] 3 | use crate::{BoostScopedPtr, CBaseClass, CCountedPointer, CDiskFileWin32, CxxVector};
[INFO] [stdout]   |             ^^^^^^^^^^^^^^  ^^^^^^^^^^  ^^^^^^^^^^^^^^^  ^^^^^^^^^^^^^^  ^^^^^^^^^
[INFO] [stdout] 
[INFO] [stdout] 
[INFO] [stdout] warning: unused import: `std::mem::MaybeUninit`
[INFO] [stdout]  --> tlse_sys/src/player_manager.rs:1:5
[INFO] [stdout]   |
[INFO] [stdout] 1 | use std::mem::MaybeUninit;
[INFO] [stdout]   |     ^^^^^^^^^^^^^^^^^^^^^
[INFO] [stdout] 
[INFO] [stdout] 
[INFO] [stdout] warning: unused import: `std::ptr::NonNull`
[INFO] [stdout]  --> tlse_sys/src/player_manager.rs:3:5
[INFO] [stdout]   |
[INFO] [stdout] 3 | use std::ptr::NonNull;
[INFO] [stdout]   |     ^^^^^^^^^^^^^^^^^
[INFO] [stdout] 
[INFO] [stdout] 
[INFO] [stdout] error[E0740]: unions may not contain fields that need dropping
[INFO] [stdout]   --> tlse_sys/src/input_event.rs:22:5
[INFO] [stdout]    |
[INFO] [stdout] 22 |     pub character: wchar_t,
[INFO] [stdout]    |     ^^^^^^^^^^^^^^^^^^^^^^
[INFO] [stdout]    |
[INFO] [stdout] note: `std::mem::ManuallyDrop` can be used to wrap the type
[INFO] [stdout]   --> tlse_sys/src/input_event.rs:22:5
[INFO] [stdout]    |
[INFO] [stdout] 22 |     pub character: wchar_t,
[INFO] [stdout]    |     ^^^^^^^^^^^^^^^^^^^^^^
[INFO] [stdout] 
[INFO] [stdout] 
[INFO] [stdout] error: aborting due to 31 previous errors; 6 warnings emitted
[INFO] [stdout] 
[INFO] [stdout] 
[INFO] [stdout] Some errors have detailed explanations: E0412, E0432, E0433, E0554, E0740.
[INFO] [stdout] 
[INFO] [stdout] For more information about an error, try `rustc --explain E0412`.
[INFO] [stdout] 
[INFO] [stderr] error: could not compile `tlse_sys`
[INFO] [stderr] 
[INFO] [stderr] To learn more, run the command again with --verbose.
[INFO] [stderr] warning: build failed, waiting for other jobs to finish...
[INFO] [stderr] error: build failed
[INFO] running `Command { std: "docker" "inspect" "8576918fbbf5f41af4261f6acc93450027fa9274c5680dfe56e46450e2bd919f", kill_on_drop: false }`
[INFO] running `Command { std: "docker" "rm" "-f" "8576918fbbf5f41af4261f6acc93450027fa9274c5680dfe56e46450e2bd919f", kill_on_drop: false }`
[INFO] [stdout] 8576918fbbf5f41af4261f6acc93450027fa9274c5680dfe56e46450e2bd919f
