[INFO] cloning repository https://github.com/jak6jak/bevy-toon
[INFO] running `Command { std: "git" "-c" "credential.helper=" "-c" "credential.helper=/workspace/cargo-home/bin/git-credential-null" "clone" "--bare" "https://github.com/jak6jak/bevy-toon" "/workspace/cache/git-repos/https%3A%2F%2Fgithub.com%2Fjak6jak%2Fbevy-toon", kill_on_drop: false }`
[INFO] [stderr] Cloning into bare repository '/workspace/cache/git-repos/https%3A%2F%2Fgithub.com%2Fjak6jak%2Fbevy-toon'...
[INFO] running `Command { std: "git" "rev-parse" "HEAD", kill_on_drop: false }`
[INFO] [stdout] d7614c873313a57eba564f28526716583d711672
[INFO] testing jak6jak/bevy-toon against 1.54.0 for beta-1.55-1
[INFO] running `Command { std: "git" "clone" "/workspace/cache/git-repos/https%3A%2F%2Fgithub.com%2Fjak6jak%2Fbevy-toon" "/workspace/builds/worker-6/source", kill_on_drop: false }`
[INFO] [stderr] Cloning into '/workspace/builds/worker-6/source'...
[INFO] [stderr] done.
[INFO] validating manifest of git repo https://github.com/jak6jak/bevy-toon on toolchain 1.54.0
[INFO] running `Command { std: "/workspace/cargo-home/bin/cargo" "+1.54.0" "metadata" "--manifest-path" "Cargo.toml" "--no-deps", kill_on_drop: false }`
[INFO] started tweaking git repo https://github.com/jak6jak/bevy-toon
[INFO] finished tweaking git repo https://github.com/jak6jak/bevy-toon
[INFO] tweaked toml for git repo https://github.com/jak6jak/bevy-toon written to /workspace/builds/worker-6/source/Cargo.toml
[INFO] crate git repo https://github.com/jak6jak/bevy-toon already has a lockfile, it will not be regenerated
[INFO] running `Command { std: "/workspace/cargo-home/bin/cargo" "+1.54.0" "fetch" "--manifest-path" "Cargo.toml", kill_on_drop: false }`
[INFO] running `Command { std: "docker" "create" "-v" "/var/lib/crater-agent-workspace/builds/worker-6/target:/opt/rustwide/target:rw,Z" "-v" "/var/lib/crater-agent-workspace/builds/worker-6/source:/opt/rustwide/workdir:ro,Z" "-v" "/var/lib/crater-agent-workspace/cargo-home:/opt/rustwide/cargo-home:ro,Z" "-v" "/var/lib/crater-agent-workspace/rustup-home:/opt/rustwide/rustup-home:ro,Z" "-e" "SOURCE_DIR=/opt/rustwide/workdir" "-e" "CARGO_TARGET_DIR=/opt/rustwide/target" "-e" "CARGO_HOME=/opt/rustwide/cargo-home" "-e" "RUSTUP_HOME=/opt/rustwide/rustup-home" "-w" "/opt/rustwide/workdir" "-m" "1610612736" "--user" "0:0" "--network" "none" "ghcr.io/rust-lang/crates-build-env/linux@sha256:34b6a614d2c27851fe6cbf88fbd1137609cefab8b10d0615aaeb6fd47975d74e" "/opt/rustwide/cargo-home/bin/cargo" "+1.54.0" "metadata" "--no-deps" "--format-version=1", kill_on_drop: false }`
[INFO] [stdout] 0beb21f73b4810fd8bdc98e83b0931a5fa582e4b49888783d91e45a856caf0fa
[INFO] [stderr] WARNING: Your kernel does not support swap limit capabilities or the cgroup is not mounted. Memory limited without swap.
[INFO] running `Command { std: "docker" "start" "-a" "0beb21f73b4810fd8bdc98e83b0931a5fa582e4b49888783d91e45a856caf0fa", kill_on_drop: false }`
[INFO] running `Command { std: "docker" "inspect" "0beb21f73b4810fd8bdc98e83b0931a5fa582e4b49888783d91e45a856caf0fa", kill_on_drop: false }`
[INFO] running `Command { std: "docker" "rm" "-f" "0beb21f73b4810fd8bdc98e83b0931a5fa582e4b49888783d91e45a856caf0fa", kill_on_drop: false }`
[INFO] [stdout] 0beb21f73b4810fd8bdc98e83b0931a5fa582e4b49888783d91e45a856caf0fa
[INFO] running `Command { std: "docker" "create" "-v" "/var/lib/crater-agent-workspace/builds/worker-6/target:/opt/rustwide/target:rw,Z" "-v" "/var/lib/crater-agent-workspace/builds/worker-6/source:/opt/rustwide/workdir:ro,Z" "-v" "/var/lib/crater-agent-workspace/cargo-home:/opt/rustwide/cargo-home:ro,Z" "-v" "/var/lib/crater-agent-workspace/rustup-home:/opt/rustwide/rustup-home:ro,Z" "-e" "SOURCE_DIR=/opt/rustwide/workdir" "-e" "CARGO_TARGET_DIR=/opt/rustwide/target" "-e" "CARGO_INCREMENTAL=0" "-e" "RUST_BACKTRACE=full" "-e" "RUSTFLAGS=--cap-lints=warn" "-e" "CARGO_HOME=/opt/rustwide/cargo-home" "-e" "RUSTUP_HOME=/opt/rustwide/rustup-home" "-w" "/opt/rustwide/workdir" "-m" "1610612736" "--user" "0:0" "--network" "none" "ghcr.io/rust-lang/crates-build-env/linux@sha256:34b6a614d2c27851fe6cbf88fbd1137609cefab8b10d0615aaeb6fd47975d74e" "/opt/rustwide/cargo-home/bin/cargo" "+1.54.0" "build" "--frozen" "--message-format=json", kill_on_drop: false }`
[INFO] [stdout] 60cf2c5e1558006938d21ecbbcaa4667c19d969a872980787d9cdcfff85a095a
[INFO] [stderr] WARNING: Your kernel does not support swap limit capabilities or the cgroup is not mounted. Memory limited without swap.
[INFO] running `Command { std: "docker" "start" "-a" "60cf2c5e1558006938d21ecbbcaa4667c19d969a872980787d9cdcfff85a095a", kill_on_drop: false }`
[INFO] [stderr]    Compiling getrandom v0.2.2
[INFO] [stderr]    Compiling async-channel v1.6.1
[INFO] [stderr]    Compiling ash v0.31.0
[INFO] [stderr]    Compiling mio v0.7.8
[INFO] [stderr]    Compiling syn v1.0.60
[INFO] [stderr]    Compiling rand_chacha v0.2.2
[INFO] [stderr]    Compiling spirv-reflect v0.2.3
[INFO] [stderr]    Compiling minimp3-sys v0.3.2
[INFO] [stderr]    Compiling alsa v0.4.3
[INFO] [stderr]    Compiling chrono v0.4.19
[INFO] [stderr]    Compiling gfx-backend-empty v0.6.0
[INFO] [stderr]    Compiling gfx-memory v0.2.2
[INFO] [stderr]    Compiling gfx-descriptor v0.2.0
[INFO] [stderr]    Compiling mio-extras v2.0.6
[INFO] [stderr]    Compiling glyph_brush_layout v0.2.1
[INFO] [stderr]    Compiling image v0.23.13
[INFO] [stderr]    Compiling bevy_tasks v0.4.0
[INFO] [stderr]    Compiling notify v5.0.0-pre.5
[INFO] [stderr]    Compiling rand v0.7.3
[INFO] [stderr]    Compiling ahash v0.6.3
[INFO] [stderr]    Compiling serde_derive v1.0.123
[INFO] [stderr]    Compiling thiserror-impl v1.0.23
[INFO] [stderr]    Compiling tracing-attributes v0.1.13
[INFO] [stderr]    Compiling futures-macro v0.3.12
[INFO] [stderr]    Compiling gltf-derive v0.15.2
[INFO] [stderr]    Compiling futures-util v0.3.12
[INFO] [stderr]    Compiling thiserror v1.0.23
[INFO] [stderr]    Compiling tracing v0.1.24
[INFO] [stderr]    Compiling naga v0.2.0
[INFO] [stderr]    Compiling minimp3 v0.5.1
[INFO] [stderr]    Compiling cpal v0.13.1
[INFO] [stderr]    Compiling rodio v0.13.0
[INFO] [stderr]    Compiling serde v1.0.123
[INFO] [stderr]    Compiling futures-executor v0.3.12
[INFO] [stderr]    Compiling futures v0.3.12
[INFO] [stderr]    Compiling smallvec v1.6.1
[INFO] [stderr]    Compiling uuid v0.8.2
[INFO] [stderr]    Compiling toml v0.5.8
[INFO] [stderr]    Compiling glam v0.11.3
[INFO] [stderr]    Compiling erased-serde v0.3.13
[INFO] [stderr]    Compiling ron v0.6.4
[INFO] [stderr]    Compiling serde_json v1.0.62
[INFO] [stderr]    Compiling tracing-serde v0.1.2
[INFO] [stderr]    Compiling parking_lot_core v0.8.3
[INFO] [stderr]    Compiling gfx-backend-vulkan v0.6.5
[INFO] [stderr]    Compiling bevy_utils v0.4.0
[INFO] [stderr]    Compiling gilrs-core v0.3.0
[INFO] [stderr]    Compiling parking_lot v0.11.1
[INFO] [stderr]    Compiling winit v0.24.0
[INFO] [stderr]    Compiling find-crate v0.6.3
[INFO] [stderr]    Compiling gltf-json v0.15.2
[INFO] [stderr]    Compiling tracing-subscriber v0.2.15
[INFO] [stderr]    Compiling gilrs v0.8.0
[INFO] [stderr]    Compiling wgpu-core v0.6.5
[INFO] [stderr]    Compiling bevy_ecs_macros v0.4.0
[INFO] [stderr]    Compiling bevy_derive v0.4.0
[INFO] [stderr]    Compiling bevy_reflect_derive v0.4.0
[INFO] [stderr]    Compiling bevy_ecs v0.4.0
[INFO] [stderr]    Compiling gltf v0.15.2
[INFO] [stderr]    Compiling wgpu v0.6.2
[INFO] [stderr]    Compiling bevy_app v0.4.0
[INFO] [stderr]    Compiling bevy_reflect v0.4.0
[INFO] [stderr]    Compiling bevy_log v0.4.0
[INFO] [stderr]    Compiling bevy_dynamic_plugin v0.4.0
[INFO] [stderr]    Compiling bevy_math v0.4.0
[INFO] [stderr]    Compiling bevy_asset v0.4.0
[INFO] [stderr]    Compiling bevy_window v0.4.0
[INFO] [stderr]    Compiling bevy_core v0.4.0
[INFO] [stderr]    Compiling bevy_transform v0.4.0
[INFO] [stderr]    Compiling bevy_input v0.4.0
[INFO] [stderr]    Compiling bevy_winit v0.4.0
[INFO] [stderr]    Compiling bevy_gilrs v0.4.0
[INFO] [stderr]    Compiling bevy_diagnostic v0.4.0
[INFO] [stderr]    Compiling bevy_render v0.4.0
[INFO] [stderr]    Compiling bevy_scene v0.4.0
[INFO] [stderr]    Compiling bevy_audio v0.4.0
[INFO] [stderr]    Compiling bevy_sprite v0.4.0
[INFO] [stderr]    Compiling bevy_pbr v0.4.0
[INFO] [stderr]    Compiling bevy_wgpu v0.4.0
[INFO] [stderr]    Compiling bevy_gltf v0.4.0
[INFO] [stderr]    Compiling bevy_text v0.4.0
[INFO] [stderr]    Compiling bevy_ui v0.4.0
[INFO] [stderr]    Compiling bevy_internal v0.4.0
[INFO] [stderr]    Compiling bevy v0.4.0
[INFO] [stderr]    Compiling bevy_game v0.1.0 (/opt/rustwide/workdir)
[INFO] [stdout] error[E0432]: unresolved import `crate::render_graph`
[INFO] [stdout]  --> src/entity.rs:1:41
[INFO] [stdout]   |
[INFO] [stdout] 1 | use crate::{material::StandardMaterial, render_graph::FORWARD_PIPELINE_HANDLE};
[INFO] [stdout]   |                                         ^^^^^^^^^^^^
[INFO] [stdout]   |                                         |
[INFO] [stdout]   |                                         unresolved import
[INFO] [stdout]   |                                         help: a similar path exists: `bevy::pbr::render_graph`
[INFO] [stdout] 
[INFO] [stdout] 
[INFO] [stdout] error[E0405]: cannot find trait `Plugin` in this scope
[INFO] [stdout]   --> src/lib.rs:18:6
[INFO] [stdout]    |
[INFO] [stdout] 18 | impl Plugin for ToonPlugin {
[INFO] [stdout]    |      ^^^^^^ not found in this scope
[INFO] [stdout]    |
[INFO] [stdout] help: consider importing this trait
[INFO] [stdout]    |
[INFO] [stdout] 6  | use bevy::app::Plugin;
[INFO] [stdout]    |
[INFO] [stdout] 
[INFO] [stdout] 
[INFO] [stdout] error[E0412]: cannot find type `AppBuilder` in this scope
[INFO] [stdout]   --> src/lib.rs:19:31
[INFO] [stdout]    |
[INFO] [stdout] 19 |     fn build(&self, app: &mut AppBuilder) {
[INFO] [stdout]    |                               ^^^^^^^^^^ not found in this scope
[INFO] [stdout]    |
[INFO] [stdout] help: consider importing this struct
[INFO] [stdout]    |
[INFO] [stdout] 6  | use bevy::app::AppBuilder;
[INFO] [stdout]    |
[INFO] [stdout] 
[INFO] [stdout] 
[INFO] [stdout] warning: unused imports: `Handle`, `self`
[INFO] [stdout]  --> src/material.rs:1:19
[INFO] [stdout]   |
[INFO] [stdout] 1 | use bevy::asset::{self, Handle};
[INFO] [stdout]   |                   ^^^^  ^^^^^^
[INFO] [stdout]   |
[INFO] [stdout]   = note: `#[warn(unused_imports)]` on by default
[INFO] [stdout] 
[INFO] [stdout] 
[INFO] [stdout] warning: unused import: `texture::Texture`
[INFO] [stdout]  --> src/material.rs:3:81
[INFO] [stdout]   |
[INFO] [stdout] 3 | use bevy::render::{color::Color, renderer::RenderResources, shader::ShaderDefs, texture::Texture};
[INFO] [stdout]   |                                                                                 ^^^^^^^^^^^^^^^^
[INFO] [stdout] 
[INFO] [stdout] 
[INFO] [stdout] warning: unused import: `bevy::ecs::IntoSystem`
[INFO] [stdout]  --> src/lib.rs:6:5
[INFO] [stdout]   |
[INFO] [stdout] 6 | use bevy::ecs::IntoSystem;
[INFO] [stdout]   |     ^^^^^^^^^^^^^^^^^^^^^
[INFO] [stdout] 
[INFO] [stdout] 
[INFO] [stdout] error: aborting due to 3 previous errors; 3 warnings emitted
[INFO] [stdout] 
[INFO] [stdout] 
[INFO] [stdout] Some errors have detailed explanations: E0405, E0412, E0432.
[INFO] [stdout] 
[INFO] [stdout] For more information about an error, try `rustc --explain E0405`.
[INFO] [stdout] 
[INFO] [stderr] error: could not compile `bevy_game`
[INFO] [stderr] 
[INFO] [stderr] To learn more, run the command again with --verbose.
[INFO] running `Command { std: "docker" "inspect" "60cf2c5e1558006938d21ecbbcaa4667c19d969a872980787d9cdcfff85a095a", kill_on_drop: false }`
[INFO] running `Command { std: "docker" "rm" "-f" "60cf2c5e1558006938d21ecbbcaa4667c19d969a872980787d9cdcfff85a095a", kill_on_drop: false }`
[INFO] [stdout] 60cf2c5e1558006938d21ecbbcaa4667c19d969a872980787d9cdcfff85a095a
