[INFO] cloning repository https://github.com/jadencarver/deli
[INFO] running `Command { std: "git" "-c" "credential.helper=" "-c" "credential.helper=/workspace/cargo-home/bin/git-credential-null" "clone" "--bare" "https://github.com/jadencarver/deli" "/workspace/cache/git-repos/https%3A%2F%2Fgithub.com%2Fjadencarver%2Fdeli", kill_on_drop: false }`
[INFO] [stderr] Cloning into bare repository '/workspace/cache/git-repos/https%3A%2F%2Fgithub.com%2Fjadencarver%2Fdeli'...
[INFO] running `Command { std: "git" "rev-parse" "HEAD", kill_on_drop: false }`
[INFO] [stdout] 4a304a5105d45372bdf0e0caa8d3773237ddadcb
[INFO] testing jadencarver/deli against beta-2021-08-01 for beta-1.55-1
[INFO] running `Command { std: "git" "clone" "/workspace/cache/git-repos/https%3A%2F%2Fgithub.com%2Fjadencarver%2Fdeli" "/workspace/builds/worker-0/source", kill_on_drop: false }`
[INFO] [stderr] Cloning into '/workspace/builds/worker-0/source'...
[INFO] [stderr] done.
[INFO] validating manifest of git repo https://github.com/jadencarver/deli on toolchain beta-2021-08-01
[INFO] running `Command { std: "/workspace/cargo-home/bin/cargo" "+beta-2021-08-01" "metadata" "--manifest-path" "Cargo.toml" "--no-deps", kill_on_drop: false }`
[INFO] started tweaking git repo https://github.com/jadencarver/deli
[INFO] finished tweaking git repo https://github.com/jadencarver/deli
[INFO] tweaked toml for git repo https://github.com/jadencarver/deli written to /workspace/builds/worker-0/source/Cargo.toml
[INFO] crate git repo https://github.com/jadencarver/deli already has a lockfile, it will not be regenerated
[INFO] running `Command { std: "/workspace/cargo-home/bin/cargo" "+beta-2021-08-01" "fetch" "--manifest-path" "Cargo.toml", kill_on_drop: false }`
[INFO] running `Command { std: "docker" "create" "-v" "/var/lib/crater-agent-workspace/builds/worker-0/target:/opt/rustwide/target:rw,Z" "-v" "/var/lib/crater-agent-workspace/builds/worker-0/source:/opt/rustwide/workdir:ro,Z" "-v" "/var/lib/crater-agent-workspace/cargo-home:/opt/rustwide/cargo-home:ro,Z" "-v" "/var/lib/crater-agent-workspace/rustup-home:/opt/rustwide/rustup-home:ro,Z" "-e" "SOURCE_DIR=/opt/rustwide/workdir" "-e" "CARGO_TARGET_DIR=/opt/rustwide/target" "-e" "CARGO_HOME=/opt/rustwide/cargo-home" "-e" "RUSTUP_HOME=/opt/rustwide/rustup-home" "-w" "/opt/rustwide/workdir" "-m" "1610612736" "--user" "0:0" "--network" "none" "ghcr.io/rust-lang/crates-build-env/linux@sha256:34b6a614d2c27851fe6cbf88fbd1137609cefab8b10d0615aaeb6fd47975d74e" "/opt/rustwide/cargo-home/bin/cargo" "+beta-2021-08-01" "metadata" "--no-deps" "--format-version=1", kill_on_drop: false }`
[INFO] [stdout] 26fecc1219bda3cf0e494d36543ba918f4a346af6cd7d5fd168308dd71c14601
[INFO] [stderr] WARNING: Your kernel does not support swap limit capabilities or the cgroup is not mounted. Memory limited without swap.
[INFO] running `Command { std: "docker" "start" "-a" "26fecc1219bda3cf0e494d36543ba918f4a346af6cd7d5fd168308dd71c14601", kill_on_drop: false }`
[INFO] running `Command { std: "docker" "inspect" "26fecc1219bda3cf0e494d36543ba918f4a346af6cd7d5fd168308dd71c14601", kill_on_drop: false }`
[INFO] running `Command { std: "docker" "rm" "-f" "26fecc1219bda3cf0e494d36543ba918f4a346af6cd7d5fd168308dd71c14601", kill_on_drop: false }`
[INFO] [stdout] 26fecc1219bda3cf0e494d36543ba918f4a346af6cd7d5fd168308dd71c14601
[INFO] running `Command { std: "docker" "create" "-v" "/var/lib/crater-agent-workspace/builds/worker-0/target:/opt/rustwide/target:rw,Z" "-v" "/var/lib/crater-agent-workspace/builds/worker-0/source:/opt/rustwide/workdir:ro,Z" "-v" "/var/lib/crater-agent-workspace/cargo-home:/opt/rustwide/cargo-home:ro,Z" "-v" "/var/lib/crater-agent-workspace/rustup-home:/opt/rustwide/rustup-home:ro,Z" "-e" "SOURCE_DIR=/opt/rustwide/workdir" "-e" "CARGO_TARGET_DIR=/opt/rustwide/target" "-e" "CARGO_INCREMENTAL=0" "-e" "RUST_BACKTRACE=full" "-e" "RUSTFLAGS=--cap-lints=warn" "-e" "CARGO_HOME=/opt/rustwide/cargo-home" "-e" "RUSTUP_HOME=/opt/rustwide/rustup-home" "-w" "/opt/rustwide/workdir" "-m" "1610612736" "--user" "0:0" "--network" "none" "ghcr.io/rust-lang/crates-build-env/linux@sha256:34b6a614d2c27851fe6cbf88fbd1137609cefab8b10d0615aaeb6fd47975d74e" "/opt/rustwide/cargo-home/bin/cargo" "+beta-2021-08-01" "build" "--frozen" "--message-format=json", kill_on_drop: false }`
[INFO] [stdout] b0d75b17b572e90a5919e9dd93b0812baa1c33179eac53c2bbc7d8266691d6ac
[INFO] [stderr] WARNING: Your kernel does not support swap limit capabilities or the cgroup is not mounted. Memory limited without swap.
[INFO] running `Command { std: "docker" "start" "-a" "b0d75b17b572e90a5919e9dd93b0812baa1c33179eac53c2bbc7d8266691d6ac", kill_on_drop: false }`
[INFO] [stderr]    Compiling sdl2 v0.34.0
[INFO] [stderr]    Compiling sdl2-sys v0.34.0
[INFO] [stderr]    Compiling gl_generator v0.14.0
[INFO] [stderr]    Compiling gl v0.14.0
[INFO] [stderr]    Compiling deli v0.1.0 (/opt/rustwide/workdir)
[INFO] [stdout] error[E0432]: unresolved import `sdl2::image`
[INFO] [stdout]  --> src/main.rs:3:11
[INFO] [stdout]   |
[INFO] [stdout] 3 | use sdl2::image::{LoadTexture, InitFlag};
[INFO] [stdout]   |           ^^^^^ could not find `image` in `sdl2`
[INFO] [stdout] 
[INFO] [stdout] 
[INFO] [stdout] error[E0425]: cannot find value `png` in this scope
[INFO] [stdout]   --> src/main.rs:29:48
[INFO] [stdout]    |
[INFO] [stdout] 29 |     let texture = texture_creator.load_texture(png).unwrap();
[INFO] [stdout]    |                                                ^^^ not found in this scope
[INFO] [stdout] 
[INFO] [stdout] 
[INFO] [stdout] warning: unused import: `std::env`
[INFO] [stdout]  --> src/main.rs:1:5
[INFO] [stdout]   |
[INFO] [stdout] 1 | use std::env;
[INFO] [stdout]   |     ^^^^^^^^
[INFO] [stdout]   |
[INFO] [stdout]   = note: `#[warn(unused_imports)]` on by default
[INFO] [stdout] 
[INFO] [stdout] 
[INFO] [stdout] warning: unused import: `std::path::Path`
[INFO] [stdout]  --> src/main.rs:2:5
[INFO] [stdout]   |
[INFO] [stdout] 2 | use std::path::Path;
[INFO] [stdout]   |     ^^^^^^^^^^^^^^^
[INFO] [stdout] 
[INFO] [stdout] 
[INFO] [stdout] error[E0599]: no method named `load_texture` found for struct `TextureCreator` in the current scope
[INFO] [stdout]   --> src/main.rs:29:35
[INFO] [stdout]    |
[INFO] [stdout] 29 |     let texture = texture_creator.load_texture(png).unwrap();
[INFO] [stdout]    |                                   ^^^^^^^^^^^^ method not found in `TextureCreator<WindowContext>`
[INFO] [stdout] 
[INFO] [stdout] 
[INFO] [stdout] error: aborting due to 3 previous errors; 2 warnings emitted
[INFO] [stdout] 
[INFO] [stdout] 
[INFO] [stdout] Some errors have detailed explanations: E0425, E0432, E0599.
[INFO] [stdout] 
[INFO] [stdout] For more information about an error, try `rustc --explain E0425`.
[INFO] [stdout] 
[INFO] [stderr] error: could not compile `deli` due to 4 previous errors; 2 warnings emitted
[INFO] running `Command { std: "docker" "inspect" "b0d75b17b572e90a5919e9dd93b0812baa1c33179eac53c2bbc7d8266691d6ac", kill_on_drop: false }`
[INFO] running `Command { std: "docker" "rm" "-f" "b0d75b17b572e90a5919e9dd93b0812baa1c33179eac53c2bbc7d8266691d6ac", kill_on_drop: false }`
[INFO] [stdout] b0d75b17b572e90a5919e9dd93b0812baa1c33179eac53c2bbc7d8266691d6ac
