[INFO] cloning repository https://github.com/jFransham/roit
[INFO] running `Command { std: "git" "-c" "credential.helper=" "-c" "credential.helper=/workspace/cargo-home/bin/git-credential-null" "clone" "--bare" "https://github.com/jFransham/roit" "/workspace/cache/git-repos/https%3A%2F%2Fgithub.com%2FjFransham%2Froit", kill_on_drop: false }`
[INFO] [stderr] Cloning into bare repository '/workspace/cache/git-repos/https%3A%2F%2Fgithub.com%2FjFransham%2Froit'...
[INFO] running `Command { std: "git" "rev-parse" "HEAD", kill_on_drop: false }`
[INFO] [stdout] 48744b3d01d892bfc0cfd7e0b701b3eedee8cf76
[INFO] testing jFransham/roit against 1.54.0 for beta-1.55-1
[INFO] running `Command { std: "git" "clone" "/workspace/cache/git-repos/https%3A%2F%2Fgithub.com%2FjFransham%2Froit" "/workspace/builds/worker-4/source", kill_on_drop: false }`
[INFO] [stderr] Cloning into '/workspace/builds/worker-4/source'...
[INFO] [stderr] done.
[INFO] validating manifest of git repo https://github.com/jFransham/roit on toolchain 1.54.0
[INFO] running `Command { std: "/workspace/cargo-home/bin/cargo" "+1.54.0" "metadata" "--manifest-path" "Cargo.toml" "--no-deps", kill_on_drop: false }`
[INFO] started tweaking git repo https://github.com/jFransham/roit
[INFO] finished tweaking git repo https://github.com/jFransham/roit
[INFO] tweaked toml for git repo https://github.com/jFransham/roit written to /workspace/builds/worker-4/source/Cargo.toml
[INFO] crate git repo https://github.com/jFransham/roit already has a lockfile, it will not be regenerated
[INFO] running `Command { std: "/workspace/cargo-home/bin/cargo" "+1.54.0" "fetch" "--manifest-path" "Cargo.toml", kill_on_drop: false }`
[INFO] running `Command { std: "docker" "create" "-v" "/var/lib/crater-agent-workspace/builds/worker-4/target:/opt/rustwide/target:rw,Z" "-v" "/var/lib/crater-agent-workspace/builds/worker-4/source:/opt/rustwide/workdir:ro,Z" "-v" "/var/lib/crater-agent-workspace/cargo-home:/opt/rustwide/cargo-home:ro,Z" "-v" "/var/lib/crater-agent-workspace/rustup-home:/opt/rustwide/rustup-home:ro,Z" "-e" "SOURCE_DIR=/opt/rustwide/workdir" "-e" "CARGO_TARGET_DIR=/opt/rustwide/target" "-e" "CARGO_HOME=/opt/rustwide/cargo-home" "-e" "RUSTUP_HOME=/opt/rustwide/rustup-home" "-w" "/opt/rustwide/workdir" "-m" "1610612736" "--user" "0:0" "--network" "none" "ghcr.io/rust-lang/crates-build-env/linux@sha256:34b6a614d2c27851fe6cbf88fbd1137609cefab8b10d0615aaeb6fd47975d74e" "/opt/rustwide/cargo-home/bin/cargo" "+1.54.0" "metadata" "--no-deps" "--format-version=1", kill_on_drop: false }`
[INFO] [stdout] 829000d19edf1d4e9067847862da6725bb1fed47ba53df39be6f40008a64a8e1
[INFO] [stderr] WARNING: Your kernel does not support swap limit capabilities or the cgroup is not mounted. Memory limited without swap.
[INFO] running `Command { std: "docker" "start" "-a" "829000d19edf1d4e9067847862da6725bb1fed47ba53df39be6f40008a64a8e1", kill_on_drop: false }`
[INFO] running `Command { std: "docker" "inspect" "829000d19edf1d4e9067847862da6725bb1fed47ba53df39be6f40008a64a8e1", kill_on_drop: false }`
[INFO] running `Command { std: "docker" "rm" "-f" "829000d19edf1d4e9067847862da6725bb1fed47ba53df39be6f40008a64a8e1", kill_on_drop: false }`
[INFO] [stdout] 829000d19edf1d4e9067847862da6725bb1fed47ba53df39be6f40008a64a8e1
[INFO] running `Command { std: "docker" "create" "-v" "/var/lib/crater-agent-workspace/builds/worker-4/target:/opt/rustwide/target:rw,Z" "-v" "/var/lib/crater-agent-workspace/builds/worker-4/source:/opt/rustwide/workdir:ro,Z" "-v" "/var/lib/crater-agent-workspace/cargo-home:/opt/rustwide/cargo-home:ro,Z" "-v" "/var/lib/crater-agent-workspace/rustup-home:/opt/rustwide/rustup-home:ro,Z" "-e" "SOURCE_DIR=/opt/rustwide/workdir" "-e" "CARGO_TARGET_DIR=/opt/rustwide/target" "-e" "CARGO_INCREMENTAL=0" "-e" "RUST_BACKTRACE=full" "-e" "RUSTFLAGS=--cap-lints=warn" "-e" "CARGO_HOME=/opt/rustwide/cargo-home" "-e" "RUSTUP_HOME=/opt/rustwide/rustup-home" "-w" "/opt/rustwide/workdir" "-m" "1610612736" "--user" "0:0" "--network" "none" "ghcr.io/rust-lang/crates-build-env/linux@sha256:34b6a614d2c27851fe6cbf88fbd1137609cefab8b10d0615aaeb6fd47975d74e" "/opt/rustwide/cargo-home/bin/cargo" "+1.54.0" "build" "--frozen" "--message-format=json", kill_on_drop: false }`
[INFO] [stdout] 3aa97ecb3306d00805feba5b3fd1bb17af5ef14b77d813794150a53144d231d0
[INFO] [stderr] WARNING: Your kernel does not support swap limit capabilities or the cgroup is not mounted. Memory limited without swap.
[INFO] running `Command { std: "docker" "start" "-a" "3aa97ecb3306d00805feba5b3fd1bb17af5ef14b77d813794150a53144d231d0", kill_on_drop: false }`
[INFO] [stderr]    Compiling rustc-serialize v0.3.18
[INFO] [stderr]    Compiling gcc v0.3.26
[INFO] [stderr]    Compiling crossbeam v0.1.6
[INFO] [stderr]    Compiling piston-shaders_graphics2d v0.2.0
[INFO] [stderr]    Compiling simple_ecs v0.1.5
[INFO] [stderr]    Compiling itertools v0.4.11
[INFO] [stderr]    Compiling log v0.3.5
[INFO] [stderr]    Compiling num_cpus v0.2.11
[INFO] [stderr]    Compiling dylib v0.0.1
[INFO] [stderr]    Compiling libloading v0.2.1
[INFO] [stderr]    Compiling shared_library v0.1.4
[INFO] [stderr]    Compiling deque v0.3.1
[INFO] [stderr]    Compiling wayland-scanner v0.5.8
[INFO] [stderr]    Compiling kernel32-sys v0.2.1
[INFO] [stdout] error[E0432]: unresolved import `std::marker::Reflect`
[INFO] [stdout]  --> /opt/rustwide/cargo-home/registry/src/github.com-1ecc6299db9ec823/simple_ecs-0.1.5/src/heterogenous_set.rs:1:5
[INFO] [stdout]   |
[INFO] [stdout] 1 | use std::marker::Reflect;
[INFO] [stdout]   |     ^^^^^^^^^^^^^^^^^^^^ no `Reflect` in `marker`
[INFO] [stdout] 
[INFO] [stdout] 
[INFO] [stdout] error[E0432]: unresolved import `std::marker::Reflect`
[INFO] [stdout]  --> /opt/rustwide/cargo-home/registry/src/github.com-1ecc6299db9ec823/simple_ecs-0.1.5/src/entity.rs:1:5
[INFO] [stdout]   |
[INFO] [stdout] 1 | use std::marker::Reflect;
[INFO] [stdout]   |     ^^^^^^^^^^^^^^^^^^^^ no `Reflect` in `marker`
[INFO] [stdout] 
[INFO] [stdout] 
[INFO] [stdout] error[E0432]: unresolved import `std::marker::Reflect`
[INFO] [stdout]  --> /opt/rustwide/cargo-home/registry/src/github.com-1ecc6299db9ec823/simple_ecs-0.1.5/src/components.rs:1:5
[INFO] [stdout]   |
[INFO] [stdout] 1 | use std::marker::Reflect;
[INFO] [stdout]   |     ^^^^^^^^^^^^^^^^^^^^ no `Reflect` in `marker`
[INFO] [stdout] 
[INFO] [stdout] 
[INFO] [stdout] error[E0554]: `#![feature]` may not be used on the stable release channel
[INFO] [stdout]  --> /opt/rustwide/cargo-home/registry/src/github.com-1ecc6299db9ec823/simple_ecs-0.1.5/src/lib.rs:1:1
[INFO] [stdout]   |
[INFO] [stdout] 1 | #![feature(reflect_marker)]
[INFO] [stdout]   | ^^^^^^^^^^^^^^^^^^^^^^^^^^^
[INFO] [stdout] 
[INFO] [stdout] 
[INFO] [stdout] error[E0554]: `#![feature]` may not be used on the stable release channel
[INFO] [stdout]  --> /opt/rustwide/cargo-home/registry/src/github.com-1ecc6299db9ec823/simple_ecs-0.1.5/src/lib.rs:2:1
[INFO] [stdout]   |
[INFO] [stdout] 2 | #![feature(get_type_id)]
[INFO] [stdout]   | ^^^^^^^^^^^^^^^^^^^^^^^^
[INFO] [stdout] 
[INFO] [stdout] 
[INFO] [stdout] error: aborting due to 5 previous errors
[INFO] [stdout] 
[INFO] [stdout] 
[INFO] [stdout] Some errors have detailed explanations: E0432, E0554.
[INFO] [stdout] 
[INFO] [stdout] For more information about an error, try `rustc --explain E0432`.
[INFO] [stdout] 
[INFO] [stderr] error: could not compile `simple_ecs`
[INFO] [stderr] 
[INFO] [stderr] To learn more, run the command again with --verbose.
[INFO] [stderr] warning: build failed, waiting for other jobs to finish...
[INFO] [stdout] error[E0512]: cannot transmute between types of different sizes, or dependently-sized types
[INFO] [stdout]   --> /opt/rustwide/cargo-home/registry/src/github.com-1ecc6299db9ec823/crossbeam-0.1.6/src/sync/seg_queue.rs:34:29
[INFO] [stdout]    |
[INFO] [stdout] 34 |             ready: unsafe { mem::transmute([0usize; SEG_SIZE]) },
[INFO] [stdout]    |                             ^^^^^^^^^^^^^^
[INFO] [stdout]    |
[INFO] [stdout]    = note: source type: `[usize; 32]` (2048 bits)
[INFO] [stdout]    = note: target type: `[AtomicBool; 32]` (256 bits)
[INFO] [stdout] 
[INFO] [stdout] 
[INFO] [stdout] error[E0642]: patterns aren't allowed in functions without bodies
[INFO] [stdout]    --> /opt/rustwide/cargo-home/registry/src/github.com-1ecc6299db9ec823/rustc-serialize-0.3.18/src/serialize.rs:145:45
[INFO] [stdout]     |
[INFO] [stdout] 145 | ...                   &f_name: &str,
[INFO] [stdout]     |                       ^^^^^^^ pattern not allowed in function without body
[INFO] [stdout] 
[INFO] [stdout] 
[INFO] [stdout] error: aborting due to previous error
[INFO] [stdout] 
[INFO] [stdout] 
[INFO] [stdout] For more information about this error, try `rustc --explain E0512`.
[INFO] [stdout] 
[INFO] [stdout] error: aborting due to previous error
[INFO] [stdout] 
[INFO] [stdout] 
[INFO] [stdout] For more information about this error, try `rustc --explain E0642`.
[INFO] [stdout] 
[INFO] [stderr] error: build failed
[INFO] running `Command { std: "docker" "inspect" "3aa97ecb3306d00805feba5b3fd1bb17af5ef14b77d813794150a53144d231d0", kill_on_drop: false }`
[INFO] running `Command { std: "docker" "rm" "-f" "3aa97ecb3306d00805feba5b3fd1bb17af5ef14b77d813794150a53144d231d0", kill_on_drop: false }`
[INFO] [stdout] 3aa97ecb3306d00805feba5b3fd1bb17af5ef14b77d813794150a53144d231d0
