[INFO] cloning repository https://github.com/izik1/ribit
[INFO] running `Command { std: "git" "-c" "credential.helper=" "-c" "credential.helper=/workspace/cargo-home/bin/git-credential-null" "clone" "--bare" "https://github.com/izik1/ribit" "/workspace/cache/git-repos/https%3A%2F%2Fgithub.com%2Fizik1%2Fribit", kill_on_drop: false }`
[INFO] [stderr] Cloning into bare repository '/workspace/cache/git-repos/https%3A%2F%2Fgithub.com%2Fizik1%2Fribit'...
[INFO] running `Command { std: "git" "rev-parse" "HEAD", kill_on_drop: false }`
[INFO] [stdout] f4e9dcf305264f4d5d138f0ebad807e06bcaf194
[INFO] testing izik1/ribit against beta-2021-08-01 for beta-1.55-1
[INFO] running `Command { std: "git" "clone" "/workspace/cache/git-repos/https%3A%2F%2Fgithub.com%2Fizik1%2Fribit" "/workspace/builds/worker-6/source", kill_on_drop: false }`
[INFO] [stderr] Cloning into '/workspace/builds/worker-6/source'...
[INFO] [stderr] done.
[INFO] validating manifest of git repo https://github.com/izik1/ribit on toolchain beta-2021-08-01
[INFO] running `Command { std: "/workspace/cargo-home/bin/cargo" "+beta-2021-08-01" "metadata" "--manifest-path" "Cargo.toml" "--no-deps", kill_on_drop: false }`
[INFO] started tweaking git repo https://github.com/izik1/ribit
[INFO] finished tweaking git repo https://github.com/izik1/ribit
[INFO] tweaked toml for git repo https://github.com/izik1/ribit written to /workspace/builds/worker-6/source/Cargo.toml
[INFO] crate git repo https://github.com/izik1/ribit already has a lockfile, it will not be regenerated
[INFO] running `Command { std: "/workspace/cargo-home/bin/cargo" "+beta-2021-08-01" "fetch" "--manifest-path" "Cargo.toml", kill_on_drop: false }`
[INFO] [stderr]     Blocking waiting for file lock on package cache
[INFO] [stderr]     Updating git repository `https://github.com/izik1/rasen`
[INFO] [stderr]  Downloading crates ...
[INFO] [stderr]   Downloaded terminal_size v0.1.17
[INFO] [stderr]   Downloaded console v0.14.1
[INFO] [stderr]   Downloaded yaml-rust v0.4.5
[INFO] [stderr]   Downloaded dtoa v0.4.8
[INFO] [stderr]   Downloaded raw-cpuid v9.0.0
[INFO] [stderr]   Downloaded linked-hash-map v0.5.4
[INFO] [stderr]   Downloaded serde_yaml v0.8.17
[INFO] [stderr]   Downloaded env_logger v0.8.3
[INFO] [stderr]   Downloaded encode_unicode v0.3.6
[INFO] [stderr]   Downloaded humantime v2.1.0
[INFO] [stderr]   Downloaded syn v1.0.72
[INFO] [stderr]   Downloaded insta v1.7.1
[INFO] [stderr]   Downloaded similar v1.3.0
[INFO] running `Command { std: "docker" "create" "-v" "/var/lib/crater-agent-workspace/builds/worker-6/target:/opt/rustwide/target:rw,Z" "-v" "/var/lib/crater-agent-workspace/builds/worker-6/source:/opt/rustwide/workdir:ro,Z" "-v" "/var/lib/crater-agent-workspace/cargo-home:/opt/rustwide/cargo-home:ro,Z" "-v" "/var/lib/crater-agent-workspace/rustup-home:/opt/rustwide/rustup-home:ro,Z" "-e" "SOURCE_DIR=/opt/rustwide/workdir" "-e" "CARGO_TARGET_DIR=/opt/rustwide/target" "-e" "CARGO_HOME=/opt/rustwide/cargo-home" "-e" "RUSTUP_HOME=/opt/rustwide/rustup-home" "-w" "/opt/rustwide/workdir" "-m" "1610612736" "--user" "0:0" "--network" "none" "ghcr.io/rust-lang/crates-build-env/linux@sha256:34b6a614d2c27851fe6cbf88fbd1137609cefab8b10d0615aaeb6fd47975d74e" "/opt/rustwide/cargo-home/bin/cargo" "+beta-2021-08-01" "metadata" "--no-deps" "--format-version=1", kill_on_drop: false }`
[INFO] [stdout] 341f14541a9b0d9293f35cc3c5cfbedc34230a7ad36516bb01b373cea6f942bf
[INFO] running `Command { std: "docker" "start" "-a" "341f14541a9b0d9293f35cc3c5cfbedc34230a7ad36516bb01b373cea6f942bf", kill_on_drop: false }`
[INFO] running `Command { std: "docker" "inspect" "341f14541a9b0d9293f35cc3c5cfbedc34230a7ad36516bb01b373cea6f942bf", kill_on_drop: false }`
[INFO] running `Command { std: "docker" "rm" "-f" "341f14541a9b0d9293f35cc3c5cfbedc34230a7ad36516bb01b373cea6f942bf", kill_on_drop: false }`
[INFO] [stdout] 341f14541a9b0d9293f35cc3c5cfbedc34230a7ad36516bb01b373cea6f942bf
[INFO] running `Command { std: "docker" "create" "-v" "/var/lib/crater-agent-workspace/builds/worker-6/target:/opt/rustwide/target:rw,Z" "-v" "/var/lib/crater-agent-workspace/builds/worker-6/source:/opt/rustwide/workdir:ro,Z" "-v" "/var/lib/crater-agent-workspace/cargo-home:/opt/rustwide/cargo-home:ro,Z" "-v" "/var/lib/crater-agent-workspace/rustup-home:/opt/rustwide/rustup-home:ro,Z" "-e" "SOURCE_DIR=/opt/rustwide/workdir" "-e" "CARGO_TARGET_DIR=/opt/rustwide/target" "-e" "CARGO_INCREMENTAL=0" "-e" "RUST_BACKTRACE=full" "-e" "RUSTFLAGS=--cap-lints=warn" "-e" "CARGO_HOME=/opt/rustwide/cargo-home" "-e" "RUSTUP_HOME=/opt/rustwide/rustup-home" "-w" "/opt/rustwide/workdir" "-m" "1610612736" "--user" "0:0" "--network" "none" "ghcr.io/rust-lang/crates-build-env/linux@sha256:34b6a614d2c27851fe6cbf88fbd1137609cefab8b10d0615aaeb6fd47975d74e" "/opt/rustwide/cargo-home/bin/cargo" "+beta-2021-08-01" "build" "--frozen" "--message-format=json", kill_on_drop: false }`
[INFO] [stdout] e916a1641729b3c31ac599dd68eab660013bedf5ed452b9ccae779afe174ce66
[INFO] running `Command { std: "docker" "start" "-a" "e916a1641729b3c31ac599dd68eab660013bedf5ed452b9ccae779afe174ce66", kill_on_drop: false }`
[INFO] [stderr]    Compiling rasen v0.1.0 (https://github.com/izik1/rasen?rev=1ad94d82305cf89f1f004a5e74a1334123306288#1ad94d82)
[INFO] [stderr]    Compiling atty v0.2.14
[INFO] [stderr]    Compiling memmap v0.7.0
[INFO] [stderr]    Compiling raw-cpuid v9.0.0
[INFO] [stderr]    Compiling regex v1.5.4
[INFO] [stderr]    Compiling env_logger v0.8.3
[INFO] [stderr]    Compiling ribit v0.1.0 (/opt/rustwide/workdir)
[INFO] [stdout] error[E0433]: failed to resolve: use of undeclared crate or module `goblin`
[INFO] [stdout]   --> src/lib.rs:14:5
[INFO] [stdout]    |
[INFO] [stdout] 14 | use goblin::{
[INFO] [stdout]    |     ^^^^^^ use of undeclared crate or module `goblin`
[INFO] [stdout] 
[INFO] [stdout] 
[INFO] [stdout] error[E0432]: unresolved import `goblin`
[INFO] [stdout]   --> src/lib.rs:14:5
[INFO] [stdout]    |
[INFO] [stdout] 14 | use goblin::{
[INFO] [stdout]    |     ^^^^^^ use of undeclared crate or module `goblin`
[INFO] [stdout] 
[INFO] [stdout] 
[INFO] [stdout] error[E0433]: failed to resolve: use of undeclared crate or module `goblin`
[INFO] [stdout]    --> src/lib.rs:286:19
[INFO] [stdout]     |
[INFO] [stdout] 286 |         let elf = goblin::elf::Elf::parse(program).unwrap();
[INFO] [stdout]     |                   ^^^^^^ use of undeclared crate or module `goblin`
[INFO] [stdout] 
[INFO] [stdout] 
[INFO] [stdout] error[E0412]: cannot find type `Symtab` in this scope
[INFO] [stdout]    --> src/lib.rs:209:25
[INFO] [stdout]     |
[INFO] [stdout] 209 |     fn from_syms(syms: &Symtab, strs: &Strtab) -> Option<Self> {
[INFO] [stdout]     |                         ^^^^^^ not found in this scope
[INFO] [stdout] 
[INFO] [stdout] 
[INFO] [stdout] error[E0412]: cannot find type `Strtab` in this scope
[INFO] [stdout]    --> src/lib.rs:209:40
[INFO] [stdout]     |
[INFO] [stdout] 209 |     fn from_syms(syms: &Symtab, strs: &Strtab) -> Option<Self> {
[INFO] [stdout]     |                                        ^^^^^^ not found in this scope
[INFO] [stdout] 
[INFO] [stdout] 
[INFO] [stdout] error[E0425]: cannot find value `STB_GLOBAL` in this scope
[INFO] [stdout]    --> src/lib.rs:215:33
[INFO] [stdout]     |
[INFO] [stdout] 215 |             if sym.st_bind() != STB_GLOBAL {
[INFO] [stdout]     |                                 ^^^^^^^^^^ not found in this scope
[INFO] [stdout] 
[INFO] [stdout] 
[INFO] [stdout] error[E0425]: cannot find value `PT_LOAD` in this scope
[INFO] [stdout]    --> src/lib.rs:294:33
[INFO] [stdout]     |
[INFO] [stdout] 294 |             if header.p_type == PT_LOAD {
[INFO] [stdout]     |                                 ^^^^^^^ not found in this scope
[INFO] [stdout] 
[INFO] [stdout] 
[INFO] [stdout] error: aborting due to 7 previous errors
[INFO] [stdout] 
[INFO] [stdout] 
[INFO] [stdout] Some errors have detailed explanations: E0412, E0425, E0432, E0433.
[INFO] [stdout] 
[INFO] [stdout] For more information about an error, try `rustc --explain E0412`.
[INFO] [stdout] 
[INFO] [stderr] error: could not compile `ribit` due to 8 previous errors
[INFO] [stderr] warning: build failed, waiting for other jobs to finish...
[INFO] [stderr] error: build failed
[INFO] running `Command { std: "docker" "inspect" "e916a1641729b3c31ac599dd68eab660013bedf5ed452b9ccae779afe174ce66", kill_on_drop: false }`
[INFO] running `Command { std: "docker" "rm" "-f" "e916a1641729b3c31ac599dd68eab660013bedf5ed452b9ccae779afe174ce66", kill_on_drop: false }`
[INFO] [stdout] e916a1641729b3c31ac599dd68eab660013bedf5ed452b9ccae779afe174ce66
