[INFO] cloning repository https://github.com/ironhaven/caff
[INFO] running `Command { std: "git" "-c" "credential.helper=" "-c" "credential.helper=/workspace/cargo-home/bin/git-credential-null" "clone" "--bare" "https://github.com/ironhaven/caff" "/workspace/cache/git-repos/https%3A%2F%2Fgithub.com%2Fironhaven%2Fcaff", kill_on_drop: false }`
[INFO] [stderr] Cloning into bare repository '/workspace/cache/git-repos/https%3A%2F%2Fgithub.com%2Fironhaven%2Fcaff'...
[INFO] running `Command { std: "git" "rev-parse" "HEAD", kill_on_drop: false }`
[INFO] [stdout] 9a0316e470d15108d8fe738ff386a098fe1fea05
[INFO] testing ironhaven/caff against beta-2021-08-01 for beta-1.55-1
[INFO] running `Command { std: "git" "clone" "/workspace/cache/git-repos/https%3A%2F%2Fgithub.com%2Fironhaven%2Fcaff" "/workspace/builds/worker-4/source", kill_on_drop: false }`
[INFO] [stderr] Cloning into '/workspace/builds/worker-4/source'...
[INFO] [stderr] done.
[INFO] validating manifest of git repo https://github.com/ironhaven/caff on toolchain beta-2021-08-01
[INFO] running `Command { std: "/workspace/cargo-home/bin/cargo" "+beta-2021-08-01" "metadata" "--manifest-path" "Cargo.toml" "--no-deps", kill_on_drop: false }`
[INFO] started tweaking git repo https://github.com/ironhaven/caff
[INFO] finished tweaking git repo https://github.com/ironhaven/caff
[INFO] tweaked toml for git repo https://github.com/ironhaven/caff written to /workspace/builds/worker-4/source/Cargo.toml
[INFO] crate git repo https://github.com/ironhaven/caff already has a lockfile, it will not be regenerated
[INFO] running `Command { std: "/workspace/cargo-home/bin/cargo" "+beta-2021-08-01" "fetch" "--manifest-path" "Cargo.toml", kill_on_drop: false }`
[INFO] [stderr] warning: unused manifest key: profile.release.codgen-units
[INFO] running `Command { std: "docker" "create" "-v" "/var/lib/crater-agent-workspace/builds/worker-4/target:/opt/rustwide/target:rw,Z" "-v" "/var/lib/crater-agent-workspace/builds/worker-4/source:/opt/rustwide/workdir:ro,Z" "-v" "/var/lib/crater-agent-workspace/cargo-home:/opt/rustwide/cargo-home:ro,Z" "-v" "/var/lib/crater-agent-workspace/rustup-home:/opt/rustwide/rustup-home:ro,Z" "-e" "SOURCE_DIR=/opt/rustwide/workdir" "-e" "CARGO_TARGET_DIR=/opt/rustwide/target" "-e" "CARGO_HOME=/opt/rustwide/cargo-home" "-e" "RUSTUP_HOME=/opt/rustwide/rustup-home" "-w" "/opt/rustwide/workdir" "-m" "1610612736" "--user" "0:0" "--network" "none" "ghcr.io/rust-lang/crates-build-env/linux@sha256:34b6a614d2c27851fe6cbf88fbd1137609cefab8b10d0615aaeb6fd47975d74e" "/opt/rustwide/cargo-home/bin/cargo" "+beta-2021-08-01" "metadata" "--no-deps" "--format-version=1", kill_on_drop: false }`
[INFO] [stdout] e6bfa811e4e52e0854077b8ca439636e3af121c25cff889cc0e527fb3c6b8615
[INFO] running `Command { std: "docker" "start" "-a" "e6bfa811e4e52e0854077b8ca439636e3af121c25cff889cc0e527fb3c6b8615", kill_on_drop: false }`
[INFO] running `Command { std: "docker" "inspect" "e6bfa811e4e52e0854077b8ca439636e3af121c25cff889cc0e527fb3c6b8615", kill_on_drop: false }`
[INFO] running `Command { std: "docker" "rm" "-f" "e6bfa811e4e52e0854077b8ca439636e3af121c25cff889cc0e527fb3c6b8615", kill_on_drop: false }`
[INFO] [stdout] e6bfa811e4e52e0854077b8ca439636e3af121c25cff889cc0e527fb3c6b8615
[INFO] running `Command { std: "docker" "create" "-v" "/var/lib/crater-agent-workspace/builds/worker-4/target:/opt/rustwide/target:rw,Z" "-v" "/var/lib/crater-agent-workspace/builds/worker-4/source:/opt/rustwide/workdir:ro,Z" "-v" "/var/lib/crater-agent-workspace/cargo-home:/opt/rustwide/cargo-home:ro,Z" "-v" "/var/lib/crater-agent-workspace/rustup-home:/opt/rustwide/rustup-home:ro,Z" "-e" "SOURCE_DIR=/opt/rustwide/workdir" "-e" "CARGO_TARGET_DIR=/opt/rustwide/target" "-e" "CARGO_INCREMENTAL=0" "-e" "RUST_BACKTRACE=full" "-e" "RUSTFLAGS=--cap-lints=warn" "-e" "CARGO_HOME=/opt/rustwide/cargo-home" "-e" "RUSTUP_HOME=/opt/rustwide/rustup-home" "-w" "/opt/rustwide/workdir" "-m" "1610612736" "--user" "0:0" "--network" "none" "ghcr.io/rust-lang/crates-build-env/linux@sha256:34b6a614d2c27851fe6cbf88fbd1137609cefab8b10d0615aaeb6fd47975d74e" "/opt/rustwide/cargo-home/bin/cargo" "+beta-2021-08-01" "build" "--frozen" "--message-format=json", kill_on_drop: false }`
[INFO] [stdout] 52512201e70d298802d9215bf0926e777732281ab6469f67e807822f7a7d50ca
[INFO] running `Command { std: "docker" "start" "-a" "52512201e70d298802d9215bf0926e777732281ab6469f67e807822f7a7d50ca", kill_on_drop: false }`
[INFO] [stderr] warning: unused manifest key: profile.release.codgen-units
[INFO] [stderr]    Compiling winapi v0.3.9
[INFO] [stderr]    Compiling caff v0.1.1 (/opt/rustwide/workdir)
[INFO] [stdout] error[E0433]: failed to resolve: could not find `um` in `winapi`
[INFO] [stdout]   --> src/main.rs:25:13
[INFO] [stdout]    |
[INFO] [stdout] 25 | use winapi::um::winuser::SendInput;
[INFO] [stdout]    |             ^^ could not find `um` in `winapi`
[INFO] [stdout] 
[INFO] [stdout] 
[INFO] [stdout] error[E0433]: failed to resolve: could not find `um` in `winapi`
[INFO] [stdout]   --> src/main.rs:26:13
[INFO] [stdout]    |
[INFO] [stdout] 26 | use winapi::um::winuser::{INPUT, INPUT_KEYBOARD, KEYBDINPUT, KEYEVENTF_KEYUP, VK_F24};
[INFO] [stdout]    |             ^^ could not find `um` in `winapi`
[INFO] [stdout] 
[INFO] [stdout] 
[INFO] [stdout] error[E0432]: unresolved import `winapi::ctypes`
[INFO] [stdout]   --> src/main.rs:27:13
[INFO] [stdout]    |
[INFO] [stdout] 27 | use winapi::ctypes::{c_int, c_uint};
[INFO] [stdout]    |             ^^^^^^ could not find `ctypes` in `winapi`
[INFO] [stdout] 
[INFO] [stdout] 
[INFO] [stdout] error[E0412]: cannot find type `KEYBDINPUT` in this scope
[INFO] [stdout]   --> src/main.rs:39:9
[INFO] [stdout]    |
[INFO] [stdout] 39 |     ki: KEYBDINPUT
[INFO] [stdout]    |         ^^^^^^^^^^ not found in this scope
[INFO] [stdout] 
[INFO] [stdout] 
[INFO] [stdout] error[E0422]: cannot find struct, variant or union type `INPUT` in this scope
[INFO] [stdout]   --> src/main.rs:47:13
[INFO] [stdout]    |
[INFO] [stdout] 47 |             INPUT {
[INFO] [stdout]    |             ^^^^^ not found in this scope
[INFO] [stdout] 
[INFO] [stdout] 
[INFO] [stdout] error[E0425]: cannot find value `INPUT_KEYBOARD` in this scope
[INFO] [stdout]   --> src/main.rs:48:24
[INFO] [stdout]    |
[INFO] [stdout] 48 |                 type_: INPUT_KEYBOARD,
[INFO] [stdout]    |                        ^^^^^^^^^^^^^^ not found in this scope
[INFO] [stdout] 
[INFO] [stdout] 
[INFO] [stdout] error[E0422]: cannot find struct, variant or union type `KEYBDINPUT` in this scope
[INFO] [stdout]   --> src/main.rs:50:47
[INFO] [stdout]    |
[INFO] [stdout] 50 |                 u: core::mem::transmute_copy(&KEYBDINPUT {
[INFO] [stdout]    |                                               ^^^^^^^^^^ not found in this scope
[INFO] [stdout] 
[INFO] [stdout] 
[INFO] [stdout] error[E0425]: cannot find value `VK_F24` in this scope
[INFO] [stdout]   --> src/main.rs:51:26
[INFO] [stdout]    |
[INFO] [stdout] 51 |                     wVk: VK_F24 as u16,
[INFO] [stdout]    |                          ^^^^^^ not found in this scope
[INFO] [stdout] 
[INFO] [stdout] 
[INFO] [stdout] error[E0422]: cannot find struct, variant or union type `INPUT` in this scope
[INFO] [stdout]   --> src/main.rs:55:13
[INFO] [stdout]    |
[INFO] [stdout] 55 |             INPUT {
[INFO] [stdout]    |             ^^^^^ not found in this scope
[INFO] [stdout] 
[INFO] [stdout] 
[INFO] [stdout] error[E0425]: cannot find value `INPUT_KEYBOARD` in this scope
[INFO] [stdout]   --> src/main.rs:56:24
[INFO] [stdout]    |
[INFO] [stdout] 56 |                 type_: INPUT_KEYBOARD,
[INFO] [stdout]    |                        ^^^^^^^^^^^^^^ not found in this scope
[INFO] [stdout] 
[INFO] [stdout] 
[INFO] [stdout] error[E0422]: cannot find struct, variant or union type `KEYBDINPUT` in this scope
[INFO] [stdout]   --> src/main.rs:57:47
[INFO] [stdout]    |
[INFO] [stdout] 57 |                 u: core::mem::transmute_copy(&KEYBDINPUT {
[INFO] [stdout]    |                                               ^^^^^^^^^^ not found in this scope
[INFO] [stdout] 
[INFO] [stdout] 
[INFO] [stdout] error[E0425]: cannot find value `VK_F24` in this scope
[INFO] [stdout]   --> src/main.rs:58:26
[INFO] [stdout]    |
[INFO] [stdout] 58 |                     wVk: VK_F24 as u16,
[INFO] [stdout]    |                          ^^^^^^ not found in this scope
[INFO] [stdout] 
[INFO] [stdout] 
[INFO] [stdout] error[E0425]: cannot find value `KEYEVENTF_KEYUP` in this scope
[INFO] [stdout]   --> src/main.rs:59:30
[INFO] [stdout]    |
[INFO] [stdout] 59 |                     dwFlags: KEYEVENTF_KEYUP,
[INFO] [stdout]    |                              ^^^^^^^^^^^^^^^ not found in this scope
[INFO] [stdout] 
[INFO] [stdout] 
[INFO] [stdout] error[E0425]: cannot find function, tuple struct or tuple variant `SendInput` in this scope
[INFO] [stdout]   --> src/main.rs:66:44
[INFO] [stdout]    |
[INFO] [stdout] 66 |         assert_eq!(inputs.len() as c_uint, SendInput(inputs.len() as c_uint, inputs.as_mut_ptr(), core::mem::size_of::<INPUT>() as c_int));
[INFO] [stdout]    |                                            ^^^^^^^^^ not found in this scope
[INFO] [stdout] 
[INFO] [stdout] 
[INFO] [stdout] error[E0412]: cannot find type `INPUT` in this scope
[INFO] [stdout]   --> src/main.rs:66:120
[INFO] [stdout]    |
[INFO] [stdout] 44 | pub fn press_f24() {
[INFO] [stdout]    |                 - help: you might be missing a type parameter: `<INPUT>`
[INFO] [stdout] ...
[INFO] [stdout] 66 |         assert_eq!(inputs.len() as c_uint, SendInput(inputs.len() as c_uint, inputs.as_mut_ptr(), core::mem::size_of::<INPUT>() as c_int));
[INFO] [stdout]    |                                                                                                                        ^^^^^ not found in this scope
[INFO] [stdout] 
[INFO] [stdout] 
[INFO] [stdout] error: aborting due to 15 previous errors
[INFO] [stdout] 
[INFO] [stdout] 
[INFO] [stdout] Some errors have detailed explanations: E0412, E0422, E0425, E0432, E0433.
[INFO] [stdout] 
[INFO] [stdout] For more information about an error, try `rustc --explain E0412`.
[INFO] [stdout] 
[INFO] [stderr] error: could not compile `caff` due to 16 previous errors
[INFO] running `Command { std: "docker" "inspect" "52512201e70d298802d9215bf0926e777732281ab6469f67e807822f7a7d50ca", kill_on_drop: false }`
[INFO] running `Command { std: "docker" "rm" "-f" "52512201e70d298802d9215bf0926e777732281ab6469f67e807822f7a7d50ca", kill_on_drop: false }`
[INFO] [stdout] 52512201e70d298802d9215bf0926e777732281ab6469f67e807822f7a7d50ca
