[INFO] cloning repository https://github.com/iptq/screenshot
[INFO] running `Command { std: "git" "-c" "credential.helper=" "-c" "credential.helper=/workspace/cargo-home/bin/git-credential-null" "clone" "--bare" "https://github.com/iptq/screenshot" "/workspace/cache/git-repos/https%3A%2F%2Fgithub.com%2Fiptq%2Fscreenshot", kill_on_drop: false }`
[INFO] [stderr] Cloning into bare repository '/workspace/cache/git-repos/https%3A%2F%2Fgithub.com%2Fiptq%2Fscreenshot'...
[INFO] running `Command { std: "git" "rev-parse" "HEAD", kill_on_drop: false }`
[INFO] [stdout] dcf8a1ddcb052b5ec1c1ada5935ced4d55029514
[INFO] testing iptq/screenshot against 1.54.0 for beta-1.55-1
[INFO] running `Command { std: "git" "clone" "/workspace/cache/git-repos/https%3A%2F%2Fgithub.com%2Fiptq%2Fscreenshot" "/workspace/builds/worker-5/source", kill_on_drop: false }`
[INFO] [stderr] Cloning into '/workspace/builds/worker-5/source'...
[INFO] [stderr] done.
[INFO] validating manifest of git repo https://github.com/iptq/screenshot on toolchain 1.54.0
[INFO] running `Command { std: "/workspace/cargo-home/bin/cargo" "+1.54.0" "metadata" "--manifest-path" "Cargo.toml" "--no-deps", kill_on_drop: false }`
[INFO] started tweaking git repo https://github.com/iptq/screenshot
[INFO] finished tweaking git repo https://github.com/iptq/screenshot
[INFO] tweaked toml for git repo https://github.com/iptq/screenshot written to /workspace/builds/worker-5/source/Cargo.toml
[INFO] crate git repo https://github.com/iptq/screenshot already has a lockfile, it will not be regenerated
[INFO] running `Command { std: "/workspace/cargo-home/bin/cargo" "+1.54.0" "fetch" "--manifest-path" "Cargo.toml", kill_on_drop: false }`
[INFO] running `Command { std: "docker" "create" "-v" "/var/lib/crater-agent-workspace/builds/worker-5/target:/opt/rustwide/target:rw,Z" "-v" "/var/lib/crater-agent-workspace/builds/worker-5/source:/opt/rustwide/workdir:ro,Z" "-v" "/var/lib/crater-agent-workspace/cargo-home:/opt/rustwide/cargo-home:ro,Z" "-v" "/var/lib/crater-agent-workspace/rustup-home:/opt/rustwide/rustup-home:ro,Z" "-e" "SOURCE_DIR=/opt/rustwide/workdir" "-e" "CARGO_TARGET_DIR=/opt/rustwide/target" "-e" "CARGO_HOME=/opt/rustwide/cargo-home" "-e" "RUSTUP_HOME=/opt/rustwide/rustup-home" "-w" "/opt/rustwide/workdir" "-m" "1610612736" "--user" "0:0" "--network" "none" "ghcr.io/rust-lang/crates-build-env/linux@sha256:34b6a614d2c27851fe6cbf88fbd1137609cefab8b10d0615aaeb6fd47975d74e" "/opt/rustwide/cargo-home/bin/cargo" "+1.54.0" "metadata" "--no-deps" "--format-version=1", kill_on_drop: false }`
[INFO] [stdout] 0cb29c34613c4221f0b8f1e4944918721478e28ce52c44dca2cde1cb0e2acb81
[INFO] running `Command { std: "docker" "start" "-a" "0cb29c34613c4221f0b8f1e4944918721478e28ce52c44dca2cde1cb0e2acb81", kill_on_drop: false }`
[INFO] running `Command { std: "docker" "inspect" "0cb29c34613c4221f0b8f1e4944918721478e28ce52c44dca2cde1cb0e2acb81", kill_on_drop: false }`
[INFO] running `Command { std: "docker" "rm" "-f" "0cb29c34613c4221f0b8f1e4944918721478e28ce52c44dca2cde1cb0e2acb81", kill_on_drop: false }`
[INFO] [stdout] 0cb29c34613c4221f0b8f1e4944918721478e28ce52c44dca2cde1cb0e2acb81
[INFO] running `Command { std: "docker" "create" "-v" "/var/lib/crater-agent-workspace/builds/worker-5/target:/opt/rustwide/target:rw,Z" "-v" "/var/lib/crater-agent-workspace/builds/worker-5/source:/opt/rustwide/workdir:ro,Z" "-v" "/var/lib/crater-agent-workspace/cargo-home:/opt/rustwide/cargo-home:ro,Z" "-v" "/var/lib/crater-agent-workspace/rustup-home:/opt/rustwide/rustup-home:ro,Z" "-e" "SOURCE_DIR=/opt/rustwide/workdir" "-e" "CARGO_TARGET_DIR=/opt/rustwide/target" "-e" "CARGO_INCREMENTAL=0" "-e" "RUST_BACKTRACE=full" "-e" "RUSTFLAGS=--cap-lints=warn" "-e" "CARGO_HOME=/opt/rustwide/cargo-home" "-e" "RUSTUP_HOME=/opt/rustwide/rustup-home" "-w" "/opt/rustwide/workdir" "-m" "1610612736" "--user" "0:0" "--network" "none" "ghcr.io/rust-lang/crates-build-env/linux@sha256:34b6a614d2c27851fe6cbf88fbd1137609cefab8b10d0615aaeb6fd47975d74e" "/opt/rustwide/cargo-home/bin/cargo" "+1.54.0" "build" "--frozen" "--message-format=json", kill_on_drop: false }`
[INFO] [stdout] 955d095c158f202cddefa5e7ee7aa04201d22cfab2fd13c800476e43a71930a4
[INFO] running `Command { std: "docker" "start" "-a" "955d095c158f202cddefa5e7ee7aa04201d22cfab2fd13c800476e43a71930a4", kill_on_drop: false }`
[INFO] [stderr]    Compiling libc v0.2.47
[INFO] [stderr]    Compiling cc v1.0.28
[INFO] [stderr]    Compiling cfg-if v0.1.6
[INFO] [stderr]    Compiling proc-macro2 v0.4.26
[INFO] [stderr]    Compiling autocfg v0.1.2
[INFO] [stderr]    Compiling lazy_static v1.2.0
[INFO] [stderr]    Compiling bitflags v1.0.4
[INFO] [stderr]    Compiling xml-rs v0.8.0
[INFO] [stderr]    Compiling byteorder v1.3.1
[INFO] [stderr]    Compiling num-traits v0.2.6
[INFO] [stderr]    Compiling memchr v2.1.3
[INFO] [stderr]    Compiling rand_core v0.3.0
[INFO] [stderr]    Compiling failure_derive v0.1.5
[INFO] [stderr]    Compiling pkg-config v0.3.14
[INFO] [stderr]    Compiling khronos_api v3.0.0
[INFO] [stderr]    Compiling glob v0.2.11
[INFO] [stderr]    Compiling rustc-demangle v0.1.13
[INFO] [stderr]    Compiling regex v1.1.0
[INFO] [stderr]    Compiling ucd-util v0.1.3
[INFO] [stderr]    Compiling nix v0.12.0
[INFO] [stderr]    Compiling quick-error v1.2.2
[INFO] [stderr]    Compiling utf8-ranges v1.0.2
[INFO] [stderr]    Compiling arrayvec v0.4.10
[INFO] [stderr]    Compiling nodrop v0.1.13
[INFO] [stderr]    Compiling termcolor v1.0.4
[INFO] [stderr]    Compiling bindgen v0.47.0
[INFO] [stderr]    Compiling downcast-rs v1.0.3
[INFO] [stderr]    Compiling stable_deref_trait v1.1.1
[INFO] [stderr]    Compiling same-file v1.0.4
[INFO] [stderr]    Compiling num-integer v0.1.39
[INFO] [stderr]    Compiling num-iter v0.1.37
[INFO] [stderr]    Compiling unicode-segmentation v1.2.1
[INFO] [stderr]    Compiling adler32 v1.0.3
[INFO] [stderr]    Compiling unreachable v1.0.0
[INFO] [stderr]    Compiling log v0.4.6
[INFO] [stderr]    Compiling owning_ref v0.4.0
[INFO] [stderr]    Compiling humantime v1.2.0
[INFO] [stderr]    Compiling rand_xorshift v0.1.1
[INFO] [stderr]    Compiling rand_isaac v0.1.1
[INFO] [stderr]    Compiling rand_hc v0.1.0
[INFO] [stderr]    Compiling thread_local v0.3.6
[INFO] [stderr]    Compiling rand_pcg v0.1.1
[INFO] [stderr]    Compiling parking_lot_core v0.4.0
[INFO] [stderr]    Compiling smallvec v0.6.8
[INFO] [stderr]    Compiling inflate v0.4.4
[INFO] [stderr]    Compiling walkdir v2.2.7
[INFO] [stderr]    Compiling regex-syntax v0.6.4
[INFO] [stderr]    Compiling lock_api v0.1.5
[INFO] [stderr]    Compiling heck v0.3.1
[INFO] [stderr]    Compiling backtrace v0.3.13
[INFO] [stderr]    Compiling rand_chacha v0.1.1
[INFO] [stderr]    Compiling rand v0.6.4
[INFO] [stderr]    Compiling x11-dl v2.18.3
[INFO] [stderr]    Compiling x11 v2.18.1
[INFO] [stderr]    Compiling gl_generator v0.10.0
[INFO] [stderr]    Compiling atty v0.2.11
[INFO] [stderr]    Compiling rand_os v0.1.1
[INFO] [stderr]    Compiling memmap v0.7.0
[INFO] [stderr]    Compiling shared_library v0.1.9
[INFO] [stderr]    Compiling time v0.1.42
[INFO] [stderr]    Compiling libloading v0.5.0
[INFO] [stderr]    Compiling backtrace-sys v0.1.28
[INFO] [stderr]    Compiling nanovg-sys v1.0.2
[INFO] [stderr]    Compiling clap v2.32.0
[INFO] [stderr]    Compiling osmesa-sys v0.1.2
[INFO] [stderr]    Compiling stb_truetype v0.2.5
[INFO] [stderr]    Compiling hashbrown v0.1.8
[INFO] [stderr]    Compiling deflate v0.7.19
[INFO] [stderr]    Compiling quote v0.6.11
[INFO] [stderr]    Compiling aho-corasick v0.6.9
[INFO] [stderr]    Compiling nom v4.1.1
[INFO] [stderr]    Compiling approx v0.3.1
[INFO] [stderr]    Compiling ordered-float v1.0.1
[INFO] [stderr]    Compiling line_drawing v0.7.0
[INFO] [stderr]    Compiling dlib v0.4.1
[INFO] [stderr]    Compiling clang-sys v0.27.0
[INFO] [stderr]    Compiling syn v0.15.26
[INFO] [stderr]    Compiling wayland-scanner v0.21.11
[INFO] [stderr]    Compiling rusttype v0.7.3
[INFO] [stderr]    Compiling wayland-sys v0.21.11
[INFO] [stderr]    Compiling gl v0.11.0
[INFO] [stderr]    Compiling glutin v0.19.0
[INFO] [stderr]    Compiling png v0.14.0
[INFO] [stderr]    Compiling andrew v0.1.5
[INFO] [stderr]    Compiling cexpr v0.3.4
[INFO] [stderr]    Compiling parking_lot v0.7.1
[INFO] [stderr]    Compiling wayland-client v0.21.11
[INFO] [stderr]    Compiling wayland-protocols v0.21.11
[INFO] [stderr]    Compiling nanovg v1.0.2
[INFO] [stderr]    Compiling synstructure v0.10.1
[INFO] [stderr]    Compiling env_logger v0.6.0
[INFO] [stderr]    Compiling wayland-commons v0.21.11
[INFO] [stderr]    Compiling structopt-derive v0.2.14
[INFO] [stderr]    Compiling failure v0.1.5
[INFO] [stderr]    Compiling which v2.0.1
[INFO] [stderr]    Compiling leanshot_xlib v0.1.1 (/opt/rustwide/workdir/xlib)
[INFO] [stderr]    Compiling structopt v0.2.14
[INFO] [stderr]    Compiling imlib2-sys v0.1.0 (/opt/rustwide/workdir/imlib2/imlib2-sys)
[INFO] [stderr] error: failed to run custom build command for `imlib2-sys v0.1.0 (/opt/rustwide/workdir/imlib2/imlib2-sys)`
[INFO] [stderr] 
[INFO] [stderr] Caused by:
[INFO] [stderr]   process didn't exit successfully: `/opt/rustwide/target/debug/build/imlib2-sys-838d4cd85c3eebbc/build-script-build` (exit status: 101)
[INFO] [stderr]   --- stdout
[INFO] [stderr]   cargo:rustc-link-lib=Imlib2
[INFO] [stderr] 
[INFO] [stderr]   --- stderr
[INFO] [stderr]   wrapper.h:1:10: fatal error: 'Imlib2.h' file not found
[INFO] [stderr]   wrapper.h:1:10: fatal error: 'Imlib2.h' file not found, err: true
[INFO] [stderr]   thread 'main' panicked at 'Unable to generate bindings: ()', imlib2/imlib2-sys/build.rs:17:10
[INFO] [stderr]   stack backtrace:
[INFO] [stderr]      0:     0x560150dbed40 - std::backtrace_rs::backtrace::libunwind::trace::h34055254b57d8e79
[INFO] [stderr]                                  at /rustc/a178d0322ce20e33eac124758e837cbd80a6f633/library/std/src/../../backtrace/src/backtrace/libunwind.rs:90:5
[INFO] [stderr]      1:     0x560150dbed40 - std::backtrace_rs::backtrace::trace_unsynchronized::h8f1e3fbd9afff6ec
[INFO] [stderr]                                  at /rustc/a178d0322ce20e33eac124758e837cbd80a6f633/library/std/src/../../backtrace/src/backtrace/mod.rs:66:5
[INFO] [stderr]      2:     0x560150dbed40 - std::sys_common::backtrace::_print_fmt::h3a99a796b770c360
[INFO] [stderr]                                  at /rustc/a178d0322ce20e33eac124758e837cbd80a6f633/library/std/src/sys_common/backtrace.rs:67:5
[INFO] [stderr]      3:     0x560150dbed40 - <std::sys_common::backtrace::_print::DisplayBacktrace as core::fmt::Display>::fmt::h32d1f94a80615d18
[INFO] [stderr]                                  at /rustc/a178d0322ce20e33eac124758e837cbd80a6f633/library/std/src/sys_common/backtrace.rs:46:22
[INFO] [stderr]      4:     0x560150de372c - core::fmt::write::h306731c068f7162c
[INFO] [stderr]                                  at /rustc/a178d0322ce20e33eac124758e837cbd80a6f633/library/core/src/fmt/mod.rs:1110:17
[INFO] [stderr]      5:     0x560150dbbea5 - std::io::Write::write_fmt::hd2fa90334eee2a21
[INFO] [stderr]                                  at /rustc/a178d0322ce20e33eac124758e837cbd80a6f633/library/std/src/io/mod.rs:1588:15
[INFO] [stderr]      6:     0x560150dc10bb - std::sys_common::backtrace::_print::h5abaa2601a852287
[INFO] [stderr]                                  at /rustc/a178d0322ce20e33eac124758e837cbd80a6f633/library/std/src/sys_common/backtrace.rs:49:5
[INFO] [stderr]      7:     0x560150dc10bb - std::sys_common::backtrace::print::h8d81445442bb638f
[INFO] [stderr]                                  at /rustc/a178d0322ce20e33eac124758e837cbd80a6f633/library/std/src/sys_common/backtrace.rs:36:9
[INFO] [stderr]      8:     0x560150dc10bb - std::panicking::default_hook::{{closure}}::hcfe804496a9fa747
[INFO] [stderr]                                  at /rustc/a178d0322ce20e33eac124758e837cbd80a6f633/library/std/src/panicking.rs:208:50
[INFO] [stderr]      9:     0x560150dc0b91 - std::panicking::default_hook::hbea8e3ccf2ba8901
[INFO] [stderr]                                  at /rustc/a178d0322ce20e33eac124758e837cbd80a6f633/library/std/src/panicking.rs:225:9
[INFO] [stderr]     10:     0x560150dc1784 - std::panicking::rust_panic_with_hook::h7ee9e1a2d0f8975a
[INFO] [stderr]                                  at /rustc/a178d0322ce20e33eac124758e837cbd80a6f633/library/std/src/panicking.rs:622:17
[INFO] [stderr]     11:     0x560150dc1267 - std::panicking::begin_panic_handler::{{closure}}::h8ab3b4491718b2c7
[INFO] [stderr]                                  at /rustc/a178d0322ce20e33eac124758e837cbd80a6f633/library/std/src/panicking.rs:519:13
[INFO] [stderr]     12:     0x560150dbf23c - std::sys_common::backtrace::__rust_end_short_backtrace::hd489062ffa586a9f
[INFO] [stderr]                                  at /rustc/a178d0322ce20e33eac124758e837cbd80a6f633/library/std/src/sys_common/backtrace.rs:141:18
[INFO] [stderr]     13:     0x560150dc11c9 - rust_begin_unwind
[INFO] [stderr]                                  at /rustc/a178d0322ce20e33eac124758e837cbd80a6f633/library/std/src/panicking.rs:515:5
[INFO] [stderr]     14:     0x5601508ac941 - core::panicking::panic_fmt::hca6330e3e14086b4
[INFO] [stderr]                                  at /rustc/a178d0322ce20e33eac124758e837cbd80a6f633/library/core/src/panicking.rs:92:14
[INFO] [stderr]     15:     0x5601508aca33 - core::result::unwrap_failed::h6160d2b4bfbb0e87
[INFO] [stderr]                                  at /rustc/a178d0322ce20e33eac124758e837cbd80a6f633/library/core/src/result.rs:1355:5
[INFO] [stderr]     16:     0x5601508aecd4 - core::result::Result<T,E>::expect::h41b6510aac0c44b7
[INFO] [stderr]                                  at /rustc/a178d0322ce20e33eac124758e837cbd80a6f633/library/core/src/result.rs:997:23
[INFO] [stderr]     17:     0x5601508ae8ab - build_script_build::main::h81b1d7fc1bf35ca2
[INFO] [stderr]                                  at /opt/rustwide/workdir/imlib2/imlib2-sys/build.rs:13:5
[INFO] [stderr]     18:     0x5601508b040b - core::ops::function::FnOnce::call_once::hba1e4ce0dedba3c2
[INFO] [stderr]                                  at /rustc/a178d0322ce20e33eac124758e837cbd80a6f633/library/core/src/ops/function.rs:227:5
[INFO] [stderr]     19:     0x5601508addae - std::sys_common::backtrace::__rust_begin_short_backtrace::h1971cef7d5913d4e
[INFO] [stderr]                                  at /rustc/a178d0322ce20e33eac124758e837cbd80a6f633/library/std/src/sys_common/backtrace.rs:125:18
[INFO] [stderr]     20:     0x5601508aec11 - std::rt::lang_start::{{closure}}::hb1f76e8d0f492258
[INFO] [stderr]                                  at /rustc/a178d0322ce20e33eac124758e837cbd80a6f633/library/std/src/rt.rs:49:18
[INFO] [stderr]     21:     0x560150dc1d89 - core::ops::function::impls::<impl core::ops::function::FnOnce<A> for &F>::call_once::h2aabc384aab89b7b
[INFO] [stderr]                                  at /rustc/a178d0322ce20e33eac124758e837cbd80a6f633/library/core/src/ops/function.rs:259:13
[INFO] [stderr]     22:     0x560150dc1d89 - std::panicking::try::do_call::hc5fcacb7a85fc7b1
[INFO] [stderr]                                  at /rustc/a178d0322ce20e33eac124758e837cbd80a6f633/library/std/src/panicking.rs:401:40
[INFO] [stderr]     23:     0x560150dc1d89 - std::panicking::try::hb5d9603af3abbe3a
[INFO] [stderr]                                  at /rustc/a178d0322ce20e33eac124758e837cbd80a6f633/library/std/src/panicking.rs:365:19
[INFO] [stderr]     24:     0x560150dc1d89 - std::panic::catch_unwind::h98fe6ac3925e64b4
[INFO] [stderr]                                  at /rustc/a178d0322ce20e33eac124758e837cbd80a6f633/library/std/src/panic.rs:434:14
[INFO] [stderr]     25:     0x560150dc1d89 - std::rt::lang_start_internal::h22ac7383c516f93e
[INFO] [stderr]                                  at /rustc/a178d0322ce20e33eac124758e837cbd80a6f633/library/std/src/rt.rs:34:21
[INFO] [stderr]     26:     0x5601508aebf0 - std::rt::lang_start::h629dcdcb6c3badc8
[INFO] [stderr]                                  at /rustc/a178d0322ce20e33eac124758e837cbd80a6f633/library/std/src/rt.rs:48:5
[INFO] [stderr]     27:     0x5601508ae9ec - main
[INFO] [stderr]     28:     0x7f1832e770b3 - __libc_start_main
[INFO] [stderr]     29:     0x5601508ad13e - _start
[INFO] [stderr]     30:                0x0 - <unknown>
[INFO] [stderr] warning: build failed, waiting for other jobs to finish...
[INFO] [stderr] error: build failed
[INFO] running `Command { std: "docker" "inspect" "955d095c158f202cddefa5e7ee7aa04201d22cfab2fd13c800476e43a71930a4", kill_on_drop: false }`
[INFO] running `Command { std: "docker" "rm" "-f" "955d095c158f202cddefa5e7ee7aa04201d22cfab2fd13c800476e43a71930a4", kill_on_drop: false }`
[INFO] [stdout] 955d095c158f202cddefa5e7ee7aa04201d22cfab2fd13c800476e43a71930a4
