[INFO] cloning repository https://github.com/illumos/image-builder
[INFO] running `Command { std: "git" "-c" "credential.helper=" "-c" "credential.helper=/workspace/cargo-home/bin/git-credential-null" "clone" "--bare" "https://github.com/illumos/image-builder" "/workspace/cache/git-repos/https%3A%2F%2Fgithub.com%2Fillumos%2Fimage-builder", kill_on_drop: false }`
[INFO] [stderr] Cloning into bare repository '/workspace/cache/git-repos/https%3A%2F%2Fgithub.com%2Fillumos%2Fimage-builder'...
[INFO] running `Command { std: "git" "rev-parse" "HEAD", kill_on_drop: false }`
[INFO] [stdout] 28131eec4b685052b0a780797925d18198a6ba31
[INFO] testing illumos/image-builder against 1.54.0 for beta-1.55-1
[INFO] running `Command { std: "git" "clone" "/workspace/cache/git-repos/https%3A%2F%2Fgithub.com%2Fillumos%2Fimage-builder" "/workspace/builds/worker-4/source", kill_on_drop: false }`
[INFO] [stderr] Cloning into '/workspace/builds/worker-4/source'...
[INFO] [stderr] done.
[INFO] validating manifest of git repo https://github.com/illumos/image-builder on toolchain 1.54.0
[INFO] running `Command { std: "/workspace/cargo-home/bin/cargo" "+1.54.0" "metadata" "--manifest-path" "Cargo.toml" "--no-deps", kill_on_drop: false }`
[INFO] started tweaking git repo https://github.com/illumos/image-builder
[INFO] finished tweaking git repo https://github.com/illumos/image-builder
[INFO] tweaked toml for git repo https://github.com/illumos/image-builder written to /workspace/builds/worker-4/source/Cargo.toml
[INFO] crate git repo https://github.com/illumos/image-builder already has a lockfile, it will not be regenerated
[INFO] running `Command { std: "/workspace/cargo-home/bin/cargo" "+1.54.0" "fetch" "--manifest-path" "Cargo.toml", kill_on_drop: false }`
[INFO] [stderr]     Blocking waiting for file lock on package cache
[INFO] [stderr]     Blocking waiting for file lock on package cache
[INFO] running `Command { std: "docker" "create" "-v" "/var/lib/crater-agent-workspace/builds/worker-4/target:/opt/rustwide/target:rw,Z" "-v" "/var/lib/crater-agent-workspace/builds/worker-4/source:/opt/rustwide/workdir:ro,Z" "-v" "/var/lib/crater-agent-workspace/cargo-home:/opt/rustwide/cargo-home:ro,Z" "-v" "/var/lib/crater-agent-workspace/rustup-home:/opt/rustwide/rustup-home:ro,Z" "-e" "SOURCE_DIR=/opt/rustwide/workdir" "-e" "CARGO_TARGET_DIR=/opt/rustwide/target" "-e" "CARGO_HOME=/opt/rustwide/cargo-home" "-e" "RUSTUP_HOME=/opt/rustwide/rustup-home" "-w" "/opt/rustwide/workdir" "-m" "1610612736" "--user" "0:0" "--network" "none" "ghcr.io/rust-lang/crates-build-env/linux@sha256:34b6a614d2c27851fe6cbf88fbd1137609cefab8b10d0615aaeb6fd47975d74e" "/opt/rustwide/cargo-home/bin/cargo" "+1.54.0" "metadata" "--no-deps" "--format-version=1", kill_on_drop: false }`
[INFO] [stdout] 2b8c83146f4c929c5572cc39452025844264b5c69153bd5550bd5c8969367140
[INFO] running `Command { std: "docker" "start" "-a" "2b8c83146f4c929c5572cc39452025844264b5c69153bd5550bd5c8969367140", kill_on_drop: false }`
[INFO] running `Command { std: "docker" "inspect" "2b8c83146f4c929c5572cc39452025844264b5c69153bd5550bd5c8969367140", kill_on_drop: false }`
[INFO] running `Command { std: "docker" "rm" "-f" "2b8c83146f4c929c5572cc39452025844264b5c69153bd5550bd5c8969367140", kill_on_drop: false }`
[INFO] [stdout] 2b8c83146f4c929c5572cc39452025844264b5c69153bd5550bd5c8969367140
[INFO] running `Command { std: "docker" "create" "-v" "/var/lib/crater-agent-workspace/builds/worker-4/target:/opt/rustwide/target:rw,Z" "-v" "/var/lib/crater-agent-workspace/builds/worker-4/source:/opt/rustwide/workdir:ro,Z" "-v" "/var/lib/crater-agent-workspace/cargo-home:/opt/rustwide/cargo-home:ro,Z" "-v" "/var/lib/crater-agent-workspace/rustup-home:/opt/rustwide/rustup-home:ro,Z" "-e" "SOURCE_DIR=/opt/rustwide/workdir" "-e" "CARGO_TARGET_DIR=/opt/rustwide/target" "-e" "CARGO_INCREMENTAL=0" "-e" "RUST_BACKTRACE=full" "-e" "RUSTFLAGS=--cap-lints=warn" "-e" "CARGO_HOME=/opt/rustwide/cargo-home" "-e" "RUSTUP_HOME=/opt/rustwide/rustup-home" "-w" "/opt/rustwide/workdir" "-m" "1610612736" "--user" "0:0" "--network" "none" "ghcr.io/rust-lang/crates-build-env/linux@sha256:34b6a614d2c27851fe6cbf88fbd1137609cefab8b10d0615aaeb6fd47975d74e" "/opt/rustwide/cargo-home/bin/cargo" "+1.54.0" "build" "--frozen" "--message-format=json", kill_on_drop: false }`
[INFO] [stdout] d270536589bd7068db82fe16687789881ae33080b765f83a9ea482f8d08eb70c
[INFO] running `Command { std: "docker" "start" "-a" "d270536589bd7068db82fe16687789881ae33080b765f83a9ea482f8d08eb70c", kill_on_drop: false }`
[INFO] [stderr]     Blocking waiting for file lock on package cache
[INFO] [stderr]    Compiling libc v0.2.88
[INFO] [stderr]    Compiling cfg-if v1.0.0
[INFO] [stderr]    Compiling proc-macro2 v1.0.24
[INFO] [stderr]    Compiling getrandom v0.2.2
[INFO] [stderr]    Compiling syn v1.0.62
[INFO] [stderr]    Compiling serde_derive v1.0.124
[INFO] [stderr]    Compiling serde v1.0.124
[INFO] [stderr]    Compiling slog v2.7.0
[INFO] [stderr]    Compiling ppv-lite86 v0.2.10
[INFO] [stderr]    Compiling once_cell v1.7.2
[INFO] [stderr]    Compiling remove_dir_all v0.5.3
[INFO] [stderr]    Compiling serde_json v1.0.64
[INFO] [stderr]    Compiling anyhow v1.0.38
[INFO] [stderr]    Compiling same-file v1.0.6
[INFO] [stderr]    Compiling unicode-width v0.1.8
[INFO] [stderr]    Compiling itoa v0.4.7
[INFO] [stderr]    Compiling glob v0.3.0
[INFO] [stderr]    Compiling num-traits v0.2.14
[INFO] [stderr]    Compiling typenum v1.12.0
[INFO] [stderr]    Compiling generic-array v0.14.4
[INFO] [stderr]    Compiling num-integer v0.1.44
[INFO] [stderr]    Compiling ryu v1.0.5
[INFO] [stderr]    Compiling getopts v0.2.21
[INFO] [stderr]    Compiling thread_local v1.1.3
[INFO] [stderr]    Compiling walkdir v2.3.1
[INFO] [stderr]    Compiling quote v1.0.9
[INFO] [stderr]    Compiling dirs-sys-next v0.1.2
[INFO] [stderr]    Compiling time v0.1.43
[INFO] [stderr]    Compiling atty v0.2.14
[INFO] [stderr]    Compiling digest v0.9.0
[INFO] [stderr]    Compiling block-buffer v0.9.0
[INFO] [stderr]    Compiling sha-1 v0.9.4
[INFO] [stderr]    Compiling md-5 v0.9.1
[INFO] [stderr]    Compiling dirs-next v2.0.0
[INFO] [stderr]    Compiling chrono v0.4.19
[INFO] [stderr]    Compiling term v0.7.0
[INFO] [stderr]    Compiling rand_core v0.6.2
[INFO] [stderr]    Compiling rand_chacha v0.3.0
[INFO] [stderr]    Compiling slog-term v2.8.0
[INFO] [stderr]    Compiling rand v0.8.3
[INFO] [stderr]    Compiling tempfile v3.2.0
[INFO] [stderr]    Compiling toml v0.5.8
[INFO] [stderr]    Compiling uuid v0.8.2
[INFO] [stderr]    Compiling jmclib v0.1.0 (https://github.com/jclulow/rust-jmclib#6bd3ef80)
[INFO] [stderr]    Compiling illumos-image-builder v0.0.0 (/opt/rustwide/workdir)
[INFO] [stdout] error[E0425]: cannot find function `___errno` in crate `libc`
[INFO] [stdout]   --> src/lofi.rs:13:25
[INFO] [stdout]    |
[INFO] [stdout] 13 |         let enp = libc::___errno();
[INFO] [stdout]    |                         ^^^^^^^^ not found in `libc`
[INFO] [stdout] 
[INFO] [stdout] 
[INFO] [stdout] error[E0425]: cannot find function `___errno` in crate `libc`
[INFO] [stdout]   --> src/lofi.rs:20:25
[INFO] [stdout]    |
[INFO] [stdout] 20 |         let enp = libc::___errno();
[INFO] [stdout]    |                         ^^^^^^^^ not found in `libc`
[INFO] [stdout] 
[INFO] [stdout] 
[INFO] [stdout] error[E0425]: cannot find function `___errno` in crate `libc`
[INFO] [stdout]   --> src/ensure.rs:65:24
[INFO] [stdout]    |
[INFO] [stdout] 65 |         let e = *libc::___errno();
[INFO] [stdout]    |                        ^^^^^^^^ not found in `libc`
[INFO] [stdout] 
[INFO] [stdout] 
[INFO] [stdout] error[E0425]: cannot find function `___errno` in crate `libc`
[INFO] [stdout]    --> src/ensure.rs:112:24
[INFO] [stdout]     |
[INFO] [stdout] 112 |         let e = *libc::___errno();
[INFO] [stdout]     |                        ^^^^^^^^ not found in `libc`
[INFO] [stdout] 
[INFO] [stdout] 
[INFO] [stdout] error[E0425]: cannot find function `___errno` in crate `libc`
[INFO] [stdout]    --> src/ensure.rs:148:28
[INFO] [stdout]     |
[INFO] [stdout] 148 |             let e = *libc::___errno();
[INFO] [stdout]     |                            ^^^^^^^^ not found in `libc`
[INFO] [stdout] 
[INFO] [stdout] 
[INFO] [stdout] error[E0308]: mismatched types
[INFO] [stdout]    --> src/lofi.rs:158:49
[INFO] [stdout]     |
[INFO] [stdout] 158 |         let res = unsafe { libc::ioctl(self.fd, cmd, li as *mut LofiIoctl) };
[INFO] [stdout]     |                                                 ^^^ expected `u64`, found `i32`
[INFO] [stdout]     |
[INFO] [stdout] help: you can convert an `i32` to a `u64` and panic if the converted value doesn't fit
[INFO] [stdout]     |
[INFO] [stdout] 158 |         let res = unsafe { libc::ioctl(self.fd, cmd.try_into().unwrap(), li as *mut LofiIoctl) };
[INFO] [stdout]     |                                                 ^^^^^^^^^^^^^^^^^^^^^^^
[INFO] [stdout] 
[INFO] [stdout] 
[INFO] [stdout] error[E0308]: mismatched types
[INFO] [stdout]    --> src/lofi.rs:211:49
[INFO] [stdout]     |
[INFO] [stdout] 211 |         let res = unsafe { libc::ioctl(fd.fd(), LOFI_GET_FILENAME, &mut li) };
[INFO] [stdout]     |                                                 ^^^^^^^^^^^^^^^^^ expected `u64`, found `i32`
[INFO] [stdout]     |
[INFO] [stdout] help: you can convert an `i32` to a `u64` and panic if the converted value doesn't fit
[INFO] [stdout]     |
[INFO] [stdout] 211 |         let res = unsafe { libc::ioctl(fd.fd(), LOFI_GET_FILENAME.try_into().unwrap(), &mut li) };
[INFO] [stdout]     |                                                 ^^^^^^^^^^^^^^^^^^^^^^^^^^^^^^^^^^^^^
[INFO] [stdout] 
[INFO] [stdout] 
[INFO] [stdout] error: aborting due to 7 previous errors
[INFO] [stdout] 
[INFO] [stdout] 
[INFO] [stdout] Some errors have detailed explanations: E0308, E0425.
[INFO] [stdout] 
[INFO] [stdout] For more information about an error, try `rustc --explain E0308`.
[INFO] [stdout] 
[INFO] [stderr] error: could not compile `illumos-image-builder`
[INFO] [stderr] 
[INFO] [stderr] To learn more, run the command again with --verbose.
[INFO] running `Command { std: "docker" "inspect" "d270536589bd7068db82fe16687789881ae33080b765f83a9ea482f8d08eb70c", kill_on_drop: false }`
[INFO] running `Command { std: "docker" "rm" "-f" "d270536589bd7068db82fe16687789881ae33080b765f83a9ea482f8d08eb70c", kill_on_drop: false }`
[INFO] [stdout] d270536589bd7068db82fe16687789881ae33080b765f83a9ea482f8d08eb70c
