[INFO] cloning repository https://github.com/ihmccreery/the-rust-guide
[INFO] running `Command { std: "git" "-c" "credential.helper=" "-c" "credential.helper=/workspace/cargo-home/bin/git-credential-null" "clone" "--bare" "https://github.com/ihmccreery/the-rust-guide" "/workspace/cache/git-repos/https%3A%2F%2Fgithub.com%2Fihmccreery%2Fthe-rust-guide", kill_on_drop: false }`
[INFO] [stderr] Cloning into bare repository '/workspace/cache/git-repos/https%3A%2F%2Fgithub.com%2Fihmccreery%2Fthe-rust-guide'...
[INFO] running `Command { std: "git" "rev-parse" "HEAD", kill_on_drop: false }`
[INFO] [stdout] 115ae2b38c9fc9f3fc18290b22e48c44d0d0fa53
[INFO] testing ihmccreery/the-rust-guide against beta-2021-08-01 for beta-1.55-1
[INFO] running `Command { std: "git" "clone" "/workspace/cache/git-repos/https%3A%2F%2Fgithub.com%2Fihmccreery%2Fthe-rust-guide" "/workspace/builds/worker-73/source", kill_on_drop: false }`
[INFO] [stderr] Cloning into '/workspace/builds/worker-73/source'...
[INFO] [stderr] done.
[INFO] validating manifest of git repo https://github.com/ihmccreery/the-rust-guide on toolchain beta-2021-08-01
[INFO] running `Command { std: "/workspace/cargo-home/bin/cargo" "+beta-2021-08-01" "metadata" "--manifest-path" "Cargo.toml" "--no-deps", kill_on_drop: false }`
[INFO] started tweaking git repo https://github.com/ihmccreery/the-rust-guide
[INFO] finished tweaking git repo https://github.com/ihmccreery/the-rust-guide
[INFO] tweaked toml for git repo https://github.com/ihmccreery/the-rust-guide written to /workspace/builds/worker-73/source/Cargo.toml
[INFO] crate git repo https://github.com/ihmccreery/the-rust-guide already has a lockfile, it will not be regenerated
[INFO] running `Command { std: "/workspace/cargo-home/bin/cargo" "+beta-2021-08-01" "fetch" "--manifest-path" "Cargo.toml", kill_on_drop: false }`
[INFO] [stderr]     Blocking waiting for file lock on package cache
[INFO] [stderr]     Blocking waiting for file lock on package cache
[INFO] running `Command { std: "docker" "create" "-v" "/var/lib/crater-agent-workspace/builds/worker-73/target:/opt/rustwide/target:rw,Z" "-v" "/var/lib/crater-agent-workspace/builds/worker-73/source:/opt/rustwide/workdir:ro,Z" "-v" "/var/lib/crater-agent-workspace/cargo-home:/opt/rustwide/cargo-home:ro,Z" "-v" "/var/lib/crater-agent-workspace/rustup-home:/opt/rustwide/rustup-home:ro,Z" "-e" "SOURCE_DIR=/opt/rustwide/workdir" "-e" "CARGO_TARGET_DIR=/opt/rustwide/target" "-e" "CARGO_HOME=/opt/rustwide/cargo-home" "-e" "RUSTUP_HOME=/opt/rustwide/rustup-home" "-w" "/opt/rustwide/workdir" "-m" "1610612736" "--user" "0:0" "--network" "none" "ghcr.io/rust-lang/crates-build-env/linux@sha256:34b6a614d2c27851fe6cbf88fbd1137609cefab8b10d0615aaeb6fd47975d74e" "/opt/rustwide/cargo-home/bin/cargo" "+beta-2021-08-01" "metadata" "--no-deps" "--format-version=1", kill_on_drop: false }`
[INFO] [stdout] 97ca39c4191dbbdb753e247696a059e28c724ad072edad893ba11b8e4266022d
[INFO] running `Command { std: "docker" "start" "-a" "97ca39c4191dbbdb753e247696a059e28c724ad072edad893ba11b8e4266022d", kill_on_drop: false }`
[INFO] running `Command { std: "docker" "inspect" "97ca39c4191dbbdb753e247696a059e28c724ad072edad893ba11b8e4266022d", kill_on_drop: false }`
[INFO] running `Command { std: "docker" "rm" "-f" "97ca39c4191dbbdb753e247696a059e28c724ad072edad893ba11b8e4266022d", kill_on_drop: false }`
[INFO] [stdout] 97ca39c4191dbbdb753e247696a059e28c724ad072edad893ba11b8e4266022d
[INFO] running `Command { std: "docker" "create" "-v" "/var/lib/crater-agent-workspace/builds/worker-73/target:/opt/rustwide/target:rw,Z" "-v" "/var/lib/crater-agent-workspace/builds/worker-73/source:/opt/rustwide/workdir:ro,Z" "-v" "/var/lib/crater-agent-workspace/cargo-home:/opt/rustwide/cargo-home:ro,Z" "-v" "/var/lib/crater-agent-workspace/rustup-home:/opt/rustwide/rustup-home:ro,Z" "-e" "SOURCE_DIR=/opt/rustwide/workdir" "-e" "CARGO_TARGET_DIR=/opt/rustwide/target" "-e" "CARGO_INCREMENTAL=0" "-e" "RUST_BACKTRACE=full" "-e" "RUSTFLAGS=--cap-lints=warn" "-e" "CARGO_HOME=/opt/rustwide/cargo-home" "-e" "RUSTUP_HOME=/opt/rustwide/rustup-home" "-w" "/opt/rustwide/workdir" "-m" "1610612736" "--user" "0:0" "--network" "none" "ghcr.io/rust-lang/crates-build-env/linux@sha256:34b6a614d2c27851fe6cbf88fbd1137609cefab8b10d0615aaeb6fd47975d74e" "/opt/rustwide/cargo-home/bin/cargo" "+beta-2021-08-01" "build" "--frozen" "--message-format=json", kill_on_drop: false }`
[INFO] [stdout] cbb0d57ae875205425ffe7982d004e21f1ec3c0b5170463ad732ee72e5742e47
[INFO] running `Command { std: "docker" "start" "-a" "cbb0d57ae875205425ffe7982d004e21f1ec3c0b5170463ad732ee72e5742e47", kill_on_drop: false }`
[INFO] [stderr]     Blocking waiting for file lock on package cache
[INFO] [stderr]    Compiling hello_world v0.0.1 (/opt/rustwide/workdir)
[INFO] [stdout] error: invalid suffix `i` for number literal
[INFO] [stdout]  --> src/main.rs:4:25
[INFO] [stdout]   |
[INFO] [stdout] 4 |     let y = if x == 5 { 10i } else { 5i };
[INFO] [stdout]   |                         ^^^ invalid suffix `i`
[INFO] [stdout]   |
[INFO] [stdout]   = help: the suffix must be one of the numeric types (`u32`, `isize`, `f32`, etc.)
[INFO] [stdout] 
[INFO] [stdout] 
[INFO] [stdout] error: invalid suffix `i` for number literal
[INFO] [stdout]  --> src/main.rs:4:38
[INFO] [stdout]   |
[INFO] [stdout] 4 |     let y = if x == 5 { 10i } else { 5i };
[INFO] [stdout]   |                                      ^^ invalid suffix `i`
[INFO] [stdout]   |
[INFO] [stdout]   = help: the suffix must be one of the numeric types (`u32`, `isize`, `f32`, etc.)
[INFO] [stdout] 
[INFO] [stdout] 
[INFO] [stdout] error[E0412]: cannot find type `int` in this scope
[INFO] [stdout]  --> src/main.rs:2:12
[INFO] [stdout]   |
[INFO] [stdout] 2 |     let x: int = 4;
[INFO] [stdout]   |            ^^^
[INFO] [stdout]   |            |
[INFO] [stdout]   |            not found in this scope
[INFO] [stdout]   |            help: perhaps you intended to use this type: `i32`
[INFO] [stdout] 
[INFO] [stdout] 
[INFO] [stdout] error[E0412]: cannot find type `int` in this scope
[INFO] [stdout]   --> src/main.rs:21:15
[INFO] [stdout]    |
[INFO] [stdout] 21 | fn add_one(x: int) -> int {
[INFO] [stdout]    |               ^^^
[INFO] [stdout]    |               |
[INFO] [stdout]    |               not found in this scope
[INFO] [stdout]    |               help: perhaps you intended to use this type: `i32`
[INFO] [stdout] 
[INFO] [stdout] 
[INFO] [stdout] error[E0412]: cannot find type `int` in this scope
[INFO] [stdout]   --> src/main.rs:21:23
[INFO] [stdout]    |
[INFO] [stdout] 21 | fn add_one(x: int) -> int {
[INFO] [stdout]    |                       ^^^
[INFO] [stdout]    |                       |
[INFO] [stdout]    |                       not found in this scope
[INFO] [stdout]    |                       help: perhaps you intended to use this type: `i32`
[INFO] [stdout] 
[INFO] [stdout] 
[INFO] [stdout] error: aborting due to 5 previous errors
[INFO] [stdout] 
[INFO] [stdout] 
[INFO] [stdout] For more information about this error, try `rustc --explain E0412`.
[INFO] [stdout] 
[INFO] [stderr] error: could not compile `hello_world` due to 6 previous errors
[INFO] running `Command { std: "docker" "inspect" "cbb0d57ae875205425ffe7982d004e21f1ec3c0b5170463ad732ee72e5742e47", kill_on_drop: false }`
[INFO] running `Command { std: "docker" "rm" "-f" "cbb0d57ae875205425ffe7982d004e21f1ec3c0b5170463ad732ee72e5742e47", kill_on_drop: false }`
[INFO] [stdout] cbb0d57ae875205425ffe7982d004e21f1ec3c0b5170463ad732ee72e5742e47
