[INFO] cloning repository https://github.com/ianjsikes/raytracer
[INFO] running `Command { std: "git" "-c" "credential.helper=" "-c" "credential.helper=/workspace/cargo-home/bin/git-credential-null" "clone" "--bare" "https://github.com/ianjsikes/raytracer" "/workspace/cache/git-repos/https%3A%2F%2Fgithub.com%2Fianjsikes%2Fraytracer", kill_on_drop: false }`
[INFO] [stderr] Cloning into bare repository '/workspace/cache/git-repos/https%3A%2F%2Fgithub.com%2Fianjsikes%2Fraytracer'...
[INFO] running `Command { std: "git" "rev-parse" "HEAD", kill_on_drop: false }`
[INFO] [stdout] ecceb1fb903aa4112f53429a34bdb43ae4f884c3
[INFO] testing ianjsikes/raytracer against beta-2021-08-01 for beta-1.55-1
[INFO] running `Command { std: "git" "clone" "/workspace/cache/git-repos/https%3A%2F%2Fgithub.com%2Fianjsikes%2Fraytracer" "/workspace/builds/worker-16/source", kill_on_drop: false }`
[INFO] [stderr] Cloning into '/workspace/builds/worker-16/source'...
[INFO] [stderr] done.
[INFO] validating manifest of git repo https://github.com/ianjsikes/raytracer on toolchain beta-2021-08-01
[INFO] running `Command { std: "/workspace/cargo-home/bin/cargo" "+beta-2021-08-01" "metadata" "--manifest-path" "Cargo.toml" "--no-deps", kill_on_drop: false }`
[INFO] started tweaking git repo https://github.com/ianjsikes/raytracer
[INFO] finished tweaking git repo https://github.com/ianjsikes/raytracer
[INFO] tweaked toml for git repo https://github.com/ianjsikes/raytracer written to /workspace/builds/worker-16/source/Cargo.toml
[INFO] crate git repo https://github.com/ianjsikes/raytracer already has a lockfile, it will not be regenerated
[INFO] running `Command { std: "/workspace/cargo-home/bin/cargo" "+beta-2021-08-01" "fetch" "--manifest-path" "Cargo.toml", kill_on_drop: false }`
[INFO] [stderr]     Blocking waiting for file lock on package cache
[INFO] [stderr]     Blocking waiting for file lock on package cache
[INFO] running `Command { std: "docker" "create" "-v" "/var/lib/crater-agent-workspace/builds/worker-16/target:/opt/rustwide/target:rw,Z" "-v" "/var/lib/crater-agent-workspace/builds/worker-16/source:/opt/rustwide/workdir:ro,Z" "-v" "/var/lib/crater-agent-workspace/cargo-home:/opt/rustwide/cargo-home:ro,Z" "-v" "/var/lib/crater-agent-workspace/rustup-home:/opt/rustwide/rustup-home:ro,Z" "-e" "SOURCE_DIR=/opt/rustwide/workdir" "-e" "CARGO_TARGET_DIR=/opt/rustwide/target" "-e" "CARGO_HOME=/opt/rustwide/cargo-home" "-e" "RUSTUP_HOME=/opt/rustwide/rustup-home" "-w" "/opt/rustwide/workdir" "-m" "1610612736" "--user" "0:0" "--network" "none" "ghcr.io/rust-lang/crates-build-env/linux@sha256:34b6a614d2c27851fe6cbf88fbd1137609cefab8b10d0615aaeb6fd47975d74e" "/opt/rustwide/cargo-home/bin/cargo" "+beta-2021-08-01" "metadata" "--no-deps" "--format-version=1", kill_on_drop: false }`
[INFO] [stdout] b674db43e61d548b15b198f34fe64691f5bfab7445feb368fae313fa34bb5e85
[INFO] running `Command { std: "docker" "start" "-a" "b674db43e61d548b15b198f34fe64691f5bfab7445feb368fae313fa34bb5e85", kill_on_drop: false }`
[INFO] running `Command { std: "docker" "inspect" "b674db43e61d548b15b198f34fe64691f5bfab7445feb368fae313fa34bb5e85", kill_on_drop: false }`
[INFO] running `Command { std: "docker" "rm" "-f" "b674db43e61d548b15b198f34fe64691f5bfab7445feb368fae313fa34bb5e85", kill_on_drop: false }`
[INFO] [stdout] b674db43e61d548b15b198f34fe64691f5bfab7445feb368fae313fa34bb5e85
[INFO] running `Command { std: "docker" "create" "-v" "/var/lib/crater-agent-workspace/builds/worker-16/target:/opt/rustwide/target:rw,Z" "-v" "/var/lib/crater-agent-workspace/builds/worker-16/source:/opt/rustwide/workdir:ro,Z" "-v" "/var/lib/crater-agent-workspace/cargo-home:/opt/rustwide/cargo-home:ro,Z" "-v" "/var/lib/crater-agent-workspace/rustup-home:/opt/rustwide/rustup-home:ro,Z" "-e" "SOURCE_DIR=/opt/rustwide/workdir" "-e" "CARGO_TARGET_DIR=/opt/rustwide/target" "-e" "CARGO_INCREMENTAL=0" "-e" "RUST_BACKTRACE=full" "-e" "RUSTFLAGS=--cap-lints=warn" "-e" "CARGO_HOME=/opt/rustwide/cargo-home" "-e" "RUSTUP_HOME=/opt/rustwide/rustup-home" "-w" "/opt/rustwide/workdir" "-m" "1610612736" "--user" "0:0" "--network" "none" "ghcr.io/rust-lang/crates-build-env/linux@sha256:34b6a614d2c27851fe6cbf88fbd1137609cefab8b10d0615aaeb6fd47975d74e" "/opt/rustwide/cargo-home/bin/cargo" "+beta-2021-08-01" "build" "--frozen" "--message-format=json", kill_on_drop: false }`
[INFO] [stdout] d7ad6127702d5c8abf5683014c9ffa88ccd6867d172397b099681ae9710187ff
[INFO] running `Command { std: "docker" "start" "-a" "d7ad6127702d5c8abf5683014c9ffa88ccd6867d172397b099681ae9710187ff", kill_on_drop: false }`
[INFO] [stderr]     Blocking waiting for file lock on package cache
[INFO] [stderr]    Compiling libc v0.2.21
[INFO] [stderr]    Compiling num-traits v0.1.37
[INFO] [stderr]    Compiling unicode-xid v0.0.4
[INFO] [stderr]    Compiling byteorder v1.0.0
[INFO] [stderr]    Compiling adler32 v1.0.0
[INFO] [stderr]    Compiling quote v0.3.15
[INFO] [stderr]    Compiling inflate v0.1.1
[INFO] [stderr]    Compiling lzw v0.10.0
[INFO] [stderr]    Compiling bitflags v0.7.0
[INFO] [stderr]    Compiling color_quant v1.0.0
[INFO] [stderr]    Compiling scoped_threadpool v0.1.7
[INFO] [stderr]    Compiling glob v0.2.11
[INFO] [stderr]    Compiling serde v0.9.12
[INFO] [stderr]    Compiling synom v0.11.3
[INFO] [stderr]    Compiling num-integer v0.1.33
[INFO] [stderr]    Compiling enum_primitive v0.1.1
[INFO] [stderr]    Compiling rand v0.3.15
[INFO] [stderr]    Compiling num_cpus v1.3.0
[INFO] [stderr]    Compiling deflate v0.7.5
[INFO] [stderr]    Compiling gif v0.9.1
[INFO] [stderr]    Compiling num-iter v0.1.33
[INFO] [stderr]    Compiling num-rational v0.1.36
[INFO] [stderr]    Compiling syn v0.11.10
[INFO] [stderr]    Compiling deque v0.3.1
[INFO] [stderr]    Compiling png v0.6.2
[INFO] [stderr]    Compiling serde_codegen_internals v0.14.2
[INFO] [stderr]    Compiling serde_derive v0.9.12
[INFO] [stderr]    Compiling rayon v0.6.0
[INFO] [stderr]    Compiling jpeg-decoder v0.1.11
[INFO] [stderr]    Compiling image v0.12.3
[INFO] [stderr]    Compiling raytracer v0.1.0 (/opt/rustwide/workdir)
[INFO] [stdout] warning: unnecessary parentheses around block return value
[INFO] [stdout]   --> src/vector.rs:25:5
[INFO] [stdout]    |
[INFO] [stdout] 25 |     (self.x * self.x + self.y * self.y + self.z * self.z)
[INFO] [stdout]    |     ^^^^^^^^^^^^^^^^^^^^^^^^^^^^^^^^^^^^^^^^^^^^^^^^^^^^^ help: remove these parentheses
[INFO] [stdout]    |
[INFO] [stdout]    = note: `#[warn(unused_parens)]` on by default
[INFO] [stdout] 
[INFO] [stdout] 
[INFO] [stdout] warning: 1 warning emitted
[INFO] [stdout] 
[INFO] [stdout] 
[INFO] [stderr]     Finished dev [unoptimized + debuginfo] target(s) in 1m 18s
[INFO] running `Command { std: "docker" "inspect" "d7ad6127702d5c8abf5683014c9ffa88ccd6867d172397b099681ae9710187ff", kill_on_drop: false }`
[INFO] running `Command { std: "docker" "rm" "-f" "d7ad6127702d5c8abf5683014c9ffa88ccd6867d172397b099681ae9710187ff", kill_on_drop: false }`
[INFO] [stdout] d7ad6127702d5c8abf5683014c9ffa88ccd6867d172397b099681ae9710187ff
[INFO] running `Command { std: "docker" "create" "-v" "/var/lib/crater-agent-workspace/builds/worker-16/target:/opt/rustwide/target:rw,Z" "-v" "/var/lib/crater-agent-workspace/builds/worker-16/source:/opt/rustwide/workdir:ro,Z" "-v" "/var/lib/crater-agent-workspace/cargo-home:/opt/rustwide/cargo-home:ro,Z" "-v" "/var/lib/crater-agent-workspace/rustup-home:/opt/rustwide/rustup-home:ro,Z" "-e" "SOURCE_DIR=/opt/rustwide/workdir" "-e" "CARGO_TARGET_DIR=/opt/rustwide/target" "-e" "CARGO_INCREMENTAL=0" "-e" "RUST_BACKTRACE=full" "-e" "RUSTFLAGS=--cap-lints=warn" "-e" "CARGO_HOME=/opt/rustwide/cargo-home" "-e" "RUSTUP_HOME=/opt/rustwide/rustup-home" "-w" "/opt/rustwide/workdir" "-m" "1610612736" "--user" "0:0" "--network" "none" "ghcr.io/rust-lang/crates-build-env/linux@sha256:34b6a614d2c27851fe6cbf88fbd1137609cefab8b10d0615aaeb6fd47975d74e" "/opt/rustwide/cargo-home/bin/cargo" "+beta-2021-08-01" "test" "--frozen" "--no-run" "--message-format=json", kill_on_drop: false }`
[INFO] [stdout] 31a3d77d1c49ffb6623bedb3a3324652054578d053df27d2d081289dd3234b7a
[INFO] running `Command { std: "docker" "start" "-a" "31a3d77d1c49ffb6623bedb3a3324652054578d053df27d2d081289dd3234b7a", kill_on_drop: false }`
[INFO] [stderr]    Compiling raytracer v0.1.0 (/opt/rustwide/workdir)
[INFO] [stdout] warning: unnecessary parentheses around block return value
[INFO] [stdout]   --> src/vector.rs:25:5
[INFO] [stdout]    |
[INFO] [stdout] 25 |     (self.x * self.x + self.y * self.y + self.z * self.z)
[INFO] [stdout]    |     ^^^^^^^^^^^^^^^^^^^^^^^^^^^^^^^^^^^^^^^^^^^^^^^^^^^^^ help: remove these parentheses
[INFO] [stdout]    |
[INFO] [stdout]    = note: `#[warn(unused_parens)]` on by default
[INFO] [stdout] 
[INFO] [stdout] 
[INFO] [stdout] warning: 1 warning emitted
[INFO] [stdout] 
[INFO] [stdout] 
[INFO] [stdout] error[E0422]: cannot find struct, variant or union type `Sphere` in this scope
[INFO] [stdout]   --> src/lib.rs:61:13
[INFO] [stdout]    |
[INFO] [stdout] 61 |     sphere: Sphere {
[INFO] [stdout]    |             ^^^^^^ not found in this scope
[INFO] [stdout]    |
[INFO] [stdout] help: consider importing this struct
[INFO] [stdout]    |
[INFO] [stdout] 11 | use scene::Sphere;
[INFO] [stdout]    |
[INFO] [stdout] 
[INFO] [stdout] 
[INFO] [stdout] error[E0422]: cannot find struct, variant or union type `Point` in this scope
[INFO] [stdout]   --> src/lib.rs:62:15
[INFO] [stdout]    |
[INFO] [stdout] 62 |       center: Point {
[INFO] [stdout]    |               ^^^^^ not found in this scope
[INFO] [stdout]    |
[INFO] [stdout] help: consider importing this struct
[INFO] [stdout]    |
[INFO] [stdout] 11 | use point::Point;
[INFO] [stdout]    |
[INFO] [stdout] 
[INFO] [stdout] 
[INFO] [stdout] error[E0422]: cannot find struct, variant or union type `Color` in this scope
[INFO] [stdout]   --> src/lib.rs:68:14
[INFO] [stdout]    |
[INFO] [stdout] 68 |       color: Color {
[INFO] [stdout]    |              ^^^^^ not found in this scope
[INFO] [stdout]    |
[INFO] [stdout] help: consider importing one of these items
[INFO] [stdout]    |
[INFO] [stdout] 11 | use scene::Color;
[INFO] [stdout]    |
[INFO] [stdout] 11 | use scene::Coloration::Color;
[INFO] [stdout]    |
[INFO] [stdout] 
[INFO] [stdout] 
[INFO] [stdout] warning: unnecessary parentheses around block return value
[INFO] [stdout]   --> src/vector.rs:25:5
[INFO] [stdout]    |
[INFO] [stdout] 25 |     (self.x * self.x + self.y * self.y + self.z * self.z)
[INFO] [stdout]    |     ^^^^^^^^^^^^^^^^^^^^^^^^^^^^^^^^^^^^^^^^^^^^^^^^^^^^^ help: remove these parentheses
[INFO] [stdout]    |
[INFO] [stdout]    = note: `#[warn(unused_parens)]` on by default
[INFO] [stdout] 
[INFO] [stdout] 
[INFO] [stdout] error[E0560]: struct `Scene` has no field named `sphere`
[INFO] [stdout]   --> src/lib.rs:61:5
[INFO] [stdout]    |
[INFO] [stdout] 61 |     sphere: Sphere {
[INFO] [stdout]    |     ^^^^^^ `Scene` does not have this field
[INFO] [stdout]    |
[INFO] [stdout]    = note: available fields are: `width`, `height`, `fov`, `max_recursion_depth`, `shadow_bias` ... and 2 others
[INFO] [stdout] 
[INFO] [stdout] 
[INFO] [stdout] error: aborting due to 4 previous errors; 1 warning emitted
[INFO] [stdout] 
[INFO] [stdout] 
[INFO] [stdout] Some errors have detailed explanations: E0422, E0560.
[INFO] [stdout] 
[INFO] [stdout] For more information about an error, try `rustc --explain E0422`.
[INFO] [stdout] 
[INFO] [stderr] error: could not compile `raytracer` due to 5 previous errors; 1 warning emitted
[INFO] [stderr] warning: build failed, waiting for other jobs to finish...
[INFO] [stderr] error: build failed
[INFO] running `Command { std: "docker" "inspect" "31a3d77d1c49ffb6623bedb3a3324652054578d053df27d2d081289dd3234b7a", kill_on_drop: false }`
[INFO] running `Command { std: "docker" "rm" "-f" "31a3d77d1c49ffb6623bedb3a3324652054578d053df27d2d081289dd3234b7a", kill_on_drop: false }`
[INFO] [stdout] 31a3d77d1c49ffb6623bedb3a3324652054578d053df27d2d081289dd3234b7a
