[INFO] cloning repository https://github.com/huangjj27/ime-conversion-vim
[INFO] running `Command { std: "git" "-c" "credential.helper=" "-c" "credential.helper=/workspace/cargo-home/bin/git-credential-null" "clone" "--bare" "https://github.com/huangjj27/ime-conversion-vim" "/workspace/cache/git-repos/https%3A%2F%2Fgithub.com%2Fhuangjj27%2Fime-conversion-vim", kill_on_drop: false }`
[INFO] [stderr] Cloning into bare repository '/workspace/cache/git-repos/https%3A%2F%2Fgithub.com%2Fhuangjj27%2Fime-conversion-vim'...
[INFO] running `Command { std: "git" "rev-parse" "HEAD", kill_on_drop: false }`
[INFO] [stdout] 83d9c658c2c88e3004cefe9515105a426f54b2b1
[INFO] testing huangjj27/ime-conversion-vim against beta-2021-08-01 for beta-1.55-1
[INFO] running `Command { std: "git" "clone" "/workspace/cache/git-repos/https%3A%2F%2Fgithub.com%2Fhuangjj27%2Fime-conversion-vim" "/workspace/builds/worker-65/source", kill_on_drop: false }`
[INFO] [stderr] Cloning into '/workspace/builds/worker-65/source'...
[INFO] [stderr] done.
[INFO] validating manifest of git repo https://github.com/huangjj27/ime-conversion-vim on toolchain beta-2021-08-01
[INFO] running `Command { std: "/workspace/cargo-home/bin/cargo" "+beta-2021-08-01" "metadata" "--manifest-path" "Cargo.toml" "--no-deps", kill_on_drop: false }`
[INFO] started tweaking git repo https://github.com/huangjj27/ime-conversion-vim
[INFO] finished tweaking git repo https://github.com/huangjj27/ime-conversion-vim
[INFO] tweaked toml for git repo https://github.com/huangjj27/ime-conversion-vim written to /workspace/builds/worker-65/source/Cargo.toml
[INFO] crate git repo https://github.com/huangjj27/ime-conversion-vim already has a lockfile, it will not be regenerated
[INFO] running `Command { std: "/workspace/cargo-home/bin/cargo" "+beta-2021-08-01" "fetch" "--manifest-path" "Cargo.toml", kill_on_drop: false }`
[INFO] [stderr]     Blocking waiting for file lock on package cache
[INFO] [stderr]     Updating git repository `https://github.com/LNSEAB/winapi-rs`
[INFO] [stderr]     Blocking waiting for file lock on package cache
[INFO] [stderr]  Downloading crates ...
[INFO] [stderr]   Downloaded proc-macro2 v1.0.15
[INFO] [stderr]   Downloaded syn v1.0.23
[INFO] running `Command { std: "docker" "create" "-v" "/var/lib/crater-agent-workspace/builds/worker-65/target:/opt/rustwide/target:rw,Z" "-v" "/var/lib/crater-agent-workspace/builds/worker-65/source:/opt/rustwide/workdir:ro,Z" "-v" "/var/lib/crater-agent-workspace/cargo-home:/opt/rustwide/cargo-home:ro,Z" "-v" "/var/lib/crater-agent-workspace/rustup-home:/opt/rustwide/rustup-home:ro,Z" "-e" "SOURCE_DIR=/opt/rustwide/workdir" "-e" "CARGO_TARGET_DIR=/opt/rustwide/target" "-e" "CARGO_HOME=/opt/rustwide/cargo-home" "-e" "RUSTUP_HOME=/opt/rustwide/rustup-home" "-w" "/opt/rustwide/workdir" "-m" "1610612736" "--user" "0:0" "--network" "none" "ghcr.io/rust-lang/crates-build-env/linux@sha256:34b6a614d2c27851fe6cbf88fbd1137609cefab8b10d0615aaeb6fd47975d74e" "/opt/rustwide/cargo-home/bin/cargo" "+beta-2021-08-01" "metadata" "--no-deps" "--format-version=1", kill_on_drop: false }`
[INFO] [stdout] 10091849ff5eb575c89608ded9dc65483ce63191cc13f9b0ed5835cfb356494d
[INFO] running `Command { std: "docker" "start" "-a" "10091849ff5eb575c89608ded9dc65483ce63191cc13f9b0ed5835cfb356494d", kill_on_drop: false }`
[INFO] running `Command { std: "docker" "inspect" "10091849ff5eb575c89608ded9dc65483ce63191cc13f9b0ed5835cfb356494d", kill_on_drop: false }`
[INFO] running `Command { std: "docker" "rm" "-f" "10091849ff5eb575c89608ded9dc65483ce63191cc13f9b0ed5835cfb356494d", kill_on_drop: false }`
[INFO] [stdout] 10091849ff5eb575c89608ded9dc65483ce63191cc13f9b0ed5835cfb356494d
[INFO] running `Command { std: "docker" "create" "-v" "/var/lib/crater-agent-workspace/builds/worker-65/target:/opt/rustwide/target:rw,Z" "-v" "/var/lib/crater-agent-workspace/builds/worker-65/source:/opt/rustwide/workdir:ro,Z" "-v" "/var/lib/crater-agent-workspace/cargo-home:/opt/rustwide/cargo-home:ro,Z" "-v" "/var/lib/crater-agent-workspace/rustup-home:/opt/rustwide/rustup-home:ro,Z" "-e" "SOURCE_DIR=/opt/rustwide/workdir" "-e" "CARGO_TARGET_DIR=/opt/rustwide/target" "-e" "CARGO_INCREMENTAL=0" "-e" "RUST_BACKTRACE=full" "-e" "RUSTFLAGS=--cap-lints=warn" "-e" "CARGO_HOME=/opt/rustwide/cargo-home" "-e" "RUSTUP_HOME=/opt/rustwide/rustup-home" "-w" "/opt/rustwide/workdir" "-m" "1610612736" "--user" "0:0" "--network" "none" "ghcr.io/rust-lang/crates-build-env/linux@sha256:34b6a614d2c27851fe6cbf88fbd1137609cefab8b10d0615aaeb6fd47975d74e" "/opt/rustwide/cargo-home/bin/cargo" "+beta-2021-08-01" "build" "--frozen" "--message-format=json", kill_on_drop: false }`
[INFO] [stdout] e14eb2d6a0bafebbac7ae1b23b833abce478180d3bf8688c7c56a034e963fc8d
[INFO] running `Command { std: "docker" "start" "-a" "e14eb2d6a0bafebbac7ae1b23b833abce478180d3bf8688c7c56a034e963fc8d", kill_on_drop: false }`
[INFO] [stderr]     Blocking waiting for file lock on package cache
[INFO] [stderr]    Compiling proc-macro2 v1.0.15
[INFO] [stderr]    Compiling unicode-xid v0.2.0
[INFO] [stderr]    Compiling version_check v0.9.1
[INFO] [stderr]    Compiling syn v1.0.23
[INFO] [stderr]    Compiling libc v0.2.70
[INFO] [stderr]    Compiling bitflags v1.2.1
[INFO] [stderr]    Compiling unicode-segmentation v1.6.0
[INFO] [stderr]    Compiling unicode-width v0.1.7
[INFO] [stderr]    Compiling vec_map v0.8.2
[INFO] [stderr]    Compiling ansi_term v0.11.0
[INFO] [stderr]    Compiling strsim v0.8.0
[INFO] [stderr]    Compiling winapi v0.3.8 (https://github.com/LNSEAB/winapi-rs?branch=imm#9a022182)
[INFO] [stderr]    Compiling lazy_static v1.4.0
[INFO] [stderr]    Compiling textwrap v0.11.0
[INFO] [stderr]    Compiling heck v0.3.1
[INFO] [stderr]    Compiling proc-macro-error-attr v1.0.2
[INFO] [stderr]    Compiling proc-macro-error v1.0.2
[INFO] [stderr]    Compiling quote v1.0.6
[INFO] [stderr]    Compiling atty v0.2.14
[INFO] [stderr]    Compiling clap v2.33.1
[INFO] [stderr]    Compiling syn-mid v0.5.0
[INFO] [stderr]    Compiling structopt-derive v0.4.7
[INFO] [stderr]    Compiling structopt v0.3.14
[INFO] [stderr]    Compiling ime-conversion-vim v0.1.0 (/opt/rustwide/workdir)
[INFO] [stdout] error[E0433]: failed to resolve: could not find `shared` in `winapi`
[INFO] [stdout]  --> src/ime.rs:3:13
[INFO] [stdout]   |
[INFO] [stdout] 3 | use winapi::shared::minwindef::DWORD;
[INFO] [stdout]   |             ^^^^^^ could not find `shared` in `winapi`
[INFO] [stdout] 
[INFO] [stdout] 
[INFO] [stdout] error[E0433]: failed to resolve: could not find `shared` in `winapi`
[INFO] [stdout]  --> src/ime.rs:4:13
[INFO] [stdout]   |
[INFO] [stdout] 4 | use winapi::shared::minwindef::FALSE;
[INFO] [stdout]   |             ^^^^^^ could not find `shared` in `winapi`
[INFO] [stdout] 
[INFO] [stdout] 
[INFO] [stdout] error[E0433]: failed to resolve: could not find `shared` in `winapi`
[INFO] [stdout]  --> src/ime.rs:5:13
[INFO] [stdout]   |
[INFO] [stdout] 5 | use winapi::shared::minwindef::TRUE;
[INFO] [stdout]   |             ^^^^^^ could not find `shared` in `winapi`
[INFO] [stdout] 
[INFO] [stdout] 
[INFO] [stdout] error[E0433]: failed to resolve: could not find `shared` in `winapi`
[INFO] [stdout]  --> src/ime.rs:6:13
[INFO] [stdout]   |
[INFO] [stdout] 6 | use winapi::shared::windef::HWND;
[INFO] [stdout]   |             ^^^^^^ could not find `shared` in `winapi`
[INFO] [stdout] 
[INFO] [stdout] 
[INFO] [stdout] error[E0433]: failed to resolve: could not find `um` in `winapi`
[INFO] [stdout]  --> src/ime.rs:7:13
[INFO] [stdout]   |
[INFO] [stdout] 7 | use winapi::um::imm::ImmGetContext;
[INFO] [stdout]   |             ^^ could not find `um` in `winapi`
[INFO] [stdout] 
[INFO] [stdout] 
[INFO] [stdout] error[E0433]: failed to resolve: could not find `um` in `winapi`
[INFO] [stdout]  --> src/ime.rs:8:13
[INFO] [stdout]   |
[INFO] [stdout] 8 | use winapi::um::imm::ImmGetConversionStatus;
[INFO] [stdout]   |             ^^ could not find `um` in `winapi`
[INFO] [stdout] 
[INFO] [stdout] 
[INFO] [stdout] error[E0433]: failed to resolve: could not find `um` in `winapi`
[INFO] [stdout]  --> src/ime.rs:9:13
[INFO] [stdout]   |
[INFO] [stdout] 9 | use winapi::um::imm::ImmReleaseContext;
[INFO] [stdout]   |             ^^ could not find `um` in `winapi`
[INFO] [stdout] 
[INFO] [stdout] 
[INFO] [stdout] error[E0433]: failed to resolve: could not find `um` in `winapi`
[INFO] [stdout]   --> src/ime.rs:10:13
[INFO] [stdout]    |
[INFO] [stdout] 10 | use winapi::um::imm::ImmSetConversionStatus;
[INFO] [stdout]    |             ^^ could not find `um` in `winapi`
[INFO] [stdout] 
[INFO] [stdout] 
[INFO] [stdout] error[E0433]: failed to resolve: could not find `um` in `winapi`
[INFO] [stdout]   --> src/ime.rs:11:13
[INFO] [stdout]    |
[INFO] [stdout] 11 | use winapi::um::imm::HIMC;
[INFO] [stdout]    |             ^^ could not find `um` in `winapi`
[INFO] [stdout] 
[INFO] [stdout] 
[INFO] [stdout] error[E0433]: failed to resolve: could not find `um` in `winapi`
[INFO] [stdout]   --> src/ime.rs:12:13
[INFO] [stdout]    |
[INFO] [stdout] 12 | use winapi::um::winuser::GetForegroundWindow;
[INFO] [stdout]    |             ^^ could not find `um` in `winapi`
[INFO] [stdout] 
[INFO] [stdout] 
[INFO] [stdout] error[E0433]: failed to resolve: could not find `shared` in `winapi`
[INFO] [stdout]   --> src/main.rs:22:13
[INFO] [stdout]    |
[INFO] [stdout] 22 | use winapi::shared::minwindef::DWORD;
[INFO] [stdout]    |             ^^^^^^ could not find `shared` in `winapi`
[INFO] [stdout] 
[INFO] [stdout] 
[INFO] [stdout] error[E0412]: cannot find type `HWND` in this scope
[INFO] [stdout]   --> src/ime.rs:22:21
[INFO] [stdout]    |
[INFO] [stdout] 22 | type WindowHandle = HWND;
[INFO] [stdout]    |                     ^^^^ not found in this scope
[INFO] [stdout] 
[INFO] [stdout] 
[INFO] [stdout] error[E0412]: cannot find type `HIMC` in this scope
[INFO] [stdout]   --> src/ime.rs:23:18
[INFO] [stdout]    |
[INFO] [stdout] 23 | type ImeHandle = HIMC;
[INFO] [stdout]    |                  ^^^^ not found in this scope
[INFO] [stdout] 
[INFO] [stdout] 
[INFO] [stdout] error[E0412]: cannot find type `DWORD` in this scope
[INFO] [stdout]   --> src/ime.rs:24:25
[INFO] [stdout]    |
[INFO] [stdout] 24 | type ConversionStatus = DWORD;
[INFO] [stdout]    |                         ^^^^^ not found in this scope
[INFO] [stdout] 
[INFO] [stdout] 
[INFO] [stdout] error[E0425]: cannot find function, tuple struct or tuple variant `GetForegroundWindow` in this scope
[INFO] [stdout]   --> src/ime.rs:29:29
[INFO] [stdout]    |
[INFO] [stdout] 29 |         let hwnd = unsafe { GetForegroundWindow() };
[INFO] [stdout]    |                             ^^^^^^^^^^^^^^^^^^^ not found in this scope
[INFO] [stdout] 
[INFO] [stdout] 
[INFO] [stdout] error[E0425]: cannot find function, tuple struct or tuple variant `ImmGetConversionStatus` in this scope
[INFO] [stdout]   --> src/ime.rs:37:24
[INFO] [stdout]    |
[INFO] [stdout] 37 |         match unsafe { ImmGetConversionStatus(self.handle, &mut c, &mut s) } {
[INFO] [stdout]    |                        ^^^^^^^^^^^^^^^^^^^^^^ not found in this scope
[INFO] [stdout] 
[INFO] [stdout] 
[INFO] [stdout] error[E0425]: cannot find function, tuple struct or tuple variant `ImmSetConversionStatus` in this scope
[INFO] [stdout]   --> src/ime.rs:46:24
[INFO] [stdout]    |
[INFO] [stdout] 46 |         match unsafe { ImmSetConversionStatus(self.handle, cs, 0) } {
[INFO] [stdout]    |                        ^^^^^^^^^^^^^^^^^^^^^^ not found in this scope
[INFO] [stdout] 
[INFO] [stdout] 
[INFO] [stdout] error[E0412]: cannot find type `HWND` in this scope
[INFO] [stdout]   --> src/ime.rs:53:31
[INFO] [stdout]    |
[INFO] [stdout] 53 |     fn for_window(win_handle: HWND) -> Self {
[INFO] [stdout]    |                               ^^^^ not found in this scope
[INFO] [stdout] 
[INFO] [stdout] 
[INFO] [stdout] error[E0425]: cannot find function, tuple struct or tuple variant `ImmGetContext` in this scope
[INFO] [stdout]   --> src/ime.rs:55:29
[INFO] [stdout]    |
[INFO] [stdout] 55 |         let himc = unsafe { ImmGetContext(win_handle) };
[INFO] [stdout]    |                             ^^^^^^^^^^^^^ not found in this scope
[INFO] [stdout] 
[INFO] [stdout] 
[INFO] [stdout] error[E0425]: cannot find function, tuple struct or tuple variant `ImmReleaseContext` in this scope
[INFO] [stdout]   --> src/ime.rs:67:24
[INFO] [stdout]    |
[INFO] [stdout] 67 |         match unsafe { ImmReleaseContext(self.win, self.handle) } {
[INFO] [stdout]    |                        ^^^^^^^^^^^^^^^^^ not found in this scope
[INFO] [stdout] 
[INFO] [stdout] 
[INFO] [stdout] error[E0412]: cannot find type `DWORD` in this scope
[INFO] [stdout]   --> src/main.rs:30:21
[INFO] [stdout]    |
[INFO] [stdout] 30 |         conversion: DWORD,
[INFO] [stdout]    |                     ^^^^^ not found in this scope
[INFO] [stdout] 
[INFO] [stdout] 
[INFO] [stdout] error[E0282]: type annotations needed
[INFO] [stdout]   --> src/main.rs:30:21
[INFO] [stdout]    |
[INFO] [stdout] 29 |         #[structopt()]
[INFO] [stdout]    |         - this method call resolves to `T`
[INFO] [stdout] 30 |         conversion: DWORD,
[INFO] [stdout]    |                     ^^^^^ cannot infer type for type parameter `U` declared on the associated function `map`
[INFO] [stdout] 
[INFO] [stdout] 
[INFO] [stdout] error: aborting due to 22 previous errors
[INFO] [stdout] 
[INFO] [stdout] 
[INFO] [stdout] Some errors have detailed explanations: E0282, E0412, E0425, E0433.
[INFO] [stdout] 
[INFO] [stdout] For more information about an error, try `rustc --explain E0282`.
[INFO] [stdout] 
[INFO] [stderr] error: could not compile `ime-conversion-vim` due to 23 previous errors
[INFO] running `Command { std: "docker" "inspect" "e14eb2d6a0bafebbac7ae1b23b833abce478180d3bf8688c7c56a034e963fc8d", kill_on_drop: false }`
[INFO] running `Command { std: "docker" "rm" "-f" "e14eb2d6a0bafebbac7ae1b23b833abce478180d3bf8688c7c56a034e963fc8d", kill_on_drop: false }`
[INFO] [stdout] e14eb2d6a0bafebbac7ae1b23b833abce478180d3bf8688c7c56a034e963fc8d
